000
CDUS43 KIND 250530
CLIHUF


CLIMATE REPORT
NATIONAL WEATHER SERVICE INDIANAPOLIS IN
130 AM EDT THU MAY 25 2017


...................................

...THE TERRE HAUTE IN CLIMATE SUMMARY FOR MAY 24 2017...

CLIMATE NORMAL PERIOD 1981 TO 2010
CLIMATE RECORD PERIOD 9999 TO 9999


WEATHER ITEM   OBSERVED TIME   NORMAL DEPARTURE LAST
                VALUE   (LST)  VALUE  FROM      YEAR
                                      NORMAL
......................................................
TEMPERATURE (F)
 YESTERDAY
  MAXIMUM         62    505 PM  77    -15       84
  MINIMUM         57   1158 PM  55      2       51
  AVERAGE         60            66     -6       68

PRECIPITATION (IN)
  YESTERDAY        0.30          0.21   0.09     0.00
  MONTH TO DATE    6.39          5.51   0.88     1.78
  SINCE MAR 1     18.21         13.03   5.18    11.20
  SINCE JAN 1     22.55         17.32   5.23    13.65

DEGREE DAYS
 HEATING
  YESTERDAY        5             3      2        0
  MONTH TO DATE  122           120      2      138
  SINCE MAR 1    904          1177   -273      955
  SINCE JUL 1   4239          5340  -1101     4417

 COOLING
  YESTERDAY        0             3     -3        3
  MONTH TO DATE   63            45     18       14
  SINCE MAR 1     93            60     33       23
  SINCE JAN 1     93            60     33       23
......................................................


WIND (MPH)
  HIGHEST WIND SPEED    15   HIGHEST WIND DIRECTION     N (340)
  HIGHEST GUST SPEED    21   HIGHEST GUST DIRECTION    NW (330)
  AVERAGE WIND SPEED     7.2


SKY COVER
  AVERAGE SKY COVER 1.0


WEATHER CONDITIONS
 THE FOLLOWING WEATHER WAS RECORDED YESTERDAY.
  RAIN
  LIGHT RAIN
  FOG


RELATIVE HUMIDITY (PERCENT)
 HIGHEST    90           100 PM
 LOWEST     72          1200 AM
 AVERAGE    81

..........................................................


THE TERRE HAUTE IN CLIMATE NORMALS FOR TODAY
                         NORMAL
 MAXIMUM TEMPERATURE (F)   77
 MINIMUM TEMPERATURE (F)   55


SUNRISE AND SUNSET
MAY 25 2017...........SUNRISE   628 AM EDT   SUNSET   905 PM EDT
MAY 26 2017...........SUNRISE   627 AM EDT   SUNSET   906 PM EDT


-  INDICATES NEGATIVE NUMBERS.
R  INDICATES RECORD WAS SET OR TIED.
MM INDICATES DATA IS MISSING.
T  INDICATES TRACE AMOUNT.




$$
