000
CDUS43 KIND 010641
CLIHUF


CLIMATE REPORT
NATIONAL WEATHER SERVICE INDIANAPOLIS IN
139 AM EST SUN FEB 1 2015


...................................

...THE TERRE HAUTE IN CLIMATE SUMMARY FOR JANUARY 31 2015...

CLIMATE NORMAL PERIOD 1981 TO 2010
CLIMATE RECORD PERIOD 9999 TO 9999


WEATHER ITEM   OBSERVED TIME   NORMAL DEPARTURE LAST
                VALUE   (LST)  VALUE  FROM      YEAR
                                      NORMAL
......................................................
TEMPERATURE (F)
 YESTERDAY
  MAXIMUM         40    318 PM  37      3       35
  MINIMUM         18    313 AM  21     -3       29
  AVERAGE         29            29      0       32

PRECIPITATION (IN)
  YESTERDAY        0.06          0.05   0.01      T
  MONTH TO DATE    1.73          2.36  -0.63     1.77
  SINCE DEC 1      4.51          5.41  -0.90     5.42
  SINCE JAN 1      1.73          2.36  -0.63     1.77

DEGREE DAYS
 HEATING
  YESTERDAY       36            36      0       33
  MONTH TO DATE 1155          1141     14     1334
  SINCE DEC 1   2088          2172    -84     2417
  SINCE JUL 1   3388          3250    138     3539

 COOLING
  YESTERDAY        0             0      0        0
  MONTH TO DATE    0             0      0        0
  SINCE DEC 1      0             0      0        0
  SINCE JAN 1      0             0      0        0
......................................................


WIND (MPH)
  HIGHEST WIND SPEED    14   HIGHEST WIND DIRECTION    SW (210)
  HIGHEST GUST SPEED    17   HIGHEST GUST DIRECTION    SW (210)
  AVERAGE WIND SPEED     4.9


SKY COVER
  AVERAGE SKY COVER 0.3


WEATHER CONDITIONS
 THE FOLLOWING WEATHER WAS RECORDED YESTERDAY.
  LIGHT RAIN
  LIGHT SNOW
  SLEET
  FOG


RELATIVE HUMIDITY (PERCENT)
 HIGHEST    89           900 PM
 LOWEST     54           200 PM
 AVERAGE    72

..........................................................


THE TERRE HAUTE IN CLIMATE NORMALS FOR TODAY
                         NORMAL
 MAXIMUM TEMPERATURE (F)   37
 MINIMUM TEMPERATURE (F)   21


SUNRISE AND SUNSET
FEBRUARY  1 2015......SUNRISE   757 AM EST   SUNSET   609 PM EST
FEBRUARY  2 2015......SUNRISE   756 AM EST   SUNSET   610 PM EST


-  INDICATES NEGATIVE NUMBERS.
R  INDICATES RECORD WAS SET OR TIED.
MM INDICATES DATA IS MISSING.
T  INDICATES TRACE AMOUNT.




$$
