000
CDUS41 KCAR 060532
CLIHUL


CLIMATE REPORT
NATIONAL WEATHER SERVICE CARIBOU, ME
131 AM EDT MON JUL 6 2015


...................................

...THE HOULTON ME CLIMATE SUMMARY FOR JULY 5 2015...

CLIMATE NORMAL PERIOD 1981 TO 2010
CLIMATE RECORD PERIOD 1948 TO 2015


WEATHER ITEM   OBSERVED TIME   RECORD YEAR NORMAL DEPARTURE LAST
                VALUE   (LST)  VALUE       VALUE  FROM      YEAR
                                                  NORMAL
..................................................................
TEMPERATURE (F)
 YESTERDAY
  MAXIMUM         79    158 PM  93    1983  77      2       62
                                      2000
  MINIMUM         50    249 AM  36    1982  53     -3       47
  AVERAGE         65                        65      0       55

PRECIPITATION (IN)
  YESTERDAY        0.00          2.69 2014   0.12  -0.12     2.69
  MONTH TO DATE    0.04                      0.63  -0.59     3.75
  SINCE JUN 1      4.06                      4.28  -0.22     8.01
  SINCE JAN 1     13.41                     18.91  -5.50    22.71

SNOWFALL (IN)
  YESTERDAY       MM             0.0  2003   0.0   MM       MM
  MONTH TO DATE   MM                         0.0   MM       MM
  SINCE JUN 1     MM                         0.0   MM       MM
  SINCE JUL 1     MM                         0.0   MM       MM
  SNOW DEPTH      MM

DEGREE DAYS
 HEATING
  YESTERDAY        0                         3     -3       10
  MONTH TO DATE   10                        15     -5       10
  SINCE JUN 1    247                       196     51      139
  SINCE JUL 1     10                        15     -5       10

 COOLING
  YESTERDAY        0                         3     -3        0
  MONTH TO DATE    0                        13    -13       42
  SINCE JUN 1     12                        48    -36       67
  SINCE JAN 1     37                        52    -15       68
..................................................................


WIND (MPH)
  HIGHEST WIND SPEED    15   HIGHEST WIND DIRECTION     W (270)
  HIGHEST GUST SPEED    20   HIGHEST GUST DIRECTION    NW (310)
  AVERAGE WIND SPEED     3.9


SKY COVER
  POSSIBLE SUNSHINE  MM
  AVERAGE SKY COVER 0.2


WEATHER CONDITIONS
 THE FOLLOWING WEATHER WAS RECORDED YESTERDAY.
  FOG


RELATIVE HUMIDITY (PERCENT)
 HIGHEST   100          1000 PM
 LOWEST     39          1200 PM
 AVERAGE    70

..........................................................


THE HOULTON ME CLIMATE NORMALS FOR TODAY
                         NORMAL    RECORD    YEAR
 MAXIMUM TEMPERATURE (F)   77        93      1976
 MINIMUM TEMPERATURE (F)   53        35      1969


SUNRISE AND SUNSET
JULY  6 2015..........SUNRISE   447 AM EDT   SUNSET   825 PM EDT
JULY  7 2015..........SUNRISE   448 AM EDT   SUNSET   824 PM EDT


-  INDICATES NEGATIVE NUMBERS.
R  INDICATES RECORD WAS SET OR TIED.
MM INDICATES DATA IS MISSING.
T  INDICATES TRACE AMOUNT.




$$
