000
CDUS41 KCAR 180531
CLIHUL


CLIMATE REPORT
NATIONAL WEATHER SERVICE CARIBOU, ME
1231 AM EST SAT NOV 18 2017


...................................

...THE HOULTON ME CLIMATE SUMMARY FOR NOVEMBER 17 2017...

CLIMATE NORMAL PERIOD 1981 TO 2010
CLIMATE RECORD PERIOD 1948 TO 2017


WEATHER ITEM   OBSERVED TIME   RECORD YEAR NORMAL DEPARTURE LAST
                VALUE   (LST)  VALUE       VALUE  FROM      YEAR
                                                  NORMAL
..................................................................
TEMPERATURE (F)
 YESTERDAY
  MAXIMUM         37    319 AM  64    2006  40     -3       50
  MINIMUM         25   1159 PM   7    1968  24      1       44
  AVERAGE         31                        32     -1       47

PRECIPITATION (IN)
  YESTERDAY        0.25          1.75 2002   0.14   0.11      T
  MONTH TO DATE    2.52                      2.30   0.22     0.94
  SINCE SEP 1     10.80                      9.36   1.44     4.37
  SINCE JAN 1     33.14                     34.98  -1.84    31.23

SNOWFALL (IN)
  YESTERDAY       MM             9.0  2002   0.2   MM       MM
  MONTH TO DATE   MM                         2.4   MM       MM
  SINCE SEP 1     MM                         3.1   MM       MM
  SINCE JUL 1     MM                         3.1   MM       MM
  SNOW DEPTH      MM

DEGREE DAYS
 HEATING
  YESTERDAY       34                        33      1       18
  MONTH TO DATE  533                       505     28      432
  SINCE SEP 1   1111                      1485   -374     1248
  SINCE JUL 1   1259                      1641   -382     1342

 COOLING
  YESTERDAY        0                         0      0        0
  MONTH TO DATE    0                         0      0        0
  SINCE SEP 1     35                        13     22       23
  SINCE JAN 1    211                       191     20      229
..................................................................


WIND (MPH)
  HIGHEST WIND SPEED    23   HIGHEST WIND DIRECTION    NW (310)
  HIGHEST GUST SPEED    37   HIGHEST GUST DIRECTION    NW (320)
  AVERAGE WIND SPEED    13.8


SKY COVER
  POSSIBLE SUNSHINE  MM
  AVERAGE SKY COVER 1.0


WEATHER CONDITIONS
 THE FOLLOWING WEATHER WAS RECORDED YESTERDAY.
  LIGHT RAIN
  LIGHT SNOW
  FOG


RELATIVE HUMIDITY (PERCENT)
 HIGHEST   100          1200 AM
 LOWEST     68          1100 PM
 AVERAGE    84

..........................................................


THE HOULTON ME CLIMATE NORMALS FOR TODAY
                         NORMAL    RECORD    YEAR
 MAXIMUM TEMPERATURE (F)   40        62      1987
 MINIMUM TEMPERATURE (F)   24         2      1943


SUNRISE AND SUNSET
NOVEMBER 18 2017......SUNRISE   636 AM EST   SUNSET   356 PM EST
NOVEMBER 19 2017......SUNRISE   638 AM EST   SUNSET   355 PM EST


-  INDICATES NEGATIVE NUMBERS.
R  INDICATES RECORD WAS SET OR TIED.
MM INDICATES DATA IS MISSING.
T  INDICATES TRACE AMOUNT.




$$
