207
CDUS41 KCAR 100659
CLIHUL


CLIMATE REPORT
NATIONAL WEATHER SERVICE CARIBOU, ME
159 AM EST SAT DEC 10 2016


...................................

...THE HOULTON ME CLIMATE SUMMARY FOR DECEMBER 9 2016...

CLIMATE NORMAL PERIOD 1981 TO 2010
CLIMATE RECORD PERIOD 1948 TO 2016


WEATHER ITEM   OBSERVED TIME   RECORD YEAR NORMAL DEPARTURE LAST
                VALUE   (LST)  VALUE       VALUE  FROM      YEAR
                                                  NORMAL
..................................................................
TEMPERATURE (F)
 YESTERDAY
  MAXIMUM         26   1139 AM  50    1974  31     -5       32
  MINIMUM         14   1159 PM -16    1970  14      0       18
  AVERAGE         20                        22     -2       25

PRECIPITATION (IN)
  YESTERDAY        T             1.03 1969   0.12  -0.12     0.00
  MONTH TO DATE    1.03                      1.08  -0.05     0.98
  SINCE DEC 1      1.03                      1.08  -0.05     0.98
  SINCE JAN 1     33.85                     37.77  -3.92    34.72

SNOWFALL (IN)
  YESTERDAY       MM             6.5  1970   0.5   MM       MM
  MONTH TO DATE   MM                         4.3   MM       MM
  SINCE DEC 1     MM                         4.3   MM       MM
  SINCE JUL 1     MM                        12.4   MM       MM
  SNOW DEPTH      MM

DEGREE DAYS
 HEATING
  YESTERDAY       45                        43      2       40
  MONTH TO DATE  381                       369     12      314
  SINCE DEC 1    381                       369     12      314
  SINCE JUL 1   2124                      2477   -353     2109

 COOLING
  YESTERDAY        0                         0      0        0
  MONTH TO DATE    0                         0      0        0
  SINCE DEC 1      0                         0      0        0
  SINCE JAN 1    229                       191     38      236
..................................................................


WIND (MPH)
  HIGHEST WIND SPEED    20   HIGHEST WIND DIRECTION     W (280)
  HIGHEST GUST SPEED    27   HIGHEST GUST DIRECTION     W (280)
  AVERAGE WIND SPEED     8.2


SKY COVER
  POSSIBLE SUNSHINE  MM
  AVERAGE SKY COVER 0.5


WEATHER CONDITIONS
 THE FOLLOWING WEATHER WAS RECORDED YESTERDAY.
  LIGHT SNOW


RELATIVE HUMIDITY (PERCENT)
 HIGHEST    88          1200 AM
 LOWEST     68          1100 AM
 AVERAGE    78

..........................................................


THE HOULTON ME CLIMATE NORMALS FOR TODAY
                         NORMAL    RECORD    YEAR
 MAXIMUM TEMPERATURE (F)   30        51      2008
                                             1973
 MINIMUM TEMPERATURE (F)   13       -21      1989


SUNRISE AND SUNSET
DECEMBER 10 2016......SUNRISE   703 AM EST   SUNSET   345 PM EST
DECEMBER 11 2016......SUNRISE   704 AM EST   SUNSET   345 PM EST


-  INDICATES NEGATIVE NUMBERS.
R  INDICATES RECORD WAS SET OR TIED.
MM INDICATES DATA IS MISSING.
T  INDICATES TRACE AMOUNT.




$$
