932
CDUS41 KCAR 130527
CLIHUL


CLIMATE REPORT
NATIONAL WEATHER SERVICE CARIBOU, ME
1226 AM EST SAT FEB 13 2016


...................................

...THE HOULTON ME CLIMATE SUMMARY FOR FEBRUARY 12 2016...

CLIMATE NORMAL PERIOD 1981 TO 2010
CLIMATE RECORD PERIOD 1948 TO 2016


WEATHER ITEM   OBSERVED TIME   RECORD YEAR NORMAL DEPARTURE LAST
                VALUE   (LST)  VALUE       VALUE  FROM      YEAR
                                                  NORMAL
..................................................................
TEMPERATURE (F)
 YESTERDAY
  MAXIMUM         10    330 PM  53    1981  26    -16        9
  MINIMUM        -17   1138 PM -27    1975   3    -20      -11
  AVERAGE         -3                        14    -17       -1

PRECIPITATION (IN)
  YESTERDAY        0.00          0.69 1952   0.07  -0.07      T
  MONTH TO DATE    0.56                      0.87  -0.31     0.12
  SINCE DEC 1      6.17                      7.02  -0.85     7.06
  SINCE JAN 1      1.98                      3.73  -1.75     1.56

SNOWFALL (IN)
  YESTERDAY       MM             7.1  1952   0.7   MM       MM
  MONTH TO DATE   MM                         7.9   MM       MM
  SINCE DEC 1     MM                        47.6   MM       MM
  SINCE JUL 1     MM                        55.7   MM       MM
  SNOW DEPTH      MM

DEGREE DAYS
 HEATING
  YESTERDAY       68                        51     17       66
  MONTH TO DATE  557                       626    -69      788
  SINCE DEC 1   3080                      3693   -613     3725
  SINCE JUL 1   4875                      5801   -926     5622

 COOLING
  YESTERDAY        0                         0      0        0
  MONTH TO DATE    0                         0      0        0
  SINCE DEC 1      0                         0      0        0
  SINCE JAN 1      0                         0      0        0
..................................................................


WIND (MPH)
  HIGHEST WIND SPEED    16   HIGHEST WIND DIRECTION    NW (300)
  HIGHEST GUST SPEED    23   HIGHEST GUST DIRECTION     W (280)
  AVERAGE WIND SPEED     6.7


SKY COVER
  POSSIBLE SUNSHINE  MM
  AVERAGE SKY COVER 0.1


WEATHER CONDITIONS
 THE FOLLOWING WEATHER WAS RECORDED YESTERDAY.
  NO SIGNIFICANT WEATHER WAS OBSERVED.


RELATIVE HUMIDITY (PERCENT)
 HIGHEST    81          1000 PM
 LOWEST     45           400 PM
 AVERAGE    63

..........................................................


THE HOULTON ME CLIMATE NORMALS FOR TODAY
                         NORMAL    RECORD    YEAR
 MAXIMUM TEMPERATURE (F)   26        46      1984
 MINIMUM TEMPERATURE (F)    3       -23      1975


SUNRISE AND SUNSET
FEBRUARY 13 2016......SUNRISE   638 AM EST   SUNSET   453 PM EST
FEBRUARY 14 2016......SUNRISE   636 AM EST   SUNSET   455 PM EST


-  INDICATES NEGATIVE NUMBERS.
R  INDICATES RECORD WAS SET OR TIED.
MM INDICATES DATA IS MISSING.
T  INDICATES TRACE AMOUNT.




$$
