000
CDUS41 KCAR 240535
CLIHUL


CLIMATE REPORT
NATIONAL WEATHER SERVICE CARIBOU, ME
132 AM EDT SUN SEP 24 2017


...................................

...THE HOULTON ME CLIMATE SUMMARY FOR SEPTEMBER 23 2017...

CLIMATE NORMAL PERIOD 1981 TO 2010
CLIMATE RECORD PERIOD 1948 TO 2017


WEATHER ITEM   OBSERVED TIME   RECORD YEAR NORMAL DEPARTURE LAST
                VALUE   (LST)  VALUE       VALUE  FROM      YEAR
                                                  NORMAL
..................................................................
TEMPERATURE (F)
 YESTERDAY
  MAXIMUM         84R   329 PM  84    1965  64     20       55
  MINIMUM         38    443 AM  24    2008  40     -2       34
  AVERAGE         61                        52      9       45

PRECIPITATION (IN)
  YESTERDAY        0.00          2.52 1967   0.12  -0.12     0.46
  MONTH TO DATE    1.71                      2.54  -0.83     0.99
  SINCE SEP 1      1.71                      2.54  -0.83     0.99
  SINCE JAN 1     24.05                     28.16  -4.11    27.85

SNOWFALL (IN)
  YESTERDAY       MM             0.0  2003   0.0   MM       MM
  MONTH TO DATE   MM                         0.0   MM       MM
  SINCE SEP 1     MM                         0.0   MM       MM
  SINCE JUL 1     MM                         0.0   MM       MM
  SNOW DEPTH      MM

DEGREE DAYS
 HEATING
  YESTERDAY        4                        13     -9       20
  MONTH TO DATE  105                       209   -104      112
  SINCE SEP 1    105                       209   -104      112
  SINCE JUL 1    253                       365   -112      206

 COOLING
  YESTERDAY        0                         0      0        0
  MONTH TO DATE   11                        12     -1       23
  SINCE SEP 1     11                        12     -1       23
  SINCE JAN 1    187                       190     -3      229
..................................................................


WIND (MPH)
  HIGHEST WIND SPEED    12   HIGHEST WIND DIRECTION     W (280)
  HIGHEST GUST SPEED    17   HIGHEST GUST DIRECTION     W (260)
  AVERAGE WIND SPEED     2.4


SKY COVER
  POSSIBLE SUNSHINE  MM
  AVERAGE SKY COVER 0.1


WEATHER CONDITIONS
 THE FOLLOWING WEATHER WAS RECORDED YESTERDAY.
  FOG


RELATIVE HUMIDITY (PERCENT)
 HIGHEST   100          1200 AM
 LOWEST     40          1100 AM
 AVERAGE    70

..........................................................


THE HOULTON ME CLIMATE NORMALS FOR TODAY
                         NORMAL    RECORD    YEAR
 MAXIMUM TEMPERATURE (F)   63        81      1958
 MINIMUM TEMPERATURE (F)   40        25      1995


SUNRISE AND SUNSET
SEPTEMBER 24 2017.....SUNRISE   621 AM EDT   SUNSET   624 PM EDT
SEPTEMBER 25 2017.....SUNRISE   622 AM EDT   SUNSET   622 PM EDT


-  INDICATES NEGATIVE NUMBERS.
R  INDICATES RECORD WAS SET OR TIED.
MM INDICATES DATA IS MISSING.
T  INDICATES TRACE AMOUNT.




$$
