000
CDUS41 KCAR 250528
CLIHUL


CLIMATE REPORT
NATIONAL WEATHER SERVICE CARIBOU, ME
127 AM EDT SAT OCT 25 2014


...................................

...THE HOULTON ME CLIMATE SUMMARY FOR OCTOBER 24 2014...

CLIMATE NORMAL PERIOD 1981 TO 2010
CLIMATE RECORD PERIOD 1948 TO 2014


WEATHER ITEM   OBSERVED TIME   RECORD YEAR NORMAL DEPARTURE LAST
                VALUE   (LST)  VALUE       VALUE  FROM      YEAR
                                                  NORMAL
..................................................................
TEMPERATURE (F)
 YESTERDAY
  MAXIMUM         45   1253 AM  74    1963  51     -6       43
  MINIMUM         40    639 PM  18    1947  31      9       26
  AVERAGE         43                        41      2       35

PRECIPITATION (IN)
  YESTERDAY        0.92          2.47 1990   0.12   0.80     0.00
  MONTH TO DATE    5.47                      2.81   2.66     2.08
  SINCE SEP 1      6.77                      6.21   0.56     8.14
  SINCE JAN 1     34.43                     31.83   2.60    35.67

SNOWFALL (IN)
  YESTERDAY       MM             0.5  1981   0.0   MM       MM
  MONTH TO DATE   MM                         0.4   MM       MM
  SINCE SEP 1     MM                         0.5   MM       MM
  SINCE JUL 1     MM                         0.5   MM       MM
  SNOW DEPTH      MM

DEGREE DAYS
 HEATING
  YESTERDAY       22                        24     -2       30
  MONTH TO DATE  376                       490   -114      393
  SINCE SEP 1    667                       802   -135      670
  SINCE JUL 1    752                       958   -206      803

 COOLING
  YESTERDAY        0                         0      0        0
  MONTH TO DATE    3                         0      3        0
  SINCE SEP 1     30                        13     17       19
  SINCE JAN 1    233                       191     42      198
..................................................................


WIND (MPH)
  HIGHEST WIND SPEED    17   HIGHEST WIND DIRECTION     N (360)
  HIGHEST GUST SPEED    25   HIGHEST GUST DIRECTION     N (350)
  AVERAGE WIND SPEED    10.0


SKY COVER
  POSSIBLE SUNSHINE  MM
  AVERAGE SKY COVER 1.0


WEATHER CONDITIONS
 THE FOLLOWING WEATHER WAS RECORDED YESTERDAY.
  HEAVY RAIN
  RAIN
  LIGHT RAIN
  FOG


RELATIVE HUMIDITY (PERCENT)
 HIGHEST    96           400 AM
 LOWEST     86           300 PM
 AVERAGE    91

..........................................................


THE HOULTON ME CLIMATE NORMALS FOR TODAY
                         NORMAL    RECORD    YEAR
 MAXIMUM TEMPERATURE (F)   50        76      1963
 MINIMUM TEMPERATURE (F)   31        18      1980


SUNRISE AND SUNSET
OCTOBER 25 2014.......SUNRISE   702 AM EDT   SUNSET   528 PM EDT
OCTOBER 26 2014.......SUNRISE   703 AM EDT   SUNSET   526 PM EDT


-  INDICATES NEGATIVE NUMBERS.
R  INDICATES RECORD WAS SET OR TIED.
MM INDICATES DATA IS MISSING.
T  INDICATES TRACE AMOUNT.




$$
