000
CDUS41 KCAR 290545
CLIHUL


CLIMATE REPORT
NATIONAL WEATHER SERVICE CARIBOU, ME
1245 AM EST MON DEC 29 2014


...................................

...THE HOULTON ME CLIMATE SUMMARY FOR DECEMBER 28 2014...

CLIMATE NORMAL PERIOD 1981 TO 2010
CLIMATE RECORD PERIOD 1948 TO 2014


WEATHER ITEM   OBSERVED TIME   RECORD YEAR NORMAL DEPARTURE LAST
                VALUE   (LST)  VALUE       VALUE  FROM      YEAR
                                                  NORMAL
..................................................................
TEMPERATURE (F)
 YESTERDAY
  MAXIMUM         40    312 PM  51    2011  25     15       32
                                      1982
  MINIMUM         30   1137 PM -22    1993   5     25       -4
  AVERAGE         35                        15     20       14

PRECIPITATION (IN)
  YESTERDAY        0.13          1.04 1961   0.09   0.04     0.00
  MONTH TO DATE    5.50                      3.02   2.48     2.13
  SINCE DEC 1      5.50                      3.02   2.48     2.13
  SINCE JAN 1     42.34                     39.71   2.63    42.08

SNOWFALL (IN)
  YESTERDAY       MM            10.0  1964   0.6   MM       MM
  MONTH TO DATE   MM                        14.3   MM       MM
  SINCE DEC 1     MM                        14.3   MM       MM
  SINCE JUL 1     MM                        22.4   MM       MM
  SNOW DEPTH       0

DEGREE DAYS
 HEATING
  YESTERDAY       30                        50    -20       51
  MONTH TO DATE 1070                      1259   -189     1391
  SINCE DEC 1   1070                      1259   -189     1391
  SINCE JUL 1   2967                      3367   -400     3392

 COOLING
  YESTERDAY        0                         0      0        0
  MONTH TO DATE    0                         0      0        0
  SINCE DEC 1      0                         0      0        0
  SINCE JAN 1    233                       191     42      198
..................................................................


WIND (MPH)
  HIGHEST WIND SPEED    17   HIGHEST WIND DIRECTION     W (280)
  HIGHEST GUST SPEED    27   HIGHEST GUST DIRECTION     W (280)
  AVERAGE WIND SPEED     9.0


SKY COVER
  POSSIBLE SUNSHINE  MM
  AVERAGE SKY COVER 0.9


WEATHER CONDITIONS
 THE FOLLOWING WEATHER WAS RECORDED YESTERDAY.
  RAIN
  LIGHT RAIN
  FOG


RELATIVE HUMIDITY (PERCENT)
 HIGHEST    92           500 AM
 LOWEST     54          1100 PM
 AVERAGE    73

..........................................................


THE HOULTON ME CLIMATE NORMALS FOR TODAY
                         NORMAL    RECORD    YEAR
 MAXIMUM TEMPERATURE (F)   25        52      1982
 MINIMUM TEMPERATURE (F)    5       -32      1989


SUNRISE AND SUNSET
DECEMBER 29 2014......SUNRISE   713 AM EST   SUNSET   353 PM EST
DECEMBER 30 2014......SUNRISE   713 AM EST   SUNSET   354 PM EST


-  INDICATES NEGATIVE NUMBERS.
R  INDICATES RECORD WAS SET OR TIED.
MM INDICATES DATA IS MISSING.
T  INDICATES TRACE AMOUNT.




$$
