000
CDUS41 KCAR 300546
CLIHUL


CLIMATE REPORT
NATIONAL WEATHER SERVICE CARIBOU, ME
132 AM EDT SAT APR 30 2016


...................................

...THE HOULTON ME CLIMATE SUMMARY FOR APRIL 29 2016...

CLIMATE NORMAL PERIOD 1981 TO 2010
CLIMATE RECORD PERIOD 1948 TO 2016


WEATHER ITEM   OBSERVED TIME   RECORD YEAR NORMAL DEPARTURE LAST
                VALUE   (LST)  VALUE       VALUE  FROM      YEAR
                                                  NORMAL
..................................................................
TEMPERATURE (F)
 YESTERDAY
  MAXIMUM         53    430 PM  73    1984  57     -4       50
  MINIMUM         15    456 AM  10    1947  33    -18       40
  AVERAGE         34                        45    -11       45

PRECIPITATION (IN)
  YESTERDAY        0.00          1.55 2008   0.14  -0.14      T
  MONTH TO DATE    2.76                      3.74  -0.98     2.63
  SINCE MAR 1      6.76                      6.33   0.43     3.34
  SINCE JAN 1     11.72                     11.19   0.53     5.44

SNOWFALL (IN)
  YESTERDAY       MM             2.2  1997   0.0   MM       MM
  MONTH TO DATE    0.0                       5.9   -5.9     MM
  SINCE MAR 1      0.0                      23.7  -23.7     MM
  SINCE JUL 1      0.0                      89.3  -89.3     MM
  SNOW DEPTH      MM

DEGREE DAYS
 HEATING
  YESTERDAY       31                        20     11       20
  MONTH TO DATE  826                       758     68      817
  SINCE MAR 1   2003                      1981     22     2213
  SINCE JUL 1   7621                      8554   -933     8781

 COOLING
  YESTERDAY        0                         0      0        0
  MONTH TO DATE    0                         0      0        0
  SINCE MAR 1      0                         0      0        0
  SINCE JAN 1      0                         0      0        0
..................................................................


WIND (MPH)
  HIGHEST WIND SPEED    15   HIGHEST WIND DIRECTION     W (270)
  HIGHEST GUST SPEED    20   HIGHEST GUST DIRECTION    SW (240)
  AVERAGE WIND SPEED     3.2


SKY COVER
  POSSIBLE SUNSHINE  MM
  AVERAGE SKY COVER 0.0


WEATHER CONDITIONS
 THE FOLLOWING WEATHER WAS RECORDED YESTERDAY.
  NO SIGNIFICANT WEATHER WAS OBSERVED.


RELATIVE HUMIDITY (PERCENT)
 HIGHEST    80           300 AM
 LOWEST     13           400 PM
 AVERAGE    47

..........................................................


THE HOULTON ME CLIMATE NORMALS FOR TODAY
                         NORMAL    RECORD    YEAR
 MAXIMUM TEMPERATURE (F)   58        85      2004
 MINIMUM TEMPERATURE (F)   34        19      1975


SUNRISE AND SUNSET
APRIL 30 2016.........SUNRISE   519 AM EDT   SUNSET   739 PM EDT
MAY  1 2016...........SUNRISE   517 AM EDT   SUNSET   740 PM EDT


-  INDICATES NEGATIVE NUMBERS.
R  INDICATES RECORD WAS SET OR TIED.
MM INDICATES DATA IS MISSING.
T  INDICATES TRACE AMOUNT.




$$
