000
CDUS41 KCAR 160526
CLIHUL


CLIMATE REPORT
NATIONAL WEATHER SERVICE CARIBOU, ME
126 AM EDT WED APR 16 2014


...................................

...THE HOULTON ME CLIMATE SUMMARY FOR APRIL 15 2014...

CLIMATE NORMAL PERIOD 1981 TO 2010
CLIMATE RECORD PERIOD 1948 TO 2014


WEATHER ITEM   OBSERVED TIME   RECORD YEAR NORMAL DEPARTURE LAST
                VALUE   (LST)  VALUE       VALUE  FROM      YEAR
                                                  NORMAL
..................................................................
TEMPERATURE (F)
 YESTERDAY
  MAXIMUM         58   1116 AM  72    2012  50      8       51
  MINIMUM         42   1159 PM  14    1981  28     14       29
  AVERAGE         50                        39     11       40

PRECIPITATION (IN)
  YESTERDAY        0.46          0.74 2006   0.13   0.33     0.00
  MONTH TO DATE    1.94                      1.92   0.02     0.88
  SINCE MAR 1      4.42                      4.51  -0.09     2.65
  SINCE JAN 1     10.00                      9.37   0.63     5.05

SNOWFALL (IN)
  YESTERDAY       MM             0.7  1971   0.2   MM       MM
  MONTH TO DATE    0.0                       4.1   -4.1     MM
  SINCE MAR 1      0.0                      21.9  -21.9     MM
  SINCE JUL 1      0.0                      87.5  -87.5     MM
  SNOW DEPTH      MM

DEGREE DAYS
 HEATING
  YESTERDAY       15                        26    -11       25
  MONTH TO DATE  401                       441    -40      483
  SINCE MAR 1   1902                      1664    238     1558
  SINCE JUL 1   8492                      8237    255     7663

 COOLING
  YESTERDAY        0                         0      0        0
  MONTH TO DATE    0                         0      0        0
  SINCE MAR 1      0                         0      0        0
  SINCE JAN 1      0                         0      0        0
..................................................................


WIND (MPH)
  HIGHEST WIND SPEED    18   HIGHEST WIND DIRECTION     S (180)
  HIGHEST GUST SPEED    32   HIGHEST GUST DIRECTION     S (180)
  AVERAGE WIND SPEED    11.4


SKY COVER
  POSSIBLE SUNSHINE  MM
  AVERAGE SKY COVER 0.8


WEATHER CONDITIONS
 THE FOLLOWING WEATHER WAS RECORDED YESTERDAY.
  HEAVY RAIN
  RAIN
  LIGHT RAIN
  FOG


RELATIVE HUMIDITY (PERCENT)
 HIGHEST    93           800 AM
 LOWEST     77          1200 AM
 AVERAGE    85

..........................................................


THE HOULTON ME CLIMATE NORMALS FOR TODAY
                         NORMAL    RECORD    YEAR
 MAXIMUM TEMPERATURE (F)   50        73      2012
 MINIMUM TEMPERATURE (F)   29         8      1981


SUNRISE AND SUNSET
APRIL 16 2014.........SUNRISE   543 AM EDT   SUNSET   720 PM EDT
APRIL 17 2014.........SUNRISE   541 AM EDT   SUNSET   721 PM EDT


-  INDICATES NEGATIVE NUMBERS.
R  INDICATES RECORD WAS SET OR TIED.
MM INDICATES DATA IS MISSING.
T  INDICATES TRACE AMOUNT.




$$
