000
CDUS45 KTFX 070928
CLIHVR


CLIMATE REPORT
NATIONAL WEATHER SERVICE GREAT FALLS MT
228 AM MST SUN FEB 7 2016


...................................

...THE HAVRE MT CLIMATE SUMMARY FOR FEBRUARY 6 2016...

CLIMATE NORMAL PERIOD 1981 TO 2010
CLIMATE RECORD PERIOD 1880 TO 2016


WEATHER ITEM   OBSERVED TIME   RECORD YEAR NORMAL DEPARTURE LAST
                VALUE   (LST)  VALUE       VALUE  FROM      YEAR
                                                  NORMAL
..................................................................
TEMPERATURE (F)
 YESTERDAY
  MAXIMUM         47   1152 AM  63    1987  31     16       52
  MINIMUM         34   1159 PM -43    1914   9     25       24
  AVERAGE         41                        20     21       38

PRECIPITATION (IN)
  YESTERDAY        T             0.40 1900   0.01  -0.01     0.00
  MONTH TO DATE    T                         0.05  -0.05     0.22
  SINCE OCT 1      2.29                      1.79   0.50     3.09
  SINCE JAN 1      0.36                      0.38  -0.02     1.52

SNOWFALL (IN)
  YESTERDAY        0.0           6.2  1994   0.2   -0.2      0.0
  MONTH TO DATE    T                         1.1   -1.1      5.0
  SINCE DEC 1     10.8                      15.6   -4.8     15.8
  SINCE JUL 1     13.8                      23.2   -9.4     20.4
  SNOW DEPTH       0

DEGREE DAYS
 HEATING
  YESTERDAY       24                        45    -21       27
  MONTH TO DATE  199                       270    -71      319
  SINCE DEC 1   2906                      3150   -244     2931
  SINCE JUL 1   4759                      5193   -434     4868

 COOLING
  YESTERDAY        0                         0      0        0
  MONTH TO DATE    0                         0      0        0
  SINCE DEC 1      0                         0      0        0
  SINCE JAN 1      0                         0      0        0
..................................................................


WIND (MPH)
  HIGHEST WIND SPEED    53   HIGHEST WIND DIRECTION     W (270)
  HIGHEST GUST SPEED    64   HIGHEST GUST DIRECTION     W (260)
  AVERAGE WIND SPEED    24.9


SKY COVER
  AVERAGE SKY COVER 0.6


WEATHER CONDITIONS
 THE FOLLOWING WEATHER WAS RECORDED YESTERDAY.
  LIGHT RAIN


RELATIVE HUMIDITY (PERCENT)
 HIGHEST    76           500 PM
 LOWEST     31          1200 PM
 AVERAGE    54

..........................................................


THE HAVRE MT CLIMATE NORMALS FOR TODAY
                         NORMAL    RECORD    YEAR
 MAXIMUM TEMPERATURE (F)   32        62      1954
 MINIMUM TEMPERATURE (F)    9       -40      1994


SUNRISE AND SUNSET
FEBRUARY  7 2016......SUNRISE   740 AM MST   SUNSET   527 PM MST
FEBRUARY  8 2016......SUNRISE   739 AM MST   SUNSET   528 PM MST


-  INDICATES NEGATIVE NUMBERS.
R  INDICATES RECORD WAS SET OR TIED.
MM INDICATES DATA IS MISSING.
T  INDICATES TRACE AMOUNT.




$$
