000
CDUS45 KTFX 242230
CLIHVR


CLIMATE REPORT
NATIONAL WEATHER SERVICE GREAT FALLS MT
430 PM MDT TUE MAY 24 2016


...................................

...THE HAVRE MT CLIMATE SUMMARY FOR MAY 24 2016...
VALID TODAY AS OF 0400 PM LOCAL TIME.

CLIMATE NORMAL PERIOD 1981 TO 2010
CLIMATE RECORD PERIOD 1880 TO 2016


WEATHER ITEM   OBSERVED TIME   RECORD YEAR NORMAL DEPARTURE LAST
                VALUE   (LST)  VALUE       VALUE  FROM      YEAR
                                                  NORMAL
..................................................................
TEMPERATURE (F)
 TODAY
  MAXIMUM         59    253 PM  96    2001  70    -11       76
  MINIMUM         46    545 AM  30    2000  44      2       40
  AVERAGE         53                        57     -4       58

PRECIPITATION (IN)
  TODAY            0.04          1.31 1953   0.07  -0.03      T
  MONTH TO DATE    2.91                      1.26   1.65     1.04
  SINCE OCT 1      9.25                      4.66   4.59     5.10
  SINCE JAN 1      7.32                      3.25   4.07     3.53

SNOWFALL (IN)
  TODAY           MM             6.0  1904   0.0   MM        0.0
  MONTH TO DATE    0.0                       1.4   -1.4      0.0
  SINCE MAR 1      3.0                      10.7   -7.7      0.2
  SINCE JUL 1     17.3                      38.6  -21.3     20.8

DEGREE DAYS
 HEATING
  TODAY           12                         9      3        7
  MONTH TO DATE  291                       296     -5      352
  SINCE MAR 1   1585                      1913   -328     1692
  SINCE JUL 1   7010                      8033  -1023     7360

 COOLING
  TODAY            0                         0      0        0
  MONTH TO DATE    1                         0      1        0
  SINCE MAR 1      1                         1      0        0
  SINCE JAN 1      1                         1      0        0
..................................................................


WIND (MPH)
  HIGHEST WIND SPEED    14   HIGHEST WIND DIRECTION    NW (330)
  HIGHEST GUST SPEED    17   HIGHEST GUST DIRECTION     W (280)
  AVERAGE WIND SPEED     9.3


SKY COVER
  AVERAGE SKY COVER 1.0


WEATHER CONDITIONS
 THE FOLLOWING WEATHER WAS RECORDED TODAY.
  LIGHT RAIN
  FOG


RELATIVE HUMIDITY (PERCENT)
 HIGHEST    93          1000 AM
 LOWEST     57           300 PM
 AVERAGE    75

..........................................................


THE HAVRE MT CLIMATE NORMALS FOR TOMORROW
                         NORMAL    RECORD    YEAR
 MAXIMUM TEMPERATURE (F)   70        94      1928
 MINIMUM TEMPERATURE (F)   44        29      1918
                                             1893


SUNRISE AND SUNSET
MAY 24 2016...........SUNRISE   528 AM MDT   SUNSET   905 PM MDT
MAY 25 2016...........SUNRISE   527 AM MDT   SUNSET   906 PM MDT


-  INDICATES NEGATIVE NUMBERS.
R  INDICATES RECORD WAS SET OR TIED.
MM INDICATES DATA IS MISSING.
T  INDICATES TRACE AMOUNT.




$$
