000
CDUS45 KTFX 221116
CLIHVR


CLIMATE REPORT
NATIONAL WEATHER SERVICE GREAT FALLS MT
415 AM MST WED NOV 22 2017


...................................

...THE HAVRE MT CLIMATE SUMMARY FOR NOVEMBER 21 2017...

CLIMATE NORMAL PERIOD 1981 TO 2010
CLIMATE RECORD PERIOD 1880 TO 2017


WEATHER ITEM   OBSERVED TIME   RECORD YEAR NORMAL DEPARTURE LAST
                VALUE   (LST)  VALUE       VALUE  FROM      YEAR
                                                  NORMAL
..................................................................
TEMPERATURE (F)
 YESTERDAY
  MAXIMUM         30    252 PM  68    1974  38     -8       55
  MINIMUM         16    612 AM -27    1996  17     -1       27
                                      1900
                                      1896
  AVERAGE         23                        28     -5       41

PRECIPITATION (IN)
  YESTERDAY        0.00          0.56 1886   0.02  -0.02     0.00
  MONTH TO DATE    0.37                      0.32   0.05      T
  SINCE OCT 1      2.29                      0.90   1.39     3.52
  SINCE JAN 1      6.85                     10.69  -3.84    18.81

SNOWFALL (IN)
  YESTERDAY        0.0           5.3  1955   0.2   -0.2      0.0
  MONTH TO DATE    4.5                       3.4    1.1       T
  SINCE SEP 1     17.5                       5.7   11.8      5.5
  SINCE JUL 1     17.5                       5.7   11.8      5.5
  SNOW DEPTH       T

DEGREE DAYS
 HEATING
  YESTERDAY       42                        37      5       24
  MONTH TO DATE  898                       687    211      429
  SINCE SEP 1   1847                      1603    244     1381
  SINCE JUL 1   1859                      1686    173     1442

 COOLING
  YESTERDAY        0                         0      0        0
  MONTH TO DATE    0                         0      0        0
  SINCE SEP 1     39                        20     19       20
  SINCE JAN 1    526                       387    139      344
..................................................................


WIND (MPH)
  HIGHEST WIND SPEED    14   HIGHEST WIND DIRECTION    NE (60)
  HIGHEST GUST SPEED    16   HIGHEST GUST DIRECTION    NE (60)
  AVERAGE WIND SPEED     6.7


SKY COVER
  AVERAGE SKY COVER 0.5


WEATHER CONDITIONS
 THE FOLLOWING WEATHER WAS RECORDED YESTERDAY.
  NO SIGNIFICANT WEATHER WAS OBSERVED.


RELATIVE HUMIDITY (PERCENT)
 HIGHEST    77          1100 PM
 LOWEST     53           200 PM
 AVERAGE    65

..........................................................


THE HAVRE MT CLIMATE NORMALS FOR TODAY
                         NORMAL    RECORD    YEAR
 MAXIMUM TEMPERATURE (F)   38        70      1954
 MINIMUM TEMPERATURE (F)   16       -30      1985


SUNRISE AND SUNSET
NOVEMBER 22 2017......SUNRISE   738 AM MST   SUNSET   432 PM MST
NOVEMBER 23 2017......SUNRISE   740 AM MST   SUNSET   431 PM MST


-  INDICATES NEGATIVE NUMBERS.
R  INDICATES RECORD WAS SET OR TIED.
MM INDICATES DATA IS MISSING.
T  INDICATES TRACE AMOUNT.




$$
