000
CDUS45 KTFX 292232
CLIHVR


CLIMATE REPORT
NATIONAL WEATHER SERVICE GREAT FALLS MT
430 PM MDT FRI JUL 29 2016


...................................

...THE HAVRE MT CLIMATE SUMMARY FOR JULY 29 2016...
VALID TODAY AS OF 0400 PM LOCAL TIME.

CLIMATE NORMAL PERIOD 1981 TO 2010
CLIMATE RECORD PERIOD 1880 TO 2016


WEATHER ITEM   OBSERVED TIME   RECORD YEAR NORMAL DEPARTURE LAST
                VALUE   (LST)  VALUE       VALUE  FROM      YEAR
                                                  NORMAL
..................................................................
TEMPERATURE (F)
 TODAY
  MAXIMUM         87    258 PM 102    1999  88     -1       84
                                      1936
  MINIMUM         61    556 AM  39    1892  55      6       51
  AVERAGE         74                        71      3       68

PRECIPITATION (IN)
  TODAY            T             0.38 1915   0.04  -0.04     0.00
  MONTH TO DATE    2.43                      1.57   0.86     3.27
  SINCE OCT 1     14.18                      8.90   5.28     9.40
  SINCE JAN 1     12.25                      7.49   4.76     7.83

SNOWFALL (IN)
  TODAY            0.0           0.0  2000   0.0    0.0      0.0
                                      2001
                                      1998
  MONTH TO DATE    0.0                       0.0    0.0       T
  SINCE JUN 1      0.0                       0.0    0.0       T
  SINCE JUL 1      0.0                       0.0    0.0       T

DEGREE DAYS
 HEATING
  TODAY            0                         0      0        0
  MONTH TO DATE   19                        29    -10       25
  SINCE JUN 1    104                       162    -58       82
  SINCE JUL 1     19                        29    -10       25

 COOLING
  TODAY            9                         7      2        3
  MONTH TO DATE  133                       149    -16      140
  SINCE JUN 1    187                       197    -10      250
  SINCE JAN 1    188                       208    -20      250
..................................................................


WIND (MPH)
  HIGHEST WIND SPEED    13   HIGHEST WIND DIRECTION    NW (310)
  HIGHEST GUST SPEED    17   HIGHEST GUST DIRECTION    NW (310)
  AVERAGE WIND SPEED     6.0


SKY COVER
  AVERAGE SKY COVER 0.4


WEATHER CONDITIONS
 THE FOLLOWING WEATHER WAS RECORDED TODAY.
  NO SIGNIFICANT WEATHER WAS OBSERVED.


RELATIVE HUMIDITY (PERCENT)
 HIGHEST    97           500 AM
 LOWEST     29           300 PM
 AVERAGE    63

..........................................................


THE HAVRE MT CLIMATE NORMALS FOR TOMORROW
                         NORMAL    RECORD    YEAR
 MAXIMUM TEMPERATURE (F)   88       102      1926
 MINIMUM TEMPERATURE (F)   55        40      2009


SUNRISE AND SUNSET
JULY 29 2016..........SUNRISE   550 AM MDT   SUNSET   900 PM MDT
JULY 30 2016..........SUNRISE   552 AM MDT   SUNSET   858 PM MDT


-  INDICATES NEGATIVE NUMBERS.
R  INDICATES RECORD WAS SET OR TIED.
MM INDICATES DATA IS MISSING.
T  INDICATES TRACE AMOUNT.




$$
