000
CDUS45 KTFX 291015
CLIHVR


CLIMATE REPORT
NATIONAL WEATHER SERVICE GREAT FALLS MT
413 AM MDT FRI AUG 29 2014


...................................

...THE HAVRE MT CLIMATE SUMMARY FOR AUGUST 28 2014...

CLIMATE NORMAL PERIOD 1981 TO 2010
CLIMATE RECORD PERIOD 1880 TO 2014


WEATHER ITEM   OBSERVED TIME   RECORD YEAR NORMAL DEPARTURE LAST
                VALUE   (LST)  VALUE       VALUE  FROM      YEAR
                                                  NORMAL
..................................................................
TEMPERATURE (F)
 YESTERDAY
  MAXIMUM         85    436 PM  99    2012  80      5       95
  MINIMUM         54    511 AM  34    1911  48      6       55
  AVERAGE         70                        64      6       75

PRECIPITATION (IN)
  YESTERDAY        0.00          0.50 1975   0.04  -0.04      T
  MONTH TO DATE    2.65                      1.01   1.64     1.05
  SINCE OCT 1     11.30                      9.98   1.32    17.49
  SINCE JAN 1      9.29                      8.57   0.72    15.01

SNOWFALL (IN)
  YESTERDAY        0.0           0.0  1999   0.0    0.0      0.0
                                      1998
  MONTH TO DATE    0.0                       0.0    0.0      0.0
  SINCE JUN 1      0.0                       0.0    0.0      0.0
  SINCE JUL 1      0.0                       0.0    0.0      0.0
  SNOW DEPTH       0

DEGREE DAYS
 HEATING
  YESTERDAY        0                         3     -3        0
  MONTH TO DATE   42                        42      0        8
  SINCE JUN 1    217                       205     12      129
  SINCE JUL 1     42                        72    -30       16

 COOLING
  YESTERDAY        5                         2      3       10
  MONTH TO DATE  174                       141     33      163
  SINCE JUN 1    381                       351     30      352
  SINCE JAN 1    388                       362     26      359
..................................................................


WIND (MPH)
  HIGHEST WIND SPEED    40   HIGHEST WIND DIRECTION     N (360)
  HIGHEST GUST SPEED    51   HIGHEST GUST DIRECTION     N (350)
  AVERAGE WIND SPEED     9.7


SKY COVER
  AVERAGE SKY COVER 0.2


WEATHER CONDITIONS
 THE FOLLOWING WEATHER WAS RECORDED YESTERDAY.
  NO SIGNIFICANT WEATHER WAS OBSERVED.


RELATIVE HUMIDITY (PERCENT)
 HIGHEST    89           500 AM
 LOWEST     31           500 PM
 AVERAGE    60

..........................................................


THE HAVRE MT CLIMATE NORMALS FOR TODAY
                         NORMAL    RECORD    YEAR
 MAXIMUM TEMPERATURE (F)   79       102      2005
 MINIMUM TEMPERATURE (F)   48        37      2000
                                             1946
                                             1937


SUNRISE AND SUNSET
AUGUST 29 2014........SUNRISE   632 AM MDT   SUNSET   807 PM MDT
AUGUST 30 2014........SUNRISE   634 AM MDT   SUNSET   805 PM MDT


-  INDICATES NEGATIVE NUMBERS.
R  INDICATES RECORD WAS SET OR TIED.
MM INDICATES DATA IS MISSING.
T  INDICATES TRACE AMOUNT.




$$
