000
CDUS45 KTFX 191045
CLIHVR


CLIMATE REPORT
NATIONAL WEATHER SERVICE GREAT FALLS MT
344 AM MST THU JAN 19 2017


...................................

...THE HAVRE MT CLIMATE SUMMARY FOR JANUARY 18 2017...

CLIMATE NORMAL PERIOD 1981 TO 2010
CLIMATE RECORD PERIOD 1880 TO 2017


WEATHER ITEM   OBSERVED TIME   RECORD YEAR NORMAL DEPARTURE LAST
                VALUE   (LST)  VALUE       VALUE  FROM      YEAR
                                                  NORMAL
..................................................................
TEMPERATURE (F)
 YESTERDAY
  MAXIMUM         46    519 PM  61    1900  29     17       20
  MINIMUM         33   1159 PM -36    1883   7     26       -3
  AVERAGE         40                        18     22        9

PRECIPITATION (IN)
  YESTERDAY        0.00          0.32 1918   0.01  -0.01     0.00
  MONTH TO DATE    0.54                      0.22   0.32     0.33
  SINCE OCT 1      4.53                      1.63   2.90     2.26
  SINCE JAN 1      0.54                      0.22   0.32     0.33

SNOWFALL (IN)
  YESTERDAY        0.0           3.3  1918   0.2   -0.2      0.0
  MONTH TO DATE    6.0                       4.7    1.3      5.4
  SINCE DEC 1     13.2                      12.1    1.1     10.8
  SINCE JUL 1     18.7                      19.7   -1.0     13.8
  SNOW DEPTH       4

DEGREE DAYS
 HEATING
  YESTERDAY       25                        47    -22       56
  MONTH TO DATE 1063                       857    206      945
  SINCE DEC 1   2629                      2280    349     2254
  SINCE JUL 1   4376                      4323     53     4107

 COOLING
  YESTERDAY        0                         0      0        0
  MONTH TO DATE    0                         0      0        0
  SINCE DEC 1      0                         0      0        0
  SINCE JAN 1      0                         0      0        0
..................................................................


WIND (MPH)
  HIGHEST WIND SPEED    25   HIGHEST WIND DIRECTION    SW (230)
  HIGHEST GUST SPEED    28   HIGHEST GUST DIRECTION    SW (230)
  AVERAGE WIND SPEED    12.5


SKY COVER
  AVERAGE SKY COVER 0.0


WEATHER CONDITIONS
 THE FOLLOWING WEATHER WAS RECORDED YESTERDAY.
  NO SIGNIFICANT WEATHER WAS OBSERVED.


RELATIVE HUMIDITY (PERCENT)
 HIGHEST    82           800 PM
 LOWEST     58          1200 PM
 AVERAGE    70

..........................................................


THE HAVRE MT CLIMATE NORMALS FOR TODAY
                         NORMAL    RECORD    YEAR
 MAXIMUM TEMPERATURE (F)   29        63      1944
 MINIMUM TEMPERATURE (F)    8       -43      1883


SUNRISE AND SUNSET
JANUARY 19 2017.......SUNRISE   802 AM MST   SUNSET   458 PM MST
JANUARY 20 2017.......SUNRISE   802 AM MST   SUNSET   459 PM MST


-  INDICATES NEGATIVE NUMBERS.
R  INDICATES RECORD WAS SET OR TIED.
MM INDICATES DATA IS MISSING.
T  INDICATES TRACE AMOUNT.




$$
