000
CDUS45 KTFX 102330
CLIHVR


CLIMATE REPORT
NATIONAL WEATHER SERVICE GREAT FALLS MT
430 PM MST SAT DEC 10 2016


...................................

...THE HAVRE MT CLIMATE SUMMARY FOR DECEMBER 10 2016...
VALID TODAY AS OF 0400 PM LOCAL TIME.

CLIMATE NORMAL PERIOD 1981 TO 2010
CLIMATE RECORD PERIOD 1880 TO 2016


WEATHER ITEM   OBSERVED TIME   RECORD YEAR NORMAL DEPARTURE LAST
                VALUE   (LST)  VALUE       VALUE  FROM      YEAR
                                                  NORMAL
..................................................................
TEMPERATURE (F)
 TODAY
  MAXIMUM          6    359 PM  66    1939  31    -25       41
  MINIMUM          1    141 AM -28    1919   9     -8       24
  AVERAGE          4                        20    -16       33

PRECIPITATION (IN)
  TODAY            0.12          0.34 1953   0.01   0.11     0.11
  MONTH TO DATE    0.19                      0.12   0.07     0.14
  SINCE OCT 1      3.71                      1.13   2.58     1.65
  SINCE JAN 1     19.00                     10.92   8.08    11.89

SNOWFALL (IN)
  TODAY           MM             5.8  1933   0.2   MM        1.0
  MONTH TO DATE    0.9                       2.1   -1.2      1.0
  SINCE DEC 1      0.9                       2.1   -1.2      1.0
  SINCE JUL 1      6.4                       9.7   -3.3      4.0

DEGREE DAYS
 HEATING
  TODAY           61                        45     16       32
  MONTH TO DATE  512                       435     77      284
  SINCE DEC 1    512                       435     77      284
  SINCE JUL 1   2259                      2478   -219     2137

 COOLING
  TODAY            0                         0      0        0
  MONTH TO DATE    0                         0      0        0
  SINCE DEC 1      0                         0      0        0
  SINCE JAN 1    344                       387    -43      418
..................................................................


WIND (MPH)
  HIGHEST WIND SPEED    20   HIGHEST WIND DIRECTION     E (80)
  HIGHEST GUST SPEED    23   HIGHEST GUST DIRECTION     E (70)
  AVERAGE WIND SPEED    11.5


SKY COVER
  AVERAGE SKY COVER 1.0


WEATHER CONDITIONS
 THE FOLLOWING WEATHER WAS RECORDED TODAY.
  SNOW
  LIGHT SNOW
  FOG
  FOG W/VISIBILITY <= 1/4 MILE
  HAZE


RELATIVE HUMIDITY (PERCENT)
 HIGHEST    87          1200 AM
 LOWEST     80          1000 AM
 AVERAGE    84

..........................................................


THE HAVRE MT CLIMATE NORMALS FOR TOMORROW
                         NORMAL    RECORD    YEAR
 MAXIMUM TEMPERATURE (F)   31        65      1939
 MINIMUM TEMPERATURE (F)    9       -35      1961


SUNRISE AND SUNSET
DECEMBER 10 2016......SUNRISE   801 AM MST   SUNSET   424 PM MST
DECEMBER 11 2016......SUNRISE   802 AM MST   SUNSET   424 PM MST


-  INDICATES NEGATIVE NUMBERS.
R  INDICATES RECORD WAS SET OR TIED.
MM INDICATES DATA IS MISSING.
T  INDICATES TRACE AMOUNT.




$$
