000
CDUS45 KTFX 010738
CLIHVR


CLIMATE REPORT
NATIONAL WEATHER SERVICE GREAT FALLS MT
1237 AM MST WED MAR 1 2017


...................................

...THE HAVRE MT CLIMATE SUMMARY FOR FEBRUARY 28 2017...

CLIMATE NORMAL PERIOD 1981 TO 2010
CLIMATE RECORD PERIOD 1880 TO 2017


WEATHER ITEM   OBSERVED TIME   RECORD YEAR NORMAL DEPARTURE LAST
                VALUE   (LST)  VALUE       VALUE  FROM      YEAR
                                                  NORMAL
..................................................................
TEMPERATURE (F)
 YESTERDAY
  MAXIMUM         25    419 PM  68    1992  38    -13       54
  MINIMUM         12    738 AM -30    1962  14     -2       26
  AVERAGE         19                        26     -7       40

PRECIPITATION (IN)
  YESTERDAY        0.03          0.35 1896   0.01   0.02      T
  MONTH TO DATE    0.69                      0.28   0.41     0.05
  SINCE OCT 1      5.37                      2.02   3.35     2.34
  SINCE JAN 1      1.38                      0.61   0.77     0.41

SNOWFALL (IN)
  YESTERDAY       MM             3.5  1896   0.2   MM        0.0
  MONTH TO DATE    9.1                       5.8    3.3       T
  SINCE DEC 1     25.3                      20.3    5.0     10.8
  SINCE JUL 1     30.8                      27.9    2.9     13.8
  SNOW DEPTH       2

DEGREE DAYS
 HEATING
  YESTERDAY       46                        39      7       25
  MONTH TO DATE 1122                      1195    -73      828
  SINCE DEC 1   4252                      4077    175     3535
  SINCE JUL 1   5999                      6120   -121     5388

 COOLING
  YESTERDAY        0                         0      0        0
  MONTH TO DATE    0                         0      0        0
  SINCE DEC 1      0                         0      0        0
  SINCE JAN 1      0                         0      0        0
..................................................................


WIND (MPH)
  HIGHEST WIND SPEED    16   HIGHEST WIND DIRECTION    NE (60)
  HIGHEST GUST SPEED    19   HIGHEST GUST DIRECTION     E (80)
  AVERAGE WIND SPEED     8.1


SKY COVER
  AVERAGE SKY COVER 0.7


WEATHER CONDITIONS
 THE FOLLOWING WEATHER WAS RECORDED YESTERDAY.
  LIGHT SNOW
  FOG
  HAZE


RELATIVE HUMIDITY (PERCENT)
 HIGHEST   100           800 AM
 LOWEST     74           400 PM
 AVERAGE    87

..........................................................


THE HAVRE MT CLIMATE NORMALS FOR TODAY
                         NORMAL    RECORD    YEAR
 MAXIMUM TEMPERATURE (F)   38        66      1905
 MINIMUM TEMPERATURE (F)   15       -26      1919


SUNRISE AND SUNSET
MARCH  1 2017.........SUNRISE   700 AM MST   SUNSET   603 PM MST
MARCH  2 2017.........SUNRISE   658 AM MST   SUNSET   605 PM MST


-  INDICATES NEGATIVE NUMBERS.
R  INDICATES RECORD WAS SET OR TIED.
MM INDICATES DATA IS MISSING.
T  INDICATES TRACE AMOUNT.




$$
