000
CDUS45 KTFX 300839
CLIHVR


CLIMATE REPORT
NATIONAL WEATHER SERVICE GREAT FALLS MT
238 AM MDT SUN APR 30 2017


...................................

...THE HAVRE MT CLIMATE SUMMARY FOR APRIL 29 2017...

CLIMATE NORMAL PERIOD 1981 TO 2010
CLIMATE RECORD PERIOD 1880 TO 2017


WEATHER ITEM   OBSERVED TIME   RECORD YEAR NORMAL DEPARTURE LAST
                VALUE   (LST)  VALUE       VALUE  FROM      YEAR
                                                  NORMAL
..................................................................
TEMPERATURE (F)
 YESTERDAY
  MAXIMUM         59        MM  95    1939  63     -4       56
  MINIMUM         28        MM  12    1966  34     -6       41
  AVERAGE         44                        48     -4       49

PRECIPITATION (IN)
  YESTERDAY        0.02          0.67 1913   0.04  -0.02      T
  MONTH TO DATE    0.66                      0.80  -0.14     3.55
  SINCE OCT 1      6.18                      3.36   2.82     6.34
  SINCE JAN 1      2.19                      1.95   0.24     4.41

SNOWFALL (IN)
  YESTERDAY        0.0           5.0  1913   0.0    0.0      0.0
  MONTH TO DATE    T                         2.9   -2.9      3.0
  SINCE MAR 1      1.0                       9.2   -8.2      3.0
  SINCE JUL 1     31.9                      37.1   -5.2     17.3
  SNOW DEPTH       0

DEGREE DAYS
 HEATING
  YESTERDAY       21                        17      4       16
  MONTH TO DATE  570                       603    -33      499
  SINCE MAR 1   1482                      1601   -119     1278
  SINCE JUL 1   7481                      7721   -240     6703

 COOLING
  YESTERDAY        0                         0      0        0
  MONTH TO DATE    0                         0      0        0
  SINCE MAR 1      0                         0      0        0
  SINCE JAN 1      0                         0      0        0
..................................................................


WIND (MPH)
  HIGHEST WIND SPEED    17   HIGHEST WIND DIRECTION    SW (220)
  HIGHEST GUST SPEED    32   HIGHEST GUST DIRECTION    SW (230)
  AVERAGE WIND SPEED     6.4


SKY COVER
  AVERAGE SKY COVER 0.5


WEATHER CONDITIONS
 THE FOLLOWING WEATHER WAS RECORDED YESTERDAY.
  THUNDERSTORM
  RAIN


RELATIVE HUMIDITY (PERCENT)
 HIGHEST    92          1200 AM
 LOWEST     33           600 PM
 AVERAGE    63

..........................................................


THE HAVRE MT CLIMATE NORMALS FOR TODAY
                         NORMAL    RECORD    YEAR
 MAXIMUM TEMPERATURE (F)   63        87      1968
 MINIMUM TEMPERATURE (F)   35        12      1909


SUNRISE AND SUNSET
APRIL 30 2017.........SUNRISE   601 AM MDT   SUNSET   833 PM MDT
MAY  1 2017...........SUNRISE   559 AM MDT   SUNSET   834 PM MDT


-  INDICATES NEGATIVE NUMBERS.
R  INDICATES RECORD WAS SET OR TIED.
MM INDICATES DATA IS MISSING.
T  INDICATES TRACE AMOUNT.




$$
