000
CDUS41 KLWX 260525
CLIIAD


CLIMATE REPORT
NATIONAL WEATHER SERVICE BALTIMORE MD/WASHINGTON DC
1225 AM EST WED NOV 26 2014


...................................

...THE WASHINGTON DULLES DC CLIMATE SUMMARY FOR NOVEMBER 25 2014...

CLIMATE NORMAL PERIOD 1981 TO 2010
CLIMATE RECORD PERIOD 1962 TO 2014


WEATHER ITEM   OBSERVED TIME   RECORD YEAR NORMAL DEPARTURE LAST
                VALUE   (LST)  VALUE       VALUE  FROM      YEAR
                                                  NORMAL
..................................................................
TEMPERATURE (F)
 YESTERDAY
  MAXIMUM         59   1238 AM  77    1979  54      5       37
  MINIMUM         41   1059 PM  15    1970  33      8       16
  AVERAGE         50                        43      7       27

PRECIPITATION (IN)
  YESTERDAY        0.00          1.31 1964   0.11  -0.11     0.00
  MONTH TO DATE    1.46                      2.83  -1.37     0.57
  SINCE SEP 1      5.40                     10.00  -4.60     9.69
  SINCE JAN 1     41.61                     38.00   3.61    37.54

SNOWFALL (IN)
  YESTERDAY        0.0           0.3  1983   0.0    0.0
  MONTH TO DATE    T                         0.3   -0.3
  SINCE JUL 1      T                         0.3   -0.3
  SNOW DEPTH       0

DEGREE DAYS
 HEATING
  YESTERDAY       15                        22     -7       38
  MONTH TO DATE  557                       444    113      494
  SINCE SEP 1    859                       798     61      803
  SINCE JUL 1    862                       800     62      803

 COOLING
  YESTERDAY        0                         0      0        0
  MONTH TO DATE    0                         0      0        1
  SINCE SEP 1    135                       160    -25      181
  SINCE JAN 1    968                      1176   -208     1272
..................................................................


WIND (MPH)
  HIGHEST WIND SPEED    17   HIGHEST WIND DIRECTION    NW (330)
  HIGHEST GUST SPEED    24   HIGHEST GUST DIRECTION    NW (330)
  AVERAGE WIND SPEED     4.4


SKY COVER
  POSSIBLE SUNSHINE  MM
  AVERAGE SKY COVER 0.9


WEATHER CONDITIONS
 THE FOLLOWING WEATHER WAS RECORDED YESTERDAY.
  NO SIGNIFICANT WEATHER WAS OBSERVED.


RELATIVE HUMIDITY (PERCENT)
 HIGHEST   100           300 AM
 LOWEST     38           400 PM
 AVERAGE    69

..........................................................


THE WASHINGTON DULLES DC CLIMATE NORMALS FOR TODAY
                         NORMAL    RECORD    YEAR
 MAXIMUM TEMPERATURE (F)   53        75      1990
 MINIMUM TEMPERATURE (F)   32        16      1974


SUNRISE AND SUNSET
NOVEMBER 26 2014......SUNRISE   704 AM EST   SUNSET   450 PM EST
NOVEMBER 27 2014......SUNRISE   705 AM EST   SUNSET   449 PM EST


-  INDICATES NEGATIVE NUMBERS.
R  INDICATES RECORD WAS SET OR TIED.
MM INDICATES DATA IS MISSING.
T  INDICATES TRACE AMOUNT.




$$
