211
CDUS43 KUNR 170834
CLIICR


CLIMATE REPORT
NATIONAL WEATHER SERVICE RAPID CITY SD
134 AM MST SUN DEC 17 2017


...................................

...THE WINNER REGIONAL AIRPORT SD CLIMATE SUMMARY FOR DECEMBER 16 2017...

CLIMATE NORMAL PERIOD 1981 TO 2010
CLIMATE RECORD PERIOD 9999 TO 9999


WEATHER ITEM   OBSERVED TIME   NORMAL DEPARTURE LAST
                VALUE   (LST)  VALUE  FROM      YEAR
                                      NORMAL
......................................................
TEMPERATURE (F)
 YESTERDAY
  MAXIMUM         44    222 PM  34     10       19
  MINIMUM         33    807 AM  15     18        2
  AVERAGE         39            24     15       11

PRECIPITATION (IN)
  YESTERDAY        0.00          0.01  -0.01     0.09
  MONTH TO DATE    0.12          0.22  -0.10     0.09
  SINCE DEC 1      0.12          0.22  -0.10     0.09
  SINCE JAN 1     19.34         21.47  -2.13    18.56

DEGREE DAYS
 HEATING
  YESTERDAY       26            40    -14       54
  MONTH TO DATE  437           624   -187      760
  SINCE DEC 1    437           624   -187      760
  SINCE JUL 1   1661          2095   -434     1630

 COOLING
  YESTERDAY        0             0      0        0
  MONTH TO DATE    0             0      0        0
  SINCE DEC 1      0             0      0        0
  SINCE JAN 1   1113           916    197     1193
......................................................


WIND (MPH)
  HIGHEST WIND SPEED    16   HIGHEST WIND DIRECTION     N (360)
  HIGHEST GUST SPEED    20   HIGHEST GUST DIRECTION     N (350)
  AVERAGE WIND SPEED     7.5


SKY COVER
  AVERAGE SKY COVER 0.5


WEATHER CONDITIONS
 THE FOLLOWING WEATHER WAS RECORDED YESTERDAY.
  NO SIGNIFICANT WEATHER WAS OBSERVED.


RELATIVE HUMIDITY (PERCENT)
 HIGHEST    82           600 PM
 LOWEST     49          1200 AM
 AVERAGE    66

..........................................................




SUNRISE AND SUNSET
DECEMBER 17 2017......SUNRISE   807 AM CST   SUNSET   505 PM CST
DECEMBER 18 2017......SUNRISE   807 AM CST   SUNSET   505 PM CST


-  INDICATES NEGATIVE NUMBERS.
R  INDICATES RECORD WAS SET OR TIED.
MM INDICATES DATA IS MISSING.
T  INDICATES TRACE AMOUNT.




$$
