000
CDUS43 KUNR 310833
CLIICR


CLIMATE REPORT
NATIONAL WEATHER SERVICE RAPID CITY SD
231 AM MDT THU JUL 31 2014


...................................

...THE WINNER REGIONAL AIRPORT SD CLIMATE SUMMARY FOR JULY 30 2014...

CLIMATE NORMAL PERIOD 1981 TO 2010
CLIMATE RECORD PERIOD 9999 TO 9999


WEATHER ITEM   OBSERVED TIME   NORMAL DEPARTURE LAST
                VALUE   (LST)  VALUE  FROM      YEAR
                                      NORMAL
......................................................
TEMPERATURE (F)
 YESTERDAY
  MAXIMUM         88    514 PM  89     -1       84
  MINIMUM         56    550 AM  64     -8       59
  AVERAGE         72            76     -4       72

PRECIPITATION (IN)
  YESTERDAY        0.00          0.11  -0.11     0.06
  MONTH TO DATE    0.25          2.84  -2.59     2.59
  SINCE JUN 1      4.41          6.49  -2.08     6.10
  SINCE JAN 1      9.20         14.56  -5.36    13.49

DEGREE DAYS
 HEATING
  YESTERDAY        0             0      0        0
  MONTH TO DATE   12             0     12        7
  SINCE JUN 1     49            54     -5       60
  SINCE JUL 1     12             0     12        7

 COOLING
  YESTERDAY        7            12     -5        7
  MONTH TO DATE  279           320    -41      281
  SINCE JUN 1    396           465    -69      413
  SINCE JAN 1    477           495    -18      452
......................................................


WIND (MPH)
  HIGHEST WIND SPEED    14   HIGHEST WIND DIRECTION    SE (140)
  HIGHEST GUST SPEED    17   HIGHEST GUST DIRECTION    SE (150)
  AVERAGE WIND SPEED     5.7


SKY COVER
  AVERAGE SKY COVER 0.3


WEATHER CONDITIONS
 THE FOLLOWING WEATHER WAS RECORDED YESTERDAY.
  HAZE


RELATIVE HUMIDITY (PERCENT)
 HIGHEST    77           300 AM
 LOWEST     26           400 PM
 AVERAGE    52

..........................................................




SUNRISE AND SUNSET
JULY 31 2014..........SUNRISE   628 AM CDT   SUNSET   903 PM CDT
AUGUST  1 2014........SUNRISE   629 AM CDT   SUNSET   901 PM CDT


-  INDICATES NEGATIVE NUMBERS.
R  INDICATES RECORD WAS SET OR TIED.
MM INDICATES DATA IS MISSING.
T  INDICATES TRACE AMOUNT.




$$
