350
CDUS43 KUNR 190859
CLIICR


CLIMATE REPORT
NATIONAL WEATHER SERVICE RAPID CITY SD
159 AM MST THU JAN 19 2017


...................................

...THE WINNER REGIONAL AIRPORT SD CLIMATE SUMMARY FOR JANUARY 18 2017...

CLIMATE NORMAL PERIOD 1981 TO 2010
CLIMATE RECORD PERIOD 9999 TO 9999


WEATHER ITEM   OBSERVED TIME   NORMAL DEPARTURE LAST
                VALUE   (LST)  VALUE  FROM      YEAR
                                      NORMAL
......................................................
TEMPERATURE (F)
 YESTERDAY
  MAXIMUM         55    344 PM  36     19       21
  MINIMUM         24    719 AM  14     10       -4
  AVERAGE         40            25     15        9

PRECIPITATION (IN)
  YESTERDAY        0.00          0.01  -0.01      T
  MONTH TO DATE    0.01          0.13  -0.12      T
  SINCE DEC 1      0.56          0.47   0.09     1.45
  SINCE JAN 1      0.01          0.13  -0.12      T

DEGREE DAYS
 HEATING
  YESTERDAY       25            40    -15       56
  MONTH TO DATE  843           725    118      810
  SINCE DEC 1   2027          1960     67     1934
  SINCE JUL 1   2897          3431   -534     3029

 COOLING
  YESTERDAY        0             0      0        0
  MONTH TO DATE    0             0      0        0
  SINCE DEC 1      0             0      0        0
  SINCE JAN 1      0             0      0        0
......................................................


WIND (MPH)
  HIGHEST WIND SPEED    18   HIGHEST WIND DIRECTION    SW (210)
  HIGHEST GUST SPEED    26   HIGHEST GUST DIRECTION     S (200)
  AVERAGE WIND SPEED     8.2


SKY COVER
  AVERAGE SKY COVER 0.0


WEATHER CONDITIONS
 THE FOLLOWING WEATHER WAS RECORDED YESTERDAY.
  NO SIGNIFICANT WEATHER WAS OBSERVED.


RELATIVE HUMIDITY (PERCENT)
 HIGHEST    74           800 AM
 LOWEST     32           300 PM
 AVERAGE    53

..........................................................




SUNRISE AND SUNSET
JANUARY 19 2017.......SUNRISE   806 AM CST   SUNSET   534 PM CST
JANUARY 20 2017.......SUNRISE   806 AM CST   SUNSET   536 PM CST


-  INDICATES NEGATIVE NUMBERS.
R  INDICATES RECORD WAS SET OR TIED.
MM INDICATES DATA IS MISSING.
T  INDICATES TRACE AMOUNT.




$$
