000
CDUS43 KUNR 260833
CLIICR


CLIMATE REPORT
NATIONAL WEATHER SERVICE RAPID CITY SD
232 AM MDT FRI AUG 26 2016


...................................

...THE WINNER REGIONAL AIRPORT SD CLIMATE SUMMARY FOR AUGUST 25 2016...

CLIMATE NORMAL PERIOD 1981 TO 2010
CLIMATE RECORD PERIOD 9999 TO 9999


WEATHER ITEM   OBSERVED TIME   NORMAL DEPARTURE LAST
                VALUE   (LST)  VALUE  FROM      YEAR
                                      NORMAL
......................................................
TEMPERATURE (F)
 YESTERDAY
  MAXIMUM         76    351 PM  86    -10       81
  MINIMUM         51    559 AM  60     -9       51
  AVERAGE         64            73     -9       66

PRECIPITATION (IN)
  YESTERDAY        0.00          0.06  -0.06     0.00
  MONTH TO DATE    1.97          1.99  -0.02     2.49
  SINCE JUN 1      5.49          8.60  -3.11     8.53
  SINCE JAN 1     14.84         16.67  -1.83    12.20

DEGREE DAYS
 HEATING
  YESTERDAY        1             0      1        0
  MONTH TO DATE    4             0      4       14
  SINCE JUN 1      8            59    -51       17
  SINCE JUL 1      5             5      0       14

 COOLING
  YESTERDAY        0             8     -8        1
  MONTH TO DATE  260           255      5      236
  SINCE JUN 1    932           731    201      829
  SINCE JAN 1    979           761    218      864
......................................................


WIND (MPH)
  HIGHEST WIND SPEED    18   HIGHEST WIND DIRECTION    NW (310)
  HIGHEST GUST SPEED    23   HIGHEST GUST DIRECTION    NW (320)
  AVERAGE WIND SPEED     8.6


SKY COVER
  AVERAGE SKY COVER 0.1


WEATHER CONDITIONS
 THE FOLLOWING WEATHER WAS RECORDED YESTERDAY.
  NO SIGNIFICANT WEATHER WAS OBSERVED.


RELATIVE HUMIDITY (PERCENT)
 HIGHEST    89           300 AM
 LOWEST     38           300 PM
 AVERAGE    64

..........................................................




SUNRISE AND SUNSET
AUGUST 26 2016........SUNRISE   657 AM CDT   SUNSET   824 PM CDT
AUGUST 27 2016........SUNRISE   658 AM CDT   SUNSET   822 PM CDT


-  INDICATES NEGATIVE NUMBERS.
R  INDICATES RECORD WAS SET OR TIED.
MM INDICATES DATA IS MISSING.
T  INDICATES TRACE AMOUNT.




$$
