000
CDUS43 KUNR 290830
CLIICR


CLIMATE REPORT
NATIONAL WEATHER SERVICE RAPID CITY SD
230 AM MDT SAT AUG 29 2015


...................................

...THE WINNER REGIONAL AIRPORT SD CLIMATE SUMMARY FOR AUGUST 28 2015...

CLIMATE NORMAL PERIOD 1981 TO 2010
CLIMATE RECORD PERIOD 9999 TO 9999


WEATHER ITEM   OBSERVED TIME   NORMAL DEPARTURE LAST
                VALUE   (LST)  VALUE  FROM      YEAR
                                      NORMAL
......................................................
TEMPERATURE (F)
 YESTERDAY
  MAXIMUM         78    523 PM  85     -7       81
  MINIMUM         65   1159 PM  59      6       67
  AVERAGE         72            72      0       74

PRECIPITATION (IN)
  YESTERDAY        0.50          0.05   0.45      T
  MONTH TO DATE    3.09          2.15   0.94     3.44
  SINCE JUN 1      9.13          8.76   0.37     7.85
  SINCE JAN 1     12.80         16.83  -4.03    12.64

DEGREE DAYS
 HEATING
  YESTERDAY        0             1     -1        0
  MONTH TO DATE   14             2     12        1
  SINCE JUN 1     17            61    -44       50
  SINCE JUL 1     14             7      7       13

 COOLING
  YESTERDAY        7             8     -1        9
  MONTH TO DATE  268           279    -11      233
  SINCE JUN 1    861           755    106      636
  SINCE JAN 1    896           785    111      717
......................................................


WIND (MPH)
  HIGHEST WIND SPEED    15   HIGHEST WIND DIRECTION     E (90)
  HIGHEST GUST SPEED    19   HIGHEST GUST DIRECTION     E (90)
  AVERAGE WIND SPEED     7.0


SKY COVER
  AVERAGE SKY COVER 0.7


WEATHER CONDITIONS
 THE FOLLOWING WEATHER WAS RECORDED YESTERDAY.
  HEAVY RAIN
  RAIN
  LIGHT RAIN
  FOG


RELATIVE HUMIDITY (PERCENT)
 HIGHEST    97          1200 AM
 LOWEST     62           400 PM
 AVERAGE    80

..........................................................




SUNRISE AND SUNSET
AUGUST 29 2015........SUNRISE   700 AM CDT   SUNSET   820 PM CDT
AUGUST 30 2015........SUNRISE   701 AM CDT   SUNSET   818 PM CDT


-  INDICATES NEGATIVE NUMBERS.
R  INDICATES RECORD WAS SET OR TIED.
MM INDICATES DATA IS MISSING.
T  INDICATES TRACE AMOUNT.




$$
