000
CDUS43 KUNR 261121
CLIICR


CLIMATE REPORT
NATIONAL WEATHER SERVICE RAPID CITY SD
420 AM MST THU FEB 26 2015


...................................

...THE WINNER REGIONAL AIRPORT SD CLIMATE SUMMARY FOR FEBRUARY 25 2015...

CLIMATE NORMAL PERIOD 1981 TO 2010
CLIMATE RECORD PERIOD 9999 TO 9999


WEATHER ITEM   OBSERVED TIME   NORMAL DEPARTURE LAST
                VALUE   (LST)  VALUE  FROM      YEAR
                                      NORMAL
......................................................
TEMPERATURE (F)
 YESTERDAY
  MAXIMUM         44    335 AM  40      4       14
  MINIMUM          4   1159 PM  20    -16       -6
  AVERAGE         24            30     -6        4

PRECIPITATION (IN)
  YESTERDAY        T             0.01  -0.01     0.00
  MONTH TO DATE    0.01          0.46  -0.45     0.06
  SINCE DEC 1      0.29          1.05  -0.76     0.16
  SINCE JAN 1      0.09          0.71  -0.62     0.08

DEGREE DAYS
 HEATING
  YESTERDAY       41            35      6       61
  MONTH TO DATE  961           951     10     1107
  SINCE DEC 1   3150          3435   -285     3742
  SINCE JUL 1   4606          4906   -300     5179

 COOLING
  YESTERDAY        0             0      0        0
  MONTH TO DATE    0             0      0        0
  SINCE DEC 1      0             0      0        0
  SINCE JAN 1      0             0      0        0
......................................................


WIND (MPH)
  HIGHEST WIND SPEED    24   HIGHEST WIND DIRECTION     N (360)
  HIGHEST GUST SPEED    28   HIGHEST GUST DIRECTION     N (360)
  AVERAGE WIND SPEED    14.9


SKY COVER
  AVERAGE SKY COVER 1.0


WEATHER CONDITIONS
 THE FOLLOWING WEATHER WAS RECORDED YESTERDAY.
  LIGHT SNOW
  FOG
  HAZE


RELATIVE HUMIDITY (PERCENT)
 HIGHEST    81           800 AM
 LOWEST     49           300 AM
 AVERAGE    65

..........................................................




SUNRISE AND SUNSET
FEBRUARY 26 2015......SUNRISE   721 AM CST   SUNSET   624 PM CST
FEBRUARY 27 2015......SUNRISE   719 AM CST   SUNSET   625 PM CST


-  INDICATES NEGATIVE NUMBERS.
R  INDICATES RECORD WAS SET OR TIED.
MM INDICATES DATA IS MISSING.
T  INDICATES TRACE AMOUNT.




$$
