000
CDUS43 KUNR 180832
CLIICR


CLIMATE REPORT
NATIONAL WEATHER SERVICE RAPID CITY SD
231 AM MDT FRI APR 18 2014


...................................

...THE WINNER REGIONAL AIRPORT SD CLIMATE SUMMARY FOR APRIL 17 2014...

CLIMATE NORMAL PERIOD 1981 TO 2010
CLIMATE RECORD PERIOD 9999 TO 9999


WEATHER ITEM   OBSERVED TIME   NORMAL DEPARTURE LAST
                VALUE   (LST)  VALUE  FROM      YEAR
                                      NORMAL
......................................................
TEMPERATURE (F)
 YESTERDAY
  MAXIMUM         49    610 PM  60    -11       33
  MINIMUM         19    617 AM  37    -18       27
  AVERAGE         34            48    -14       30

PRECIPITATION (IN)
  YESTERDAY        T             0.09  -0.09     0.01
  MONTH TO DATE    0.14          1.19  -1.05     0.71
  SINCE MAR 1      0.18          2.57  -2.39     1.31
  SINCE JAN 1      0.26          3.33  -3.07     1.31

DEGREE DAYS
 HEATING
  YESTERDAY       31            17     14       35
  MONTH TO DATE  358           333     25      474
  SINCE MAR 1   1308          1209     99     1486
  SINCE JUL 1   6641          6218    423     6149

 COOLING
  YESTERDAY        0             0      0        0
  MONTH TO DATE    2             0      2        0
  SINCE MAR 1      2             0      2        0
  SINCE JAN 1      2             0      2        0
......................................................


WIND (MPH)
  HIGHEST WIND SPEED    20   HIGHEST WIND DIRECTION     E (100)
  HIGHEST GUST SPEED    26   HIGHEST GUST DIRECTION     S (160)
  AVERAGE WIND SPEED    10.4


SKY COVER
  AVERAGE SKY COVER 0.3


WEATHER CONDITIONS
 THE FOLLOWING WEATHER WAS RECORDED YESTERDAY.
  LIGHT RAIN
  FOG
  HAZE


RELATIVE HUMIDITY (PERCENT)
 HIGHEST    84           600 AM
 LOWEST     33           100 PM
 AVERAGE    59

..........................................................




SUNRISE AND SUNSET
APRIL 18 2014.........SUNRISE   652 AM CDT   SUNSET   826 PM CDT
APRIL 19 2014.........SUNRISE   650 AM CDT   SUNSET   827 PM CDT


-  INDICATES NEGATIVE NUMBERS.
R  INDICATES RECORD WAS SET OR TIED.
MM INDICATES DATA IS MISSING.
T  INDICATES TRACE AMOUNT.




$$
