000
CDUS43 KICT 230703
CLIICT

CLIMATE REPORT
NATIONAL WEATHER SERVICE WICHITA KS
101 AM CST FRI FEB 23 2018

...................................

...THE WICHITA EISENHOWER NATIONAL CLIMATE SUMMARY FOR FEBRUARY 22 2018...

CLIMATE NORMAL PERIOD 1981 TO 2010
CLIMATE RECORD PERIOD 1888 TO 2018


WEATHER ITEM   OBSERVED TIME   RECORD YEAR NORMAL DEPARTURE LAST
                VALUE   (LST)  VALUE       VALUE  FROM      YEAR
                                                  NORMAL
..................................................................
TEMPERATURE (F)
 YESTERDAY
  MAXIMUM         32   1159 PM  87    1996  50    -18       77
  MINIMUM         26    111 AM   6    1889  28     -2       37
  AVERAGE         29                        39    -10       57

PRECIPITATION (IN)
  YESTERDAY        0.04          0.89 2000   0.04   0.00     0.00
  MONTH TO DATE    0.23                      0.89  -0.66     0.83
  SINCE DEC 1      0.46                      2.92  -2.46     4.28
  SINCE JAN 1      0.43                      1.72  -1.29     3.62

SNOWFALL (IN)
  YESTERDAY        T             3.9  1975   0.1   -0.1      0.0
  MONTH TO DATE    0.7                       2.7   -2.0      0.0
  SINCE DEC 1      1.0                      10.5   -9.5      2.0
  SINCE JUL 1      1.0                      11.9  -10.9      2.0
  SNOW DEPTH       0

DEGREE DAYS
 HEATING
  YESTERDAY       36                        26     10        8
  MONTH TO DATE  680                       632     48      408
  SINCE DEC 1   2497                      2616   -119     2267
  SINCE JUL 1   3227                      3492   -265     2720

 COOLING
  YESTERDAY        0                         0      0        0
  MONTH TO DATE    0                         0      0        0
  SINCE DEC 1      0                         0      0        0
  SINCE JAN 1      0                         0      0        0
..................................................................


WIND (MPH)
  HIGHEST WIND SPEED    15   HIGHEST WIND DIRECTION     E (100)
  HIGHEST GUST SPEED    18   HIGHEST GUST DIRECTION     E (110)
  AVERAGE WIND SPEED     4.6


SKY COVER
  POSSIBLE SUNSHINE  MM
  AVERAGE SKY COVER 0.9


WEATHER CONDITIONS
 THE FOLLOWING WEATHER WAS RECORDED YESTERDAY.
  MIXED PRECIP
  LIGHT RAIN
  LT FREEZING RAIN
  SLEET
  FOG


RELATIVE HUMIDITY (PERCENT)
 HIGHEST   100           400 AM
 LOWEST     92           200 AM
 AVERAGE    96

..........................................................


THE WICHITA EISENHOWER NATIONAL CLIMATE NORMALS FOR TODAY
                         NORMAL    RECORD    YEAR
 MAXIMUM TEMPERATURE (F)   51        82      1930
 MINIMUM TEMPERATURE (F)   29         0      1889


SUNRISE AND SUNSET
FEBRUARY 23 2018......SUNRISE   709 AM CST   SUNSET   617 PM CST
FEBRUARY 24 2018......SUNRISE   708 AM CST   SUNSET   618 PM CST


-  INDICATES NEGATIVE NUMBERS.
R  INDICATES RECORD WAS SET OR TIED.
MM INDICATES DATA IS MISSING.
T  INDICATES TRACE AMOUNT.

$$
