420
CDUS45 KPIH 282323
CLIIDA


CLIMATE REPORT
NATIONAL WEATHER SERVICE POCATELLO ID
522 PM MDT TUE MAR 28 2017


...................................

...THE IDAHO FALLS ID CLIMATE SUMMARY FOR MARCH 28 2017...
VALID TODAY AS OF 0500 PM LOCAL TIME.

CLIMATE NORMAL PERIOD 1981 TO 2010
CLIMATE RECORD PERIOD 1948 TO 2017


WEATHER ITEM   OBSERVED TIME   RECORD YEAR NORMAL DEPARTURE LAST
                VALUE   (LST)  VALUE       VALUE  FROM      YEAR
                                                  NORMAL
..................................................................
TEMPERATURE (F)
 TODAY
  MAXIMUM         51    351 PM  73    1986  52     -1       45
  MINIMUM         28    614 AM   6    1964  29     -1       33
  AVERAGE         40                        40      0       39

PRECIPITATION (IN)
  TODAY            0.00          0.30 1974   0.02  -0.02     0.01
  MONTH TO DATE    0.15                      0.77  -0.62     1.61
  SINCE OCT 1      6.57                      4.69   1.88     4.99
  SINCE JAN 1      2.29                      2.12   0.17     2.67

SNOWFALL (IN)
  TODAY           MM
  MONTH TO DATE   MM
  SINCE MAR 1     MM
  SINCE JUL 1     MM
  SNOW DEPTH      MM

DEGREE DAYS
 HEATING
  TODAY           25                        25      0       26
  MONTH TO DATE  674                       829   -155      732
  SINCE MAR 1    674                       829   -155      732
  SINCE JUL 1   6471                      6631   -160     6314

 COOLING
  TODAY            0                         0      0        0
  MONTH TO DATE    0                         0      0        0
  SINCE MAR 1      0                         0      0        0
  SINCE JAN 1      0                         0      0        0
..................................................................


WIND (MPH)
  HIGHEST WIND SPEED    15   HIGHEST WIND DIRECTION    SW (240)
  HIGHEST GUST SPEED    20   HIGHEST GUST DIRECTION    SW (210)
  AVERAGE WIND SPEED     5.8


SKY COVER
  POSSIBLE SUNSHINE  MM
  AVERAGE SKY COVER 0.5


WEATHER CONDITIONS
 THE FOLLOWING WEATHER WAS RECORDED TODAY.
  NO SIGNIFICANT WEATHER WAS OBSERVED.


RELATIVE HUMIDITY (PERCENT)
 HIGHEST   100          1200 AM
 LOWEST     42           200 PM
 AVERAGE    71

..........................................................


THE IDAHO FALLS ID CLIMATE NORMALS FOR TOMORROW
                         NORMAL    RECORD    YEAR
 MAXIMUM TEMPERATURE (F)   52        70      1986
 MINIMUM TEMPERATURE (F)   29         8      1987


SUNRISE AND SUNSET
MARCH 28 2017.........SUNRISE   717 AM MDT   SUNSET   751 PM MDT
MARCH 29 2017.........SUNRISE   715 AM MDT   SUNSET   752 PM MDT


-  INDICATES NEGATIVE NUMBERS.
R  INDICATES RECORD WAS SET OR TIED.
MM INDICATES DATA IS MISSING.
T  INDICATES TRACE AMOUNT.




$$
