000
CDUS45 KPIH 310736
CLIIDA


CLIMATE REPORT
NATIONAL WEATHER SERVICE POCATELLO ID
1234 AM MST SAT JAN 31 2015


...................................

...THE IDAHO FALLS ID CLIMATE SUMMARY FOR JANUARY 30 2015...

CLIMATE NORMAL PERIOD 1981 TO 2010
CLIMATE RECORD PERIOD 1948 TO 2015


WEATHER ITEM   OBSERVED TIME   RECORD YEAR NORMAL DEPARTURE LAST
                VALUE   (LST)  VALUE       VALUE  FROM      YEAR
                                                  NORMAL
..................................................................
TEMPERATURE (F)
 YESTERDAY
  MAXIMUM         38    405 PM  45    1971  30      8       35
  MINIMUM         28   1148 PM -27    1985  12     16       28
  AVERAGE         33                        21     12       32

PRECIPITATION (IN)
  YESTERDAY        0.00          0.18 2006   0.02  -0.02      T
  MONTH TO DATE    0.28                      0.67  -0.39     0.51
  SINCE OCT 1      1.74                      3.24  -1.50     1.81
  SINCE JAN 1      0.28                      0.67  -0.39     0.51

SNOWFALL (IN)
  YESTERDAY       MM
  MONTH TO DATE   MM
  SINCE DEC 1     MM
  SINCE JUL 1     MM
  SNOW DEPTH      MM

DEGREE DAYS
 HEATING
  YESTERDAY       32                        44    -12       33
  MONTH TO DATE 1192                      1345   -153     1225
  SINCE DEC 1   2313                      2715   -402     2766
  SINCE JUL 1   4002                      4618   -616     4490

 COOLING
  YESTERDAY        0                         0      0        0
  MONTH TO DATE    0                         0      0        0
  SINCE DEC 1      0                         0      0        0
  SINCE JAN 1      0                         0      0        0
..................................................................


WIND (MPH)
  HIGHEST WIND SPEED    15   HIGHEST WIND DIRECTION     N (360)
  HIGHEST GUST SPEED    17   HIGHEST GUST DIRECTION     N (360)
  AVERAGE WIND SPEED     7.1


SKY COVER
  POSSIBLE SUNSHINE  MM
  AVERAGE SKY COVER 0.0


WEATHER CONDITIONS
 THE FOLLOWING WEATHER WAS RECORDED YESTERDAY.
  NO SIGNIFICANT WEATHER WAS OBSERVED.


RELATIVE HUMIDITY (PERCENT)
 HIGHEST    92           200 AM
 LOWEST     59           200 PM
 AVERAGE    76

..........................................................


THE IDAHO FALLS ID CLIMATE NORMALS FOR TODAY
                         NORMAL    RECORD    YEAR
 MAXIMUM TEMPERATURE (F)   30        48      1954
 MINIMUM TEMPERATURE (F)   12       -33      1985


SUNRISE AND SUNSET
JANUARY 31 2015.......SUNRISE   746 AM MST   SUNSET   538 PM MST
FEBRUARY  1 2015......SUNRISE   745 AM MST   SUNSET   540 PM MST


-  INDICATES NEGATIVE NUMBERS.
R  INDICATES RECORD WAS SET OR TIED.
MM INDICATES DATA IS MISSING.
T  INDICATES TRACE AMOUNT.




$$
