000
CDUS45 KPIH 250730
CLIIDA


CLIMATE REPORT
NATIONAL WEATHER SERVICE POCATELLO ID
1229 AM MST TUE NOV 25 2014


...................................

...THE IDAHO FALLS ID CLIMATE SUMMARY FOR NOVEMBER 24 2014...

CLIMATE NORMAL PERIOD 1981 TO 2010
CLIMATE RECORD PERIOD 1948 TO 2014


WEATHER ITEM   OBSERVED TIME   RECORD YEAR NORMAL DEPARTURE LAST
                VALUE   (LST)  VALUE       VALUE  FROM      YEAR
                                                  NORMAL
..................................................................
TEMPERATURE (F)
 YESTERDAY
  MAXIMUM         41    203 PM  56    1990  37      4       37
  MINIMUM         25    806 AM  -8    1993  19      6       12
  AVERAGE         33                        28      5       25

PRECIPITATION (IN)
  YESTERDAY        0.00          0.80 1981   0.03  -0.03     0.00
  MONTH TO DATE    0.49                      0.69  -0.20     0.29
  SINCE OCT 1      0.54                      1.52  -0.98     1.15
  SINCE JAN 1      9.37                      9.34   0.03     6.17

SNOWFALL (IN)
  YESTERDAY       MM
  MONTH TO DATE   MM
  SINCE SEP 1     MM
  SINCE JUL 1     MM
  SNOW DEPTH      MM

DEGREE DAYS
 HEATING
  YESTERDAY       32                        37     -5       40
  MONTH TO DATE  869                       748    121      700
  SINCE SEP 1   1490                      1605   -115     1527
  SINCE JUL 1   1545                      1670   -125     1527

 COOLING
  YESTERDAY        0                         0      0        0
  MONTH TO DATE    0                         0      0        0
  SINCE SEP 1     21                        12      9       50
  SINCE JAN 1    303                       264     39      510
..................................................................


WIND (MPH)
  HIGHEST WIND SPEED    25   HIGHEST WIND DIRECTION     S (200)
  HIGHEST GUST SPEED    31   HIGHEST GUST DIRECTION    SW (210)
  AVERAGE WIND SPEED    12.5


SKY COVER
  POSSIBLE SUNSHINE  MM
  AVERAGE SKY COVER 0.5


WEATHER CONDITIONS
 THE FOLLOWING WEATHER WAS RECORDED YESTERDAY.
  NO SIGNIFICANT WEATHER WAS OBSERVED.


RELATIVE HUMIDITY (PERCENT)
 HIGHEST    88           800 AM
 LOWEST     40           200 PM
 AVERAGE    64

..........................................................


THE IDAHO FALLS ID CLIMATE NORMALS FOR TODAY
                         NORMAL    RECORD    YEAR
 MAXIMUM TEMPERATURE (F)   37        60      1949
 MINIMUM TEMPERATURE (F)   18        -8      1992


SUNRISE AND SUNSET
NOVEMBER 25 2014......SUNRISE   735 AM MST   SUNSET   456 PM MST
NOVEMBER 26 2014......SUNRISE   736 AM MST   SUNSET   455 PM MST


-  INDICATES NEGATIVE NUMBERS.
R  INDICATES RECORD WAS SET OR TIED.
MM INDICATES DATA IS MISSING.
T  INDICATES TRACE AMOUNT.




$$
