000
CDUS45 KPIH 220734
CLIIDA


CLIMATE REPORT
NATIONAL WEATHER SERVICE POCATELLO ID
1231 AM MST MON DEC 22 2014


...................................

...THE IDAHO FALLS ID CLIMATE SUMMARY FOR DECEMBER 21 2014...

CLIMATE NORMAL PERIOD 1981 TO 2010
CLIMATE RECORD PERIOD 1948 TO 2014


WEATHER ITEM   OBSERVED TIME   RECORD YEAR NORMAL DEPARTURE LAST
                VALUE   (LST)  VALUE       VALUE  FROM      YEAR
                                                  NORMAL
..................................................................
TEMPERATURE (F)
 YESTERDAY
  MAXIMUM         45    303 PM  50    1969  28     17       26
  MINIMUM         32   1022 PM -24    1983  11     21       19
  AVERAGE         39                        20     19       23

PRECIPITATION (IN)
  YESTERDAY        0.04          0.22 1988   0.03   0.01     0.03
  MONTH TO DATE    0.39                      0.61  -0.22     0.13
  SINCE OCT 1      0.95                      2.31  -1.36     1.28
  SINCE JAN 1      9.78                     10.13  -0.35     6.30

SNOWFALL (IN)
  YESTERDAY       MM
  MONTH TO DATE   MM
  SINCE DEC 1     MM
  SINCE JUL 1     MM
  SNOW DEPTH      MM

DEGREE DAYS
 HEATING
  YESTERDAY       26                        45    -19       42
  MONTH TO DATE  634                       913   -279     1087
  SINCE DEC 1    634                       913   -279     1087
  SINCE JUL 1   2323                      2816   -493     2811

 COOLING
  YESTERDAY        0                         0      0        0
  MONTH TO DATE    0                         0      0        0
  SINCE DEC 1      0                         0      0        0
  SINCE JAN 1    303                       264     39      510
..................................................................


WIND (MPH)
  HIGHEST WIND SPEED    31   HIGHEST WIND DIRECTION    SW (210)
  HIGHEST GUST SPEED    43   HIGHEST GUST DIRECTION    SW (240)
  AVERAGE WIND SPEED    17.4


SKY COVER
  POSSIBLE SUNSHINE  MM
  AVERAGE SKY COVER 0.7


WEATHER CONDITIONS
 THE FOLLOWING WEATHER WAS RECORDED YESTERDAY.
  LIGHT RAIN
  LIGHT SNOW
  FOG


RELATIVE HUMIDITY (PERCENT)
 HIGHEST   100           100 AM
 LOWEST     70           300 PM
 AVERAGE    85

..........................................................


THE IDAHO FALLS ID CLIMATE NORMALS FOR TODAY
                         NORMAL    RECORD    YEAR
 MAXIMUM TEMPERATURE (F)   28        51      1955
 MINIMUM TEMPERATURE (F)   11       -25      1990


SUNRISE AND SUNSET
DECEMBER 22 2014......SUNRISE   759 AM MST   SUNSET   455 PM MST
DECEMBER 23 2014......SUNRISE   759 AM MST   SUNSET   456 PM MST


-  INDICATES NEGATIVE NUMBERS.
R  INDICATES RECORD WAS SET OR TIED.
MM INDICATES DATA IS MISSING.
T  INDICATES TRACE AMOUNT.




$$
