000
CDUS43 KUNR 240839
CLIIEN


CLIMATE REPORT
NATIONAL WEATHER SERVICE RAPID CITY SD
136 AM MST FRI NOV 24 2017


...................................

...THE PINE RIDGE SD CLIMATE SUMMARY FOR NOVEMBER 23 2017...

CLIMATE NORMAL PERIOD 1981 TO 2010
CLIMATE RECORD PERIOD 9999 TO 9999


WEATHER ITEM   OBSERVED TIME   NORMAL DEPARTURE LAST
                VALUE   (LST)  VALUE  FROM      YEAR
                                      NORMAL
......................................................
TEMPERATURE (F)
 YESTERDAY
  MAXIMUM         73    233 PM  43     30       52
  MINIMUM         36    256 AM  16     20       14
  AVERAGE         55            30     25       33

PRECIPITATION (IN)
  YESTERDAY        0.00          0.01  -0.01     0.00
  MONTH TO DATE    0.28          0.50  -0.22     0.13
  SINCE SEP 1      2.02          3.31  -1.29     1.35
  SINCE JAN 1     15.19         17.10  -1.91    14.27

DEGREE DAYS
 HEATING
  YESTERDAY       10            35    -25       32
  MONTH TO DATE  594           676    -82      472
  SINCE SEP 1   1312          1394    -82      918
  SINCE JUL 1   1324          1431   -107      951

 COOLING
  YESTERDAY        0             0      0        0
  MONTH TO DATE    0             0      0        0
  SINCE SEP 1    107            69     38       62
  SINCE JAN 1    780           717     63      774
......................................................


WIND (MPH)
  HIGHEST WIND SPEED    18   HIGHEST WIND DIRECTION     W (250)
  HIGHEST GUST SPEED    25   HIGHEST GUST DIRECTION     W (270)
  AVERAGE WIND SPEED     5.4


SKY COVER
  AVERAGE SKY COVER 0.0


WEATHER CONDITIONS
 THE FOLLOWING WEATHER WAS RECORDED YESTERDAY.
  NO SIGNIFICANT WEATHER WAS OBSERVED.


RELATIVE HUMIDITY (PERCENT)
 HIGHEST    92           200 AM
 LOWEST     29           200 PM
 AVERAGE    61

..........................................................




SUNRISE AND SUNSET
NOVEMBER 24 2017......SUNRISE   654 AM MST   SUNSET   419 PM MST
NOVEMBER 25 2017......SUNRISE   655 AM MST   SUNSET   419 PM MST


-  INDICATES NEGATIVE NUMBERS.
R  INDICATES RECORD WAS SET OR TIED.
MM INDICATES DATA IS MISSING.
T  INDICATES TRACE AMOUNT.




$$
