000
CDUS43 KUNR 210830
CLIIEN


CLIMATE REPORT
NATIONAL WEATHER SERVICE RAPID CITY SD
230 AM MDT THU AUG 21 2014


...................................

...THE PINE RIDGE SD CLIMATE SUMMARY FOR AUGUST 20 2014...

CLIMATE NORMAL PERIOD 1981 TO 2010
CLIMATE RECORD PERIOD 9999 TO 9999


WEATHER ITEM   OBSERVED TIME   NORMAL DEPARTURE LAST
                VALUE   (LST)  VALUE  FROM      YEAR
                                      NORMAL
......................................................
TEMPERATURE (F)
 YESTERDAY
  MAXIMUM         90    350 PM  88      2       97
  MINIMUM         59   1159 PM  55      4       64
  AVERAGE         75            71      4       81

PRECIPITATION (IN)
  YESTERDAY        T             0.06  -0.06      T
  MONTH TO DATE    0.79          1.31  -0.52     2.30
  SINCE JUN 1      7.89          7.01   0.88     6.23
  SINCE JAN 1     15.49         13.25   2.24    13.99

DEGREE DAYS
 HEATING
  YESTERDAY        0             1     -1        0
  MONTH TO DATE    0             8     -8        0
  SINCE JUN 1    136           107     29       80
  SINCE JUL 1     28            20      8        2

 COOLING
  YESTERDAY       10             7      3       16
  MONTH TO DATE  142           177    -35      145
  SINCE JUN 1    375           568   -193      512
  SINCE JAN 1    400           585   -185      529
......................................................


WIND (MPH)
  HIGHEST WIND SPEED    12   HIGHEST WIND DIRECTION     N (10)
  HIGHEST GUST SPEED    17   HIGHEST GUST DIRECTION     N (350)
  AVERAGE WIND SPEED     4.6


SKY COVER
  AVERAGE SKY COVER 0.1


WEATHER CONDITIONS
 THE FOLLOWING WEATHER WAS RECORDED YESTERDAY.
  NO SIGNIFICANT WEATHER WAS OBSERVED.


RELATIVE HUMIDITY (PERCENT)
 HIGHEST    90          1100 PM
 LOWEST     29           500 PM
 AVERAGE    60

..........................................................




SUNRISE AND SUNSET
AUGUST 21 2014........SUNRISE   602 AM MDT   SUNSET   743 PM MDT
AUGUST 22 2014........SUNRISE   604 AM MDT   SUNSET   741 PM MDT


-  INDICATES NEGATIVE NUMBERS.
R  INDICATES RECORD WAS SET OR TIED.
MM INDICATES DATA IS MISSING.
T  INDICATES TRACE AMOUNT.




$$
