000
CDUS43 KUNR 260850
CLIIEN


CLIMATE REPORT
NATIONAL WEATHER SERVICE RAPID CITY SD
247 AM MDT TUE MAY 26 2015


...................................

...THE PINE RIDGE SD CLIMATE SUMMARY FOR MAY 25 2015...

CLIMATE NORMAL PERIOD 1981 TO 2010
CLIMATE RECORD PERIOD 9999 TO 9999


WEATHER ITEM   OBSERVED TIME   NORMAL DEPARTURE LAST
                VALUE   (LST)  VALUE  FROM      YEAR
                                      NORMAL
......................................................
TEMPERATURE (F)
 YESTERDAY
  MAXIMUM         62    314 PM  73    -11       76
  MINIMUM         53    901 PM  45      8       56
  AVERAGE         58            59     -1       66

PRECIPITATION (IN)
  YESTERDAY        0.39          0.07   0.32     0.65
  MONTH TO DATE    6.75          2.03   4.72     3.54
  SINCE MAR 1      8.81          4.81   4.00     7.04
  SINCE JAN 1      9.27          5.60   3.67     7.31

DEGREE DAYS
 HEATING
  YESTERDAY        7             7      0        0
  MONTH TO DATE  351           268     83      323
  SINCE MAR 1   1611          1738   -127     1878
  SINCE JUL 1   6821          7088   -267     7360

 COOLING
  YESTERDAY        0             1     -1        1
  MONTH TO DATE    0             8     -8        1
  SINCE MAR 1      0             8     -8        2
  SINCE JAN 1      0             8     -8        2
......................................................


WIND (MPH)
  HIGHEST WIND SPEED    20   HIGHEST WIND DIRECTION     W (290)
  HIGHEST GUST SPEED    23   HIGHEST GUST DIRECTION    NW (300)
  AVERAGE WIND SPEED     6.3


SKY COVER
  AVERAGE SKY COVER 1.0


WEATHER CONDITIONS
 THE FOLLOWING WEATHER WAS RECORDED YESTERDAY.
  THUNDERSTORM
  HEAVY RAIN
  RAIN
  LIGHT RAIN
  FOG


RELATIVE HUMIDITY (PERCENT)
 HIGHEST    93          1200 AM
 LOWEST     64           200 PM
 AVERAGE    79

..........................................................




SUNRISE AND SUNSET
MAY 26 2015...........SUNRISE   517 AM MDT   SUNSET   817 PM MDT
MAY 27 2015...........SUNRISE   517 AM MDT   SUNSET   818 PM MDT


-  INDICATES NEGATIVE NUMBERS.
R  INDICATES RECORD WAS SET OR TIED.
MM INDICATES DATA IS MISSING.
T  INDICATES TRACE AMOUNT.




$$
