000
CDUS43 KUNR 250837
CLIIEN


CLIMATE REPORT
NATIONAL WEATHER SERVICE RAPID CITY SD
234 AM MDT SAT MAR 25 2017


...................................

...THE PINE RIDGE SD CLIMATE SUMMARY FOR MARCH 24 2017...

CLIMATE NORMAL PERIOD 1981 TO 2010
CLIMATE RECORD PERIOD 9999 TO 9999


WEATHER ITEM   OBSERVED TIME   NORMAL DEPARTURE LAST
                VALUE   (LST)  VALUE  FROM      YEAR
                                      NORMAL
......................................................
TEMPERATURE (F)
 YESTERDAY
  MAXIMUM         62    245 PM  53      9       53
  MINIMUM         37    629 AM  25     12       12
  AVERAGE         50            39     11       33

PRECIPITATION (IN)
  YESTERDAY        0.00          0.04  -0.04     0.00
  MONTH TO DATE    0.41          0.60  -0.19     0.92
  SINCE MAR 1      0.41          0.60  -0.19     0.92
  SINCE JAN 1      1.55          1.39   0.16     1.42

DEGREE DAYS
 HEATING
  YESTERDAY       15            26    -11       32
  MONTH TO DATE  557           715   -158      560
  SINCE MAR 1    557           715   -158      560
  SINCE JUL 1   5723          6065   -342     5429

 COOLING
  YESTERDAY        0             0      0        0
  MONTH TO DATE    0             0      0        0
  SINCE MAR 1      0             0      0        0
  SINCE JAN 1      0             0      0        0
......................................................


WIND (MPH)
  HIGHEST WIND SPEED    16   HIGHEST WIND DIRECTION     N (20)
  HIGHEST GUST SPEED    21   HIGHEST GUST DIRECTION    NE (40)
  AVERAGE WIND SPEED     7.9


SKY COVER
  AVERAGE SKY COVER 0.3


WEATHER CONDITIONS
 THE FOLLOWING WEATHER WAS RECORDED YESTERDAY.
  NO SIGNIFICANT WEATHER WAS OBSERVED.


RELATIVE HUMIDITY (PERCENT)
 HIGHEST   100           500 AM
 LOWEST     35           200 PM
 AVERAGE    68

..........................................................




SUNRISE AND SUNSET
MARCH 25 2017.........SUNRISE   644 AM MDT   SUNSET   709 PM MDT
MARCH 26 2017.........SUNRISE   642 AM MDT   SUNSET   710 PM MDT


-  INDICATES NEGATIVE NUMBERS.
R  INDICATES RECORD WAS SET OR TIED.
MM INDICATES DATA IS MISSING.
T  INDICATES TRACE AMOUNT.




$$
