000
CDUS43 KUNR 220835
CLIIEN


CLIMATE REPORT
NATIONAL WEATHER SERVICE RAPID CITY SD
235 AM MDT SAT JUL 22 2017


...................................

...THE PINE RIDGE SD CLIMATE SUMMARY FOR JULY 21 2017...

CLIMATE NORMAL PERIOD 1981 TO 2010
CLIMATE RECORD PERIOD 9999 TO 9999


WEATHER ITEM   OBSERVED TIME   NORMAL DEPARTURE LAST
                VALUE   (LST)  VALUE  FROM      YEAR
                                      NORMAL
......................................................
TEMPERATURE (F)
 YESTERDAY
  MAXIMUM         96    326 PM  90      6       94
  MINIMUM         66   1159 PM  59      7       68
  AVERAGE         81            75      6       81

PRECIPITATION (IN)
  YESTERDAY        0.04          0.05  -0.01     0.00
  MONTH TO DATE    0.96          1.50  -0.54     2.22
  SINCE JUN 1      2.47          4.93  -2.46     3.72
  SINCE JAN 1     11.93         11.17   0.76     9.80

DEGREE DAYS
 HEATING
  YESTERDAY        0             0      0        0
  MONTH TO DATE    0             4     -4        2
  SINCE JUN 1     35            91    -56       28
  SINCE JUL 1      0             4     -4        2

 COOLING
  YESTERDAY       16            10      6       16
  MONTH TO DATE  272           179     93      191
  SINCE JUN 1    370           289     81      408
  SINCE JAN 1    386           306     80      416
......................................................


WIND (MPH)
  HIGHEST WIND SPEED    24   HIGHEST WIND DIRECTION    SW (210)
  HIGHEST GUST SPEED    29   HIGHEST GUST DIRECTION    SW (220)
  AVERAGE WIND SPEED     6.8


SKY COVER
  AVERAGE SKY COVER 0.0


WEATHER CONDITIONS
 THE FOLLOWING WEATHER WAS RECORDED YESTERDAY.
  THUNDERSTORM
  LIGHT RAIN
  FOG
  HAZE


RELATIVE HUMIDITY (PERCENT)
 HIGHEST   100           600 AM
 LOWEST     26           200 PM
 AVERAGE    63

..........................................................




SUNRISE AND SUNSET
JULY 22 2017..........SUNRISE   531 AM MDT   SUNSET   821 PM MDT
JULY 23 2017..........SUNRISE   532 AM MDT   SUNSET   821 PM MDT


-  INDICATES NEGATIVE NUMBERS.
R  INDICATES RECORD WAS SET OR TIED.
MM INDICATES DATA IS MISSING.
T  INDICATES TRACE AMOUNT.




$$
