000
CDUS45 KIGM 240826
CLIIGM


CLIMATE REPORT
NATIONAL WEATHER SERVICE LAS VEGAS, NV
125 AM PDT THU APR 24 2014


...................................

...THE KINGMAN AZ CLIMATE SUMMARY FOR APRIL 23 2014...

CLIMATE NORMAL PERIOD 1981 TO 2010
CLIMATE RECORD PERIOD 1901 TO 2014


WEATHER ITEM   OBSERVED TIME   RECORD YEAR NORMAL DEPARTURE LAST
                VALUE   (LST)  VALUE       VALUE  FROM      YEAR
                                                  NORMAL
..................................................................
TEMPERATURE (F)
 YESTERDAY
  MAXIMUM         72    440 PM  93    2012  76     -4       74
                                      1949
  MINIMUM         42    211 AM  28    1904  46     -4       48
  AVERAGE         57                        61     -4       61

PRECIPITATION (IN)
  YESTERDAY        0.00          0.65 1942   0.01  -0.01     0.00
  MONTH TO DATE    0.02                      0.35  -0.33     0.05
  SINCE OCT 1      1.45                      5.37  -3.92     2.35
  SINCE JAN 1      0.57                      3.27  -2.70     1.18

DEGREE DAYS
 HEATING
  YESTERDAY        8                         5      3        4
  MONTH TO DATE  116                       184    -68      145
  SINCE MAR 1    422                       602   -180      403
  SINCE JUL 1   2744                      3015   -271     2870

 COOLING
  YESTERDAY        0                         1     -1        0
  MONTH TO DATE   33                        16     17        6
  SINCE MAR 1     33                        19     14       12
  SINCE JAN 1     33                        19     14       12
..................................................................


WIND (MPH)
  RESULTANT WIND SPEED   7   RESULTANT WIND DIRECTION   N (10)
  HIGHEST WIND SPEED    24   HIGHEST WIND DIRECTION     N (340)
  HIGHEST GUST SPEED    30   HIGHEST GUST DIRECTION     N (10)
  AVERAGE WIND SPEED    11.1


SKY COVER
  POSSIBLE SUNSHINE  MM
  AVERAGE SKY COVER 0.0


WEATHER CONDITIONS
 THE FOLLOWING WEATHER WAS RECORDED YESTERDAY.
  NO SIGNIFICANT WEATHER WAS OBSERVED.


RELATIVE HUMIDITY (PERCENT)
 HIGHEST    17           400 AM
 LOWEST      7          1200 PM
 AVERAGE    12

..........................................................


THE KINGMAN AZ CLIMATE NORMALS FOR TODAY
                         NORMAL    RECORD    YEAR
 MAXIMUM TEMPERATURE (F)   76        95      1921
 MINIMUM TEMPERATURE (F)   46        27      1904


SUNRISE AND SUNSET
APRIL 24 2014.........SUNRISE   552 AM MST   SUNSET   716 PM MST
APRIL 25 2014.........SUNRISE   551 AM MST   SUNSET   717 PM MST


-  INDICATES NEGATIVE NUMBERS.
R  INDICATES RECORD WAS SET OR TIED.
MM INDICATES DATA IS MISSING.
T  INDICATES TRACE AMOUNT.




$$
