000
CDUS45 KVEF 200827
CLIIGM


CLIMATE REPORT
NATIONAL WEATHER SERVICE LAS VEGAS, NV
1225 AM PST MON FEB 20 2017


...................................

...THE KINGMAN AZ CLIMATE SUMMARY FOR FEBRUARY 19 2017...

CLIMATE NORMAL PERIOD 1981 TO 2010
CLIMATE RECORD PERIOD 1901 TO 2017


WEATHER ITEM   OBSERVED TIME   RECORD YEAR NORMAL DEPARTURE LAST
                VALUE   (LST)  VALUE       VALUE  FROM      YEAR
                                                  NORMAL
..................................................................
TEMPERATURE (F)
 YESTERDAY
  MAXIMUM         55    352 PM  81    1923  60     -5       73
  MINIMUM         39    705 AM  20    1955  35      4       40
  AVERAGE         47                        47      0       57

PRECIPITATION (IN)
  YESTERDAY        0.08          1.50 2011   0.04   0.04     0.00
  MONTH TO DATE    0.16                      0.81  -0.65      T
  SINCE OCT 1      5.50                      3.93   1.57     2.70
  SINCE JAN 1      1.94                      1.83   0.11     1.18

DEGREE DAYS
 HEATING
  YESTERDAY       18                        18      0        8
  MONTH TO DATE  213                       357   -144      290
  SINCE DEC 1   1500                      1696   -196     1672
  SINCE JUL 1   1822                      2262   -440     2248

 COOLING
  YESTERDAY        0                         0      0        0
  MONTH TO DATE    0                         0      0        0
  SINCE DEC 1      0                         0      0        0
  SINCE JAN 1      0                         0      0        0
..................................................................


WIND (MPH)
  RESULTANT WIND SPEED   7   RESULTANT WIND DIRECTION  SW (220)
  HIGHEST WIND SPEED    20   HIGHEST WIND DIRECTION    SW (220)
  HIGHEST GUST SPEED    24   HIGHEST GUST DIRECTION    SW (210)
  AVERAGE WIND SPEED     7.2


SKY COVER
  POSSIBLE SUNSHINE  MM
  AVERAGE SKY COVER 0.9


WEATHER CONDITIONS
 THE FOLLOWING WEATHER WAS RECORDED YESTERDAY.
  RAIN
  LIGHT RAIN
  FOG
  HAZE


RELATIVE HUMIDITY (PERCENT)
 HIGHEST    89           500 AM
 LOWEST     47           400 PM
 AVERAGE    68

..........................................................


THE KINGMAN AZ CLIMATE NORMALS FOR TODAY
                         NORMAL    RECORD    YEAR
 MAXIMUM TEMPERATURE (F)   60        79      1943
 MINIMUM TEMPERATURE (F)   35        20      1955


SUNRISE AND SUNSET
FEBRUARY 20 2017......SUNRISE   716 AM MST   SUNSET   623 PM MST
FEBRUARY 21 2017......SUNRISE   715 AM MST   SUNSET   624 PM MST


-  INDICATES NEGATIVE NUMBERS.
R  INDICATES RECORD WAS SET OR TIED.
MM INDICATES DATA IS MISSING.
T  INDICATES TRACE AMOUNT.




$$
