000
CDUS45 KVEF 250827
CLIIGM


CLIMATE REPORT
NATIONAL WEATHER SERVICE LAS VEGAS, NV
126 AM PDT MON JUL 25 2016


...................................

...THE KINGMAN AZ CLIMATE SUMMARY FOR JULY 24 2016...

CLIMATE NORMAL PERIOD 1981 TO 2010
CLIMATE RECORD PERIOD 1901 TO 2016


WEATHER ITEM   OBSERVED TIME   RECORD YEAR NORMAL DEPARTURE LAST
                VALUE   (LST)  VALUE       VALUE  FROM      YEAR
                                                  NORMAL
..................................................................
TEMPERATURE (F)
 YESTERDAY
  MAXIMUM         99    450 PM 107    1928  97      2       95
  MINIMUM         76    416 AM  57    1977  71      5       66
  AVERAGE         88                        84      4       81

PRECIPITATION (IN)
  YESTERDAY        0.00          1.00 1954   0.03  -0.03     0.00
  MONTH TO DATE    0.32                      0.55  -0.23     0.92
  SINCE OCT 1      5.48                      6.20  -0.72     7.53
  SINCE JAN 1      3.96                      4.10  -0.14     5.40

DEGREE DAYS
 HEATING
  YESTERDAY        0                         0      0        0
  MONTH TO DATE    0                         0      0        0
  SINCE JUN 1      0                         3     -3        0
  SINCE JUL 1      0                         0      0        0

 COOLING
  YESTERDAY       23                        19      4       16
  MONTH TO DATE  494                       442     52      394
  SINCE JUN 1   1056                       827    229      871
  SINCE JAN 1   1196                      1025    171      977
..................................................................


WIND (MPH)
  RESULTANT WIND SPEED  11   RESULTANT WIND DIRECTION  SW (220)
  HIGHEST WIND SPEED    30   HIGHEST WIND DIRECTION    SW (230)
  HIGHEST GUST SPEED    36   HIGHEST GUST DIRECTION    SW (220)
  AVERAGE WIND SPEED    12.7


SKY COVER
  POSSIBLE SUNSHINE  MM
  AVERAGE SKY COVER 0.0


WEATHER CONDITIONS
 THE FOLLOWING WEATHER WAS RECORDED YESTERDAY.
  NO SIGNIFICANT WEATHER WAS OBSERVED.


RELATIVE HUMIDITY (PERCENT)
 HIGHEST    35           500 AM
 LOWEST     17           400 PM
 AVERAGE    26

..........................................................


THE KINGMAN AZ CLIMATE NORMALS FOR TODAY
                         NORMAL    RECORD    YEAR
 MAXIMUM TEMPERATURE (F)   97       107      1943
 MINIMUM TEMPERATURE (F)   71        53      1918


SUNRISE AND SUNSET
JULY 25 2016..........SUNRISE   540 AM MST   SUNSET   744 PM MST
JULY 26 2016..........SUNRISE   541 AM MST   SUNSET   744 PM MST


-  INDICATES NEGATIVE NUMBERS.
R  INDICATES RECORD WAS SET OR TIED.
MM INDICATES DATA IS MISSING.
T  INDICATES TRACE AMOUNT.




$$
