000
CDUS45 KVEF 050031
CLIIGM


CLIMATE REPORT
NATIONAL WEATHER SERVICE LAS VEGAS, NV
531 PM PDT SAT JUL 4 2015


...................................

...THE KINGMAN AZ CLIMATE SUMMARY FOR JULY 4 2015...
VALID TODAY AS OF 0500 PM LOCAL TIME.

CLIMATE NORMAL PERIOD 1981 TO 2010
CLIMATE RECORD PERIOD 1901 TO 2015


WEATHER ITEM   OBSERVED TIME   RECORD YEAR NORMAL DEPARTURE LAST
                VALUE   (LST)  VALUE       VALUE  FROM      YEAR
                                                  NORMAL
..................................................................
TEMPERATURE (F)
 TODAY
  MAXIMUM         94    135 PM 110    2007  97     -3       92
  MINIMUM         80    645 AM  50    1956  68     12       73
  AVERAGE         87                        82      5       83

PRECIPITATION (IN)
  TODAY            T             0.65 1906   0.01  -0.01     0.00
  MONTH TO DATE    0.01                      0.05  -0.04     0.00
  SINCE OCT 1      6.62                      5.70   0.92     1.67
  SINCE JAN 1      4.49                      3.60   0.89     0.79

DEGREE DAYS
 HEATING
  TODAY            0                         0      0        0
  MONTH TO DATE    0                         0      0        0
  SINCE JUN 1      0                         3     -3        0
  SINCE JUL 1      0                         0      0        0

 COOLING
  TODAY           22                        17      5       18
  MONTH TO DATE   81                        68     13       85
  SINCE JUN 1    558                       453    105      525
  SINCE JAN 1    664                       651     13      750
..................................................................


WIND (MPH)
  RESULTANT WIND SPEED   6   RESULTANT WIND DIRECTION  SW (210)
  HIGHEST WIND SPEED    20   HIGHEST WIND DIRECTION    SW (230)
  HIGHEST GUST SPEED    25   HIGHEST GUST DIRECTION     E (110)
  AVERAGE WIND SPEED     9.5


SKY COVER
  POSSIBLE SUNSHINE  MM
  AVERAGE SKY COVER 0.5


WEATHER CONDITIONS
 THE FOLLOWING WEATHER WAS RECORDED TODAY.
  LIGHT RAIN


RELATIVE HUMIDITY (PERCENT)
 HIGHEST    39           600 AM
 LOWEST     23           900 AM
 AVERAGE    31

..........................................................


THE KINGMAN AZ CLIMATE NORMALS FOR TOMORROW
                         NORMAL    RECORD    YEAR
 MAXIMUM TEMPERATURE (F)   97       109      2007
 MINIMUM TEMPERATURE (F)   69        50      1956


SUNRISE AND SUNSET
JULY  4 2015..........SUNRISE   526 AM MST   SUNSET   754 PM MST
JULY  5 2015..........SUNRISE   527 AM MST   SUNSET   754 PM MST


-  INDICATES NEGATIVE NUMBERS.
R  INDICATES RECORD WAS SET OR TIED.
MM INDICATES DATA IS MISSING.
T  INDICATES TRACE AMOUNT.




$$
