000
CDUS45 KVEF 040840
CLIIGM


CLIMATE REPORT
NATIONAL WEATHER SERVICE LAS VEGAS, NV
1239 AM PST WED MAR 4 2015


...................................

...THE KINGMAN AZ CLIMATE SUMMARY FOR MARCH 3 2015...

CLIMATE NORMAL PERIOD 1981 TO 2010
CLIMATE RECORD PERIOD 1901 TO 2015


WEATHER ITEM   OBSERVED TIME   RECORD YEAR NORMAL DEPARTURE LAST
                VALUE   (LST)  VALUE       VALUE  FROM      YEAR
                                                  NORMAL
..................................................................
TEMPERATURE (F)
 YESTERDAY
  MAXIMUM         52    329 PM  85    1910  63    -11       66
  MINIMUM         30    716 AM  18    1966  36     -6       37
  AVERAGE         41                        49     -8       52

PRECIPITATION (IN)
  YESTERDAY        0.03          1.45 1938   0.04  -0.01     0.00
  MONTH TO DATE    1.27                      0.12   1.15     0.11
  SINCE OCT 1      4.83                      4.38   0.45     1.43
  SINCE JAN 1      2.70                      2.28   0.42     0.55

DEGREE DAYS
 HEATING
  YESTERDAY       24                        16      8       13
  MONTH TO DATE   64                        48     16       45
  SINCE MAR 1     64                        48     16       45
  SINCE JUL 1   2044                      2461   -417     2367

 COOLING
  YESTERDAY        0                         0      0        0
  MONTH TO DATE    0                         0      0        0
  SINCE MAR 1      0                         0      0        0
  SINCE JAN 1      0                         0      0        0
..................................................................


WIND (MPH)
  RESULTANT WIND SPEED   1   RESULTANT WIND DIRECTION   S (200)
  HIGHEST WIND SPEED    18   HIGHEST WIND DIRECTION    SW (210)
  HIGHEST GUST SPEED    22   HIGHEST GUST DIRECTION     S (190)
  AVERAGE WIND SPEED     4.9


SKY COVER
  POSSIBLE SUNSHINE  MM
  AVERAGE SKY COVER 0.3


WEATHER CONDITIONS
 THE FOLLOWING WEATHER WAS RECORDED YESTERDAY.
  LIGHT RAIN
  HAZE


RELATIVE HUMIDITY (PERCENT)
 HIGHEST    96           100 AM
 LOWEST     46           400 PM
 AVERAGE    71

..........................................................


THE KINGMAN AZ CLIMATE NORMALS FOR TODAY
                         NORMAL    RECORD    YEAR
 MAXIMUM TEMPERATURE (F)   63        87      1910
 MINIMUM TEMPERATURE (F)   36        11      1976


SUNRISE AND SUNSET
MARCH  4 2015.........SUNRISE   702 AM MST   SUNSET   634 PM MST
MARCH  5 2015.........SUNRISE   700 AM MST   SUNSET   635 PM MST


-  INDICATES NEGATIVE NUMBERS.
R  INDICATES RECORD WAS SET OR TIED.
MM INDICATES DATA IS MISSING.
T  INDICATES TRACE AMOUNT.




$$
