000
CDUS45 KVEF 270828
CLIIGM


CLIMATE REPORT
NATIONAL WEATHER SERVICE LAS VEGAS, NV
127 AM PDT FRI MAR 27 2015


...................................

...THE KINGMAN AZ CLIMATE SUMMARY FOR MARCH 26 2015...

CLIMATE NORMAL PERIOD 1981 TO 2010
CLIMATE RECORD PERIOD 1901 TO 2015


WEATHER ITEM   OBSERVED TIME   RECORD YEAR NORMAL DEPARTURE LAST
                VALUE   (LST)  VALUE       VALUE  FROM      YEAR
                                                  NORMAL
..................................................................
TEMPERATURE (F)
 YESTERDAY
  MAXIMUM         78    446 PM  83    1988  68     10       67
  MINIMUM         41    639 AM  21    1913  39      2       49
  AVERAGE         60                        53      7       58

PRECIPITATION (IN)
  YESTERDAY        0.00          0.77 1925   0.01  -0.01     0.00
  MONTH TO DATE    1.27                      0.66   0.61     0.11
  SINCE OCT 1      4.83                      4.92  -0.09     1.43
  SINCE JAN 1      2.70                      2.82  -0.12     0.55

DEGREE DAYS
 HEATING
  YESTERDAY        5                        12     -7        7
  MONTH TO DATE  245                       363   -118      253
  SINCE MAR 1    245                       363   -118      253
  SINCE JUL 1   2225                      2776   -551     2575

 COOLING
  YESTERDAY        0                         0      0        0
  MONTH TO DATE    0                         0      0        0
  SINCE MAR 1      0                         0      0        0
  SINCE JAN 1      0                         0      0        0
..................................................................


WIND (MPH)
  RESULTANT WIND SPEED   7   RESULTANT WIND DIRECTION  NE (40)
  HIGHEST WIND SPEED    17   HIGHEST WIND DIRECTION     N (10)
  HIGHEST GUST SPEED    22   HIGHEST GUST DIRECTION     N (10)
  AVERAGE WIND SPEED    10.1


SKY COVER
  POSSIBLE SUNSHINE  MM
  AVERAGE SKY COVER 0.0


WEATHER CONDITIONS
 THE FOLLOWING WEATHER WAS RECORDED YESTERDAY.
  NO SIGNIFICANT WEATHER WAS OBSERVED.


RELATIVE HUMIDITY (PERCENT)
 HIGHEST    36           600 AM
 LOWEST     10           300 PM
 AVERAGE    23

..........................................................


THE KINGMAN AZ CLIMATE NORMALS FOR TODAY
                         NORMAL    RECORD    YEAR
 MAXIMUM TEMPERATURE (F)   68        84      1986
 MINIMUM TEMPERATURE (F)   39        24      2009


SUNRISE AND SUNSET
MARCH 27 2015.........SUNRISE   630 AM MST   SUNSET   653 PM MST
MARCH 28 2015.........SUNRISE   628 AM MST   SUNSET   654 PM MST


-  INDICATES NEGATIVE NUMBERS.
R  INDICATES RECORD WAS SET OR TIED.
MM INDICATES DATA IS MISSING.
T  INDICATES TRACE AMOUNT.




$$
