000
CDUS45 KVEF 020826
CLIIGM


CLIMATE REPORT
NATIONAL WEATHER SERVICE LAS VEGAS, NV
1226 AM PST FRI DEC 2 2016


...................................

...THE KINGMAN AZ CLIMATE SUMMARY FOR DECEMBER 1 2016...

CLIMATE NORMAL PERIOD 1981 TO 2010
CLIMATE RECORD PERIOD 1901 TO 2016


WEATHER ITEM   OBSERVED TIME   RECORD YEAR NORMAL DEPARTURE LAST
                VALUE   (LST)  VALUE       VALUE  FROM      YEAR
                                                  NORMAL
..................................................................
TEMPERATURE (F)
 YESTERDAY
  MAXIMUM         52    219 PM  74    1924  57     -5       54
  MINIMUM         26    548 AM  21    1906  33     -7       24
  AVERAGE         39                        45     -6       39

PRECIPITATION (IN)
  YESTERDAY        0.00          0.90 1982   0.02  -0.02     0.00
  MONTH TO DATE    0.00                      0.02  -0.02     0.00
  SINCE OCT 1      0.93                      1.38  -0.45     1.28
  SINCE JAN 1      8.36                      7.67   0.69     7.96

DEGREE DAYS
 HEATING
  YESTERDAY       26                        20      6       26
  MONTH TO DATE   26                        20      6       26
  SINCE DEC 1     26                        20      6       26
  SINCE JUL 1    348                       586   -238      602

 COOLING
  YESTERDAY        0                         0      0        0
  MONTH TO DATE    0                         0      0        0
  SINCE DEC 1      0                         0      0        0
  SINCE JAN 1   2244                      2093    151     2235
..................................................................


WIND (MPH)
  RESULTANT WIND SPEED   2   RESULTANT WIND DIRECTION   E (70)
  HIGHEST WIND SPEED    10   HIGHEST WIND DIRECTION    SE (120)
  HIGHEST GUST SPEED    14   HIGHEST GUST DIRECTION     N (350)
  AVERAGE WIND SPEED     4.4


SKY COVER
  POSSIBLE SUNSHINE  MM
  AVERAGE SKY COVER 0.1


WEATHER CONDITIONS
 THE FOLLOWING WEATHER WAS RECORDED YESTERDAY.
  NO SIGNIFICANT WEATHER WAS OBSERVED.


RELATIVE HUMIDITY (PERCENT)
 HIGHEST    81           100 AM
 LOWEST     21           200 PM
 AVERAGE    51

..........................................................


THE KINGMAN AZ CLIMATE NORMALS FOR TODAY
                         NORMAL    RECORD    YEAR
 MAXIMUM TEMPERATURE (F)   57        76      1949
 MINIMUM TEMPERATURE (F)   33        20      1991


SUNRISE AND SUNSET
DECEMBER  2 2016......SUNRISE   727 AM MST   SUNSET   523 PM MST
DECEMBER  3 2016......SUNRISE   728 AM MST   SUNSET   523 PM MST


-  INDICATES NEGATIVE NUMBERS.
R  INDICATES RECORD WAS SET OR TIED.
MM INDICATES DATA IS MISSING.
T  INDICATES TRACE AMOUNT.




$$
