000
CDUS45 KVEF 250039
CLIIGM


CLIMATE REPORT
NATIONAL WEATHER SERVICE LAS VEGAS, NV
538 PM PDT FRI MAR 24 2017


...................................

...THE KINGMAN AZ CLIMATE SUMMARY FOR MARCH 24 2017...
VALID TODAY AS OF 0500 PM LOCAL TIME.

CLIMATE NORMAL PERIOD 1981 TO 2010
CLIMATE RECORD PERIOD 1901 TO 2017


WEATHER ITEM   OBSERVED TIME   RECORD YEAR NORMAL DEPARTURE LAST
                VALUE   (LST)  VALUE       VALUE  FROM      YEAR
                                                  NORMAL
..................................................................
TEMPERATURE (F)
 TODAY
  MAXIMUM         69    414 PM  83    1956  68      1       72
  MINIMUM         35    636 AM  16    1904  39     -4       33
  AVERAGE         52                        53     -1       53

PRECIPITATION (IN)
  TODAY            0.00          1.12 1906   0.02  -0.02     0.00
  MONTH TO DATE    0.24                      0.62  -0.38     0.16
  SINCE OCT 1      6.26                      4.88   1.38     2.86
  SINCE JAN 1      2.70                      2.78  -0.08     1.34

DEGREE DAYS
 HEATING
  TODAY           13                        12      1       12
  MONTH TO DATE  170                       339   -169      192
  SINCE MAR 1    170                       339   -169      192
  SINCE JUL 1   2167                      2752   -585     2544

 COOLING
  TODAY            0                         0      0        0
  MONTH TO DATE    6                         0      6        2
  SINCE MAR 1      6                         0      6        2
  SINCE JAN 1      6                         0      6        2
..................................................................


WIND (MPH)
  RESULTANT WIND SPEED   2   RESULTANT WIND DIRECTION   S (180)
  HIGHEST WIND SPEED    16   HIGHEST WIND DIRECTION    SW (230)
  HIGHEST GUST SPEED    19   HIGHEST GUST DIRECTION     W (250)
  AVERAGE WIND SPEED     3.7


SKY COVER
  POSSIBLE SUNSHINE  MM
  AVERAGE SKY COVER 0.0


WEATHER CONDITIONS
 THE FOLLOWING WEATHER WAS RECORDED TODAY.
  NO SIGNIFICANT WEATHER WAS OBSERVED.


RELATIVE HUMIDITY (PERCENT)
 HIGHEST    82           500 AM
 LOWEST     10           400 PM
 AVERAGE    46

..........................................................


THE KINGMAN AZ CLIMATE NORMALS FOR TOMORROW
                         NORMAL    RECORD    YEAR
 MAXIMUM TEMPERATURE (F)   68        82      1956
 MINIMUM TEMPERATURE (F)   39        24      1902


SUNRISE AND SUNSET
MARCH 24 2017.........SUNRISE   633 AM MST   SUNSET   651 PM MST
MARCH 25 2017.........SUNRISE   632 AM MST   SUNSET   652 PM MST


-  INDICATES NEGATIVE NUMBERS.
R  INDICATES RECORD WAS SET OR TIED.
MM INDICATES DATA IS MISSING.
T  INDICATES TRACE AMOUNT.




$$
