000
CDUS45 KVEF 280829
CLIIGM


CLIMATE REPORT
NATIONAL WEATHER SERVICE LAS VEGAS, NV
128 AM PDT FRI APR 28 2017


...................................

...THE KINGMAN AZ CLIMATE SUMMARY FOR APRIL 27 2017...

CLIMATE NORMAL PERIOD 1981 TO 2010
CLIMATE RECORD PERIOD 1901 TO 2017


WEATHER ITEM   OBSERVED TIME   RECORD YEAR NORMAL DEPARTURE LAST
                VALUE   (LST)  VALUE       VALUE  FROM      YEAR
                                                  NORMAL
..................................................................
TEMPERATURE (F)
 YESTERDAY
  MAXIMUM         80    205 PM  93    2000  78      2       73
  MINIMUM         54   1018 PM  27    1932  47      7       47
  AVERAGE         67                        62      5       60

PRECIPITATION (IN)
  YESTERDAY        0.00          0.23 1987   0.01  -0.01      T
  MONTH TO DATE    0.00                      0.39  -0.39     0.69
  SINCE OCT 1      6.26                      5.41   0.85     3.55
  SINCE JAN 1      2.70                      3.31  -0.61     2.03

DEGREE DAYS
 HEATING
  YESTERDAY        0                         4     -4        5
  MONTH TO DATE  141                       203    -62      115
  SINCE MAR 1    382                       621   -239      394
  SINCE JUL 1   2379                      3034   -655     2746

 COOLING
  YESTERDAY        2                         2      0        0
  MONTH TO DATE    9                        23    -14       18
  SINCE MAR 1     15                        26    -11       20
  SINCE JAN 1     15                        26    -11       20
..................................................................


WIND (MPH)
  RESULTANT WIND SPEED   5   RESULTANT WIND DIRECTION   W (290)
  HIGHEST WIND SPEED    23   HIGHEST WIND DIRECTION     W (260)
  HIGHEST GUST SPEED    30   HIGHEST GUST DIRECTION     N (360)
  AVERAGE WIND SPEED     9.7


SKY COVER
  POSSIBLE SUNSHINE  MM
  AVERAGE SKY COVER 0.0


WEATHER CONDITIONS
 THE FOLLOWING WEATHER WAS RECORDED YESTERDAY.
  NO SIGNIFICANT WEATHER WAS OBSERVED.


RELATIVE HUMIDITY (PERCENT)
 HIGHEST    55           600 AM
 LOWEST     13           200 PM
 AVERAGE    34

..........................................................


THE KINGMAN AZ CLIMATE NORMALS FOR TODAY
                         NORMAL    RECORD    YEAR
 MAXIMUM TEMPERATURE (F)   78        94      2007
 MINIMUM TEMPERATURE (F)   48        31      1970


SUNRISE AND SUNSET
APRIL 28 2017.........SUNRISE   547 AM MST   SUNSET   720 PM MST
APRIL 29 2017.........SUNRISE   546 AM MST   SUNSET   720 PM MST


-  INDICATES NEGATIVE NUMBERS.
R  INDICATES RECORD WAS SET OR TIED.
MM INDICATES DATA IS MISSING.
T  INDICATES TRACE AMOUNT.




$$
