000
CDUS45 KVEF 290029
CLIIGM


CLIMATE REPORT
NATIONAL WEATHER SERVICE LAS VEGAS, NV
529 PM PDT TUE JUL 28 2015


...................................

...THE KINGMAN AZ CLIMATE SUMMARY FOR JULY 28 2015...
VALID TODAY AS OF 0500 PM LOCAL TIME.

CLIMATE NORMAL PERIOD 1981 TO 2010
CLIMATE RECORD PERIOD 1901 TO 2015


WEATHER ITEM   OBSERVED TIME   RECORD YEAR NORMAL DEPARTURE LAST
                VALUE   (LST)  VALUE       VALUE  FROM      YEAR
                                                  NORMAL
..................................................................
TEMPERATURE (F)
 TODAY
  MAXIMUM         99    351 PM 107    1972  97      2       93
  MINIMUM         59    314 AM  54    1907  71    -12       71
  AVERAGE         79                        84     -5       82

PRECIPITATION (IN)
  TODAY            0.00          1.48 1919   0.03  -0.03     0.01
  MONTH TO DATE    0.92                      0.67   0.25     1.25
  SINCE OCT 1      7.53                      6.32   1.21     2.92
  SINCE JAN 1      5.40                      4.22   1.18     2.04

DEGREE DAYS
 HEATING
  TODAY            0                         0      0        0
  MONTH TO DATE    0                         0      0        0
  SINCE JUN 1      0                         3     -3        0
  SINCE JUL 1      0                         0      0        0

 COOLING
  TODAY           14                        19     -5       17
  MONTH TO DATE  453                       518    -65      522
  SINCE JUN 1    930                       903     27      962
  SINCE JAN 1   1036                      1101    -65     1187
..................................................................


WIND (MPH)
  RESULTANT WIND SPEED   5   RESULTANT WIND DIRECTION   S (200)
  HIGHEST WIND SPEED    18   HIGHEST WIND DIRECTION     W (250)
  HIGHEST GUST SPEED    24   HIGHEST GUST DIRECTION    SW (220)
  AVERAGE WIND SPEED     7.6


SKY COVER
  POSSIBLE SUNSHINE  MM
  AVERAGE SKY COVER 0.0


WEATHER CONDITIONS
 THE FOLLOWING WEATHER WAS RECORDED TODAY.
  NO SIGNIFICANT WEATHER WAS OBSERVED.


RELATIVE HUMIDITY (PERCENT)
 HIGHEST    26           400 AM
 LOWEST      7           400 PM
 AVERAGE    17

..........................................................


THE KINGMAN AZ CLIMATE NORMALS FOR TOMORROW
                         NORMAL    RECORD    YEAR
 MAXIMUM TEMPERATURE (F)   97       106      2000
 MINIMUM TEMPERATURE (F)   71        55      1907


SUNRISE AND SUNSET
JULY 28 2015..........SUNRISE   542 AM MST   SUNSET   743 PM MST
JULY 29 2015..........SUNRISE   542 AM MST   SUNSET   742 PM MST


-  INDICATES NEGATIVE NUMBERS.
R  INDICATES RECORD WAS SET OR TIED.
MM INDICATES DATA IS MISSING.
T  INDICATES TRACE AMOUNT.




$$
