000
CDUS45 KIGM 240027
CLIIGM


CLIMATE REPORT
NATIONAL WEATHER SERVICE LAS VEGAS, NV
527 PM PDT WED JUL 23 2014


...................................

...THE KINGMAN AZ CLIMATE SUMMARY FOR JULY 23 2014...
VALID TODAY AS OF 0500 PM LOCAL TIME.

CLIMATE NORMAL PERIOD 1981 TO 2010
CLIMATE RECORD PERIOD 1901 TO 2014


WEATHER ITEM   OBSERVED TIME   RECORD YEAR NORMAL DEPARTURE LAST
                VALUE   (LST)  VALUE       VALUE  FROM      YEAR
                                                  NORMAL
..................................................................
TEMPERATURE (F)
 TODAY
  MAXIMUM        104    345 PM 107    1996  98      6       95
  MINIMUM         70    448 AM  60    2001  71     -1       72
  AVERAGE         87                        84      3       84

PRECIPITATION (IN)
  TODAY            0.00          0.70 1946   0.03  -0.03     0.00
  MONTH TO DATE    1.10                      0.52   0.58     0.23
  SINCE OCT 1      2.77                      6.17  -3.40     2.59
  SINCE JAN 1      1.89                      4.07  -2.18     1.42

DEGREE DAYS
 HEATING
  TODAY            0                         0      0        0
  MONTH TO DATE    0                         0      0        0
  SINCE JUN 1      0                         3     -3        0
  SINCE JUL 1      0                         0      0        0

 COOLING
  TODAY           22                        19      3       19
  MONTH TO DATE  422                       423     -1      478
  SINCE JUN 1    862                       808     54      978
  SINCE JAN 1   1087                      1006     81     1200
..................................................................


WIND (MPH)
  RESULTANT WIND SPEED   6   RESULTANT WIND DIRECTION  SW (210)
  HIGHEST WIND SPEED    21   HIGHEST WIND DIRECTION    SW (240)
  HIGHEST GUST SPEED    27   HIGHEST GUST DIRECTION     W (250)
  AVERAGE WIND SPEED     7.4


SKY COVER
  POSSIBLE SUNSHINE  MM
  AVERAGE SKY COVER 0.0


WEATHER CONDITIONS
 THE FOLLOWING WEATHER WAS RECORDED TODAY.
  NO SIGNIFICANT WEATHER WAS OBSERVED.


RELATIVE HUMIDITY (PERCENT)
 HIGHEST    27           400 AM
 LOWEST      9          1000 AM
 AVERAGE    18

..........................................................


THE KINGMAN AZ CLIMATE NORMALS FOR TOMORROW
                         NORMAL    RECORD    YEAR
 MAXIMUM TEMPERATURE (F)   97       107      1928
 MINIMUM TEMPERATURE (F)   71        57      1977


SUNRISE AND SUNSET
JULY 23 2014..........SUNRISE   538 AM MST   SUNSET   746 PM MST
JULY 24 2014..........SUNRISE   539 AM MST   SUNSET   745 PM MST


-  INDICATES NEGATIVE NUMBERS.
R  INDICATES RECORD WAS SET OR TIED.
MM INDICATES DATA IS MISSING.
T  INDICATES TRACE AMOUNT.




$$
