000
CDUS41 KPHI 310645
CLIILG


CLIMATE REPORT
NATIONAL WEATHER SERVICE MOUNT HOLLY NJ
245 AM EDT TUE MAY 31 2016


...................................

...THE WILMINGTON DE CLIMATE SUMMARY FOR MAY 30 2016...

CLIMATE NORMAL PERIOD 1981 TO 2010
CLIMATE RECORD PERIOD 1894 TO 2016


WEATHER ITEM   OBSERVED TIME   RECORD YEAR NORMAL DEPARTURE LAST
                VALUE   (LST)  VALUE       VALUE  FROM      YEAR
                                                  NORMAL
..................................................................
TEMPERATURE (F)
 YESTERDAY
  MAXIMUM         79    224 PM  98    1895  77      2       84
  MINIMUM         70    752 AM  41    1961  57     13       67
  AVERAGE         75                        67      8       76

PRECIPITATION (IN)
  YESTERDAY        1.06          1.10 1983   0.14   0.92     0.00
  MONTH TO DATE    7.30                      3.81   3.49     2.39
  SINCE MAR 1     10.94                     11.23  -0.29    12.07
  SINCE JAN 1     17.67                     16.92   0.75    18.68

SNOWFALL (IN)
  YESTERDAY        0.0           0.0  1894   0.0    0.0      0.0
  MONTH TO DATE    0.0                       0.0    0.0      0.0
  SINCE MAR 1      2.7                       2.2    0.5      8.6
  SINCE JUL 1     25.4                      20.2    5.2     23.4
  SNOW DEPTH       0

DEGREE DAYS
 HEATING
  YESTERDAY        0                         2     -2        0
  MONTH TO DATE  171                       132     39       56
  SINCE MAR 1   1052                      1178   -126     1218
  SINCE JUL 1   4060                      4801   -741     5057

 COOLING
  YESTERDAY       10                         4      6       11
  MONTH TO DATE   64                        63      1      150
  SINCE MAR 1     78                        75      3      154
  SINCE JAN 1     78                        75      3      154
..................................................................


WIND (MPH)
  HIGHEST WIND SPEED    15   HIGHEST WIND DIRECTION     S (160)
  HIGHEST GUST SPEED    17   HIGHEST GUST DIRECTION     S (160)
  AVERAGE WIND SPEED     5.9


SKY COVER
  POSSIBLE SUNSHINE  MM
  AVERAGE SKY COVER 0.8


WEATHER CONDITIONS
 THE FOLLOWING WEATHER WAS RECORDED YESTERDAY.
  THUNDERSTORM
  HEAVY RAIN
  RAIN
  LIGHT RAIN
  FOG


RELATIVE HUMIDITY (PERCENT)
 HIGHEST   100           500 AM
 LOWEST     74           100 PM
 AVERAGE    87

..........................................................


THE WILMINGTON DE CLIMATE NORMALS FOR TODAY
                         NORMAL    RECORD    YEAR
 MAXIMUM TEMPERATURE (F)   77        96      2011
                                             1895
 MINIMUM TEMPERATURE (F)   58        41      1938


SUNRISE AND SUNSET
MAY 31 2016...........SUNRISE   537 AM EDT   SUNSET   824 PM EDT
JUNE  1 2016..........SUNRISE   536 AM EDT   SUNSET   825 PM EDT


-  INDICATES NEGATIVE NUMBERS.
R  INDICATES RECORD WAS SET OR TIED.
MM INDICATES DATA IS MISSING.
T  INDICATES TRACE AMOUNT.




$$
