000
CDUS41 KPHI 262137
CLIILG


CLIMATE REPORT
NATIONAL WEATHER SERVICE MOUNT HOLLY NJ
434 PM EST MON JAN 26 2015


...................................

...THE WILMINGTON DE CLIMATE SUMMARY FOR JANUARY 26 2015...
VALID TODAY AS OF 0400 PM LOCAL TIME.

CLIMATE NORMAL PERIOD 1981 TO 2010
CLIMATE RECORD PERIOD 1894 TO 2015


WEATHER ITEM   OBSERVED TIME   RECORD YEAR NORMAL DEPARTURE LAST
                VALUE   (LST)  VALUE       VALUE  FROM      YEAR
                                                  NORMAL
..................................................................
TEMPERATURE (F)
 TODAY
  MAXIMUM         35   1214 AM  75    1950  40     -5       31
  MINIMUM         28   1008 AM   2    1961  25      3       14
  AVERAGE         32                        32      0       23

PRECIPITATION (IN)
  TODAY            0.04          1.72 1933   0.09  -0.05      T
  MONTH TO DATE    4.45                      2.51   1.94     3.16
  SINCE DEC 1      7.46                      5.99   1.47     8.38
  SINCE JAN 1      4.45                      2.51   1.94     3.16

SNOWFALL (IN)
  TODAY            0.5          10.3  2011   0.2    0.3       T
  MONTH TO DATE    3.7                       4.5   -0.8     16.5
  SINCE DEC 1      3.9                       7.9   -4.0     28.4
  SINCE JUL 1      4.2                       8.3   -4.1     28.4
  SNOW DEPTH       0

DEGREE DAYS
 HEATING
  TODAY           33                        33      0       42
  MONTH TO DATE  873                       852     21      941
  SINCE DEC 1   1638                      1731    -93     1784
  SINCE JUL 1   2527                      2629   -102     2705

 COOLING
  TODAY            0                         0      0        0
  MONTH TO DATE    0                         0      0        0
  SINCE DEC 1      0                         0      0        0
  SINCE JAN 1      0                         0      0        0
..................................................................


WIND (MPH)
  HIGHEST WIND SPEED    29   HIGHEST WIND DIRECTION    NE (40)
  HIGHEST GUST SPEED    36   HIGHEST GUST DIRECTION    NE (40)
  AVERAGE WIND SPEED    18.0


SKY COVER
  POSSIBLE SUNSHINE  MM
  AVERAGE SKY COVER 0.9


WEATHER CONDITIONS
 THE FOLLOWING WEATHER WAS RECORDED TODAY.
  LIGHT SNOW
  FOG


RELATIVE HUMIDITY (PERCENT)
 HIGHEST    85           300 AM
 LOWEST     72           500 AM
 AVERAGE    79

..........................................................


THE WILMINGTON DE CLIMATE NORMALS FOR TOMORROW
                         NORMAL    RECORD    YEAR
 MAXIMUM TEMPERATURE (F)   40        68      1974
 MINIMUM TEMPERATURE (F)   25         1      1987


SUNRISE AND SUNSET
JANUARY 26 2015.......SUNRISE   715 AM EST   SUNSET   515 PM EST
JANUARY 27 2015.......SUNRISE   715 AM EST   SUNSET   516 PM EST


-  INDICATES NEGATIVE NUMBERS.
R  INDICATES RECORD WAS SET OR TIED.
MM INDICATES DATA IS MISSING.
T  INDICATES TRACE AMOUNT.




$$
