000
CDUS41 KPHI 230634
CLIILG


CLIMATE REPORT
NATIONAL WEATHER SERVICE MOUNT HOLLY NJ
233 AM EDT TUE MAY 23 2017


...................................

...THE WILMINGTON DE CLIMATE SUMMARY FOR MAY 22 2017...

CLIMATE NORMAL PERIOD 1981 TO 2010
CLIMATE RECORD PERIOD 1894 TO 2017


WEATHER ITEM   OBSERVED TIME   RECORD YEAR NORMAL DEPARTURE LAST
                VALUE   (LST)  VALUE       VALUE  FROM      YEAR
                                                  NORMAL
..................................................................
TEMPERATURE (F)
 YESTERDAY
  MAXIMUM         66    258 PM  94    1941  75     -9       66
  MINIMUM         55    500 AM  37    2002  55      0       52
  AVERAGE         61                        65     -4       59

PRECIPITATION (IN)
  YESTERDAY        0.37          1.74 1947   0.14   0.23     0.08
  MONTH TO DATE    3.79                      2.76   1.03     4.81
  SINCE MAR 1     11.09                     10.18   0.91     8.45
  SINCE JAN 1     15.11                     15.87  -0.76    15.18

SNOWFALL (IN)
  YESTERDAY        0.0           0.0  1894   0.0    0.0      0.0
  MONTH TO DATE    0.0                       0.0    0.0      0.0
  SINCE MAR 1      3.4                       2.2    1.2      2.7
  SINCE JUL 1      9.0                      20.2  -11.2     25.4
  SNOW DEPTH       0

DEGREE DAYS
 HEATING
  YESTERDAY        4                         3      1        6
  MONTH TO DATE  132                       112     20      170
  SINCE MAR 1   1059                      1158    -99     1051
  SINCE JUL 1   4061                      4781   -720     4059

 COOLING
  YESTERDAY        0                         3     -3        0
  MONTH TO DATE   50                        35     15        0
  SINCE MAR 1     80                        47     33       14
  SINCE JAN 1     80                        47     33       14
..................................................................


WIND (MPH)
  HIGHEST WIND SPEED    10   HIGHEST WIND DIRECTION     E (90)
  HIGHEST GUST SPEED    13   HIGHEST GUST DIRECTION     E (110)
  AVERAGE WIND SPEED     4.2


SKY COVER
  POSSIBLE SUNSHINE  MM
  AVERAGE SKY COVER 1.0


WEATHER CONDITIONS
 THE FOLLOWING WEATHER WAS RECORDED YESTERDAY.
  HEAVY RAIN
  RAIN
  LIGHT RAIN
  FOG


RELATIVE HUMIDITY (PERCENT)
 HIGHEST   100           900 AM
 LOWEST     77          1200 AM
 AVERAGE    89

..........................................................


THE WILMINGTON DE CLIMATE NORMALS FOR TODAY
                         NORMAL    RECORD    YEAR
 MAXIMUM TEMPERATURE (F)   75        94      1925
 MINIMUM TEMPERATURE (F)   55        36      1935


SUNRISE AND SUNSET
MAY 23 2017...........SUNRISE   541 AM EDT   SUNSET   817 PM EDT
MAY 24 2017...........SUNRISE   541 AM EDT   SUNSET   818 PM EDT


-  INDICATES NEGATIVE NUMBERS.
R  INDICATES RECORD WAS SET OR TIED.
MM INDICATES DATA IS MISSING.
T  INDICATES TRACE AMOUNT.




$$
