000
CDUS41 KPHI 270630
CLIILG


CLIMATE REPORT
NATIONAL WEATHER SERVICE MOUNT HOLLY NJ
229 AM EDT TUE JUN 27 2017


...................................

...THE WILMINGTON DE CLIMATE SUMMARY FOR JUNE 26 2017...

CLIMATE NORMAL PERIOD 1981 TO 2010
CLIMATE RECORD PERIOD 1894 TO 2017


WEATHER ITEM   OBSERVED TIME   RECORD YEAR NORMAL DEPARTURE LAST
                VALUE   (LST)  VALUE       VALUE  FROM      YEAR
                                                  NORMAL
..................................................................
TEMPERATURE (F)
 YESTERDAY
  MAXIMUM         80    331 PM  99    1952  85     -5       83
  MINIMUM         62    213 AM  51    1979  66     -4       62
  AVERAGE         71                        75     -4       73

PRECIPITATION (IN)
  YESTERDAY        0.00          3.27 2006   0.13  -0.13     0.00
  MONTH TO DATE    3.87                      3.37   0.50     3.34
  SINCE JUN 1      3.87                      3.37   0.50     3.34
  SINCE JAN 1     21.05                     20.43   0.62    21.01

SNOWFALL (IN)
  YESTERDAY        0.0           0.0  1894   0.0    0.0      0.0
  MONTH TO DATE    0.0                       0.0    0.0      0.0
  SINCE JUN 1      0.0                       0.0    0.0      0.0
  SINCE JUL 1      9.0                      20.2  -11.2     25.4
  SNOW DEPTH       0

DEGREE DAYS
 HEATING
  YESTERDAY        0                         0      0        0
  MONTH TO DATE   10                        13     -3        5
  SINCE JUN 1     10                        13     -3        5
  SINCE JUL 1   4087                      4817   -730     4065

 COOLING
  YESTERDAY        6                        10     -4        8
  MONTH TO DATE  227                       189     38      191
  SINCE JUN 1    227                       189     38      191
  SINCE JAN 1    318                       268     50      283
..................................................................


WIND (MPH)
  HIGHEST WIND SPEED    15   HIGHEST WIND DIRECTION     W (290)
  HIGHEST GUST SPEED    19   HIGHEST GUST DIRECTION     W (260)
  AVERAGE WIND SPEED     5.3


SKY COVER
  POSSIBLE SUNSHINE  MM
  AVERAGE SKY COVER 0.2


WEATHER CONDITIONS
 THE FOLLOWING WEATHER WAS RECORDED YESTERDAY.
  NO SIGNIFICANT WEATHER WAS OBSERVED.


RELATIVE HUMIDITY (PERCENT)
 HIGHEST    67           200 AM
 LOWEST     35           600 PM
 AVERAGE    51

..........................................................


THE WILMINGTON DE CLIMATE NORMALS FOR TODAY
                         NORMAL    RECORD    YEAR
 MAXIMUM TEMPERATURE (F)   85        97      1952
 MINIMUM TEMPERATURE (F)   66        52      1979
                                             1924


SUNRISE AND SUNSET
JUNE 27 2017..........SUNRISE   537 AM EDT   SUNSET   834 PM EDT
JUNE 28 2017..........SUNRISE   537 AM EDT   SUNSET   834 PM EDT


-  INDICATES NEGATIVE NUMBERS.
R  INDICATES RECORD WAS SET OR TIED.
MM INDICATES DATA IS MISSING.
T  INDICATES TRACE AMOUNT.




$$
