000
CDUS41 KPHI 062134
CLIILG


CLIMATE REPORT
NATIONAL WEATHER SERVICE MOUNT HOLLY NJ
532 PM EDT FRI MAY 6 2016


...................................

...THE WILMINGTON DE CLIMATE SUMMARY FOR MAY 6 2016...
VALID TODAY AS OF 0500 PM LOCAL TIME.

CLIMATE NORMAL PERIOD 1981 TO 2010
CLIMATE RECORD PERIOD 1894 TO 2016


WEATHER ITEM   OBSERVED TIME   RECORD YEAR NORMAL DEPARTURE LAST
                VALUE   (LST)  VALUE       VALUE  FROM      YEAR
                                                  NORMAL
..................................................................
TEMPERATURE (F)
 TODAY
  MAXIMUM         56   1237 PM  89    1986  70    -14       76
                                      1949
  MINIMUM         50   1131 AM  37    1917  49      1       61
  AVERAGE         53                        60     -7       69

PRECIPITATION (IN)
  TODAY            1.24          1.90 1991   0.12   1.12     0.02
  MONTH TO DATE    2.19                      0.70   1.49     0.03
  SINCE MAR 1      5.83                      8.12  -2.29     9.71
  SINCE JAN 1     12.56                     13.81  -1.25    16.32

SNOWFALL (IN)
  TODAY            0.0           T    1991   0.0    0.0      0.0
  MONTH TO DATE    0.0                       0.0    0.0      0.0
  SINCE MAR 1      2.7                       2.2    0.5      8.6
  SINCE JUL 1     25.4                      20.2    5.2     23.4
  SNOW DEPTH       0

DEGREE DAYS
 HEATING
  TODAY           12                         6      6        0
  MONTH TO DATE   69                        40     29       17
  SINCE MAR 1    950                      1086   -136     1179
  SINCE JUL 1   3958                      4709   -751     5018

 COOLING
  TODAY            0                         1     -1        4
  MONTH TO DATE    0                         6     -6       15
  SINCE MAR 1     14                        18     -4       19
  SINCE JAN 1     14                        18     -4       19
..................................................................


WIND (MPH)
  HIGHEST WIND SPEED    23   HIGHEST WIND DIRECTION    NE (40)
  HIGHEST GUST SPEED    29   HIGHEST GUST DIRECTION    NE (40)
  AVERAGE WIND SPEED     9.4


SKY COVER
  POSSIBLE SUNSHINE  MM
  AVERAGE SKY COVER 1.0


WEATHER CONDITIONS
 THE FOLLOWING WEATHER WAS RECORDED TODAY.
  HEAVY RAIN
  RAIN
  LIGHT RAIN
  FOG


RELATIVE HUMIDITY (PERCENT)
 HIGHEST    93           700 AM
 LOWEST     66          1200 AM
 AVERAGE    80

..........................................................


THE WILMINGTON DE CLIMATE NORMALS FOR TOMORROW
                         NORMAL    RECORD    YEAR
 MAXIMUM TEMPERATURE (F)   71        91      2000
 MINIMUM TEMPERATURE (F)   50        33      1970


SUNRISE AND SUNSET
MAY  6 2016...........SUNRISE   557 AM EDT   SUNSET   802 PM EDT
MAY  7 2016...........SUNRISE   556 AM EDT   SUNSET   803 PM EDT


-  INDICATES NEGATIVE NUMBERS.
R  INDICATES RECORD WAS SET OR TIED.
MM INDICATES DATA IS MISSING.
T  INDICATES TRACE AMOUNT.




$$
