912
CDUS41 KPHI 212126
CLIILG


CLIMATE REPORT
NATIONAL WEATHER SERVICE MOUNT HOLLY NJ
526 PM EDT SAT OCT 21 2017


...................................

...THE WILMINGTON DE CLIMATE SUMMARY FOR OCTOBER 21 2017...
VALID TODAY AS OF 0500 PM LOCAL TIME.

CLIMATE NORMAL PERIOD 1981 TO 2010
CLIMATE RECORD PERIOD 1894 TO 2017


WEATHER ITEM   OBSERVED TIME   RECORD YEAR NORMAL DEPARTURE LAST
                VALUE   (LST)  VALUE       VALUE  FROM      YEAR
                                                  NORMAL
..................................................................
TEMPERATURE (F)
 TODAY
  MAXIMUM         76    146 PM  85    1947  64     12       78
  MINIMUM         44    639 AM  25    1974  44      0       55
  AVERAGE         60                        54      6       67

PRECIPITATION (IN)
  TODAY            0.00          1.93 1904   0.11  -0.11     0.04
  MONTH TO DATE    1.43                      2.40  -0.97     1.36
  SINCE SEP 1      2.55                      6.72  -4.17     6.16
  SINCE JAN 1     34.69                     35.48  -0.79    35.42

SNOWFALL (IN)
  TODAY            0.0           0.0  1894   0.0    0.0      0.0
  MONTH TO DATE    0.0                       0.0    0.0      0.0
  SINCE SEP 1      0.0                       0.0    0.0      0.0
  SINCE JUL 1      0.0                       0.0    0.0      0.0
  SNOW DEPTH       0

DEGREE DAYS
 HEATING
  TODAY            5                        11     -6        0
  MONTH TO DATE   67                       166    -99       88
  SINCE SEP 1     92                       216   -124      108
  SINCE JUL 1     92                       218   -126      108

 COOLING
  TODAY            0                         0      0        2
  MONTH TO DATE   70                        15     55       31
  SINCE SEP 1    253                       149    104      266
  SINCE JAN 1   1299                      1142    157     1487
..................................................................


WIND (MPH)
  HIGHEST WIND SPEED     7   HIGHEST WIND DIRECTION    SE (140)
  HIGHEST GUST SPEED     9   HIGHEST GUST DIRECTION    SE (150)
  AVERAGE WIND SPEED     2.7


SKY COVER
  POSSIBLE SUNSHINE  MM
  AVERAGE SKY COVER 0.0


WEATHER CONDITIONS
 THE FOLLOWING WEATHER WAS RECORDED TODAY.
  NO SIGNIFICANT WEATHER WAS OBSERVED.


RELATIVE HUMIDITY (PERCENT)
 HIGHEST    93           200 AM
 LOWEST     27          1200 PM
 AVERAGE    60

..........................................................


THE WILMINGTON DE CLIMATE NORMALS FOR TOMORROW
                         NORMAL    RECORD    YEAR
 MAXIMUM TEMPERATURE (F)   64        81      1979
                                             1975
 MINIMUM TEMPERATURE (F)   44        26      1940


SUNRISE AND SUNSET
OCTOBER 21 2017.......SUNRISE   719 AM EDT   SUNSET   614 PM EDT
OCTOBER 22 2017.......SUNRISE   720 AM EDT   SUNSET   613 PM EDT


-  INDICATES NEGATIVE NUMBERS.
R  INDICATES RECORD WAS SET OR TIED.
MM INDICATES DATA IS MISSING.
T  INDICATES TRACE AMOUNT.




$$
