000
CDUS42 KILM 270845
CLIILM


CLIMATE REPORT
NATIONAL WEATHER SERVICE WILMINGTON NC
444 AM EDT SAT AUG 27 2016


...................................

...THE WILMINGTON NC CLIMATE SUMMARY FOR AUGUST 26 2016...

CLIMATE NORMAL PERIOD 1981 TO 2010
CLIMATE RECORD PERIOD 1871 TO 2016


WEATHER ITEM   OBSERVED TIME   RECORD YEAR NORMAL DEPARTURE LAST
                VALUE   (LST)  VALUE       VALUE  FROM      YEAR
                                                  NORMAL
..................................................................
TEMPERATURE (F)
 YESTERDAY
  MAXIMUM         89    236 PM  96    1954  87      2       87
                                      1903
  MINIMUM         70    559 AM  58    1921  70      0       72
  AVERAGE         80                        79      1       80

PRECIPITATION (IN)
  YESTERDAY        0.00          6.77 1998   0.24  -0.24     0.06
  MONTH TO DATE    6.62                      6.21   0.41     7.47
  SINCE JUN 1     17.96                     18.87  -0.91    17.89
  SINCE JAN 1     40.65                     37.77   2.88    38.46

DEGREE DAYS
 HEATING
  YESTERDAY        0                         0      0        0
  MONTH TO DATE    0                         0      0        0
  SINCE JUN 1      0                         2     -2        0
  SINCE JUL 1      0                         0      0        0

 COOLING
  YESTERDAY       15                        14      1       15
  MONTH TO DATE  454                       389     65      388
  SINCE JUN 1   1459                      1275    184     1433
  SINCE JAN 1   1794                      1556    238     1726
..................................................................


WIND (MPH)
  HIGHEST WIND SPEED    10   HIGHEST WIND DIRECTION    SE (120)
  HIGHEST GUST SPEED    14   HIGHEST GUST DIRECTION     E (110)
  AVERAGE WIND SPEED     2.7


SKY COVER
  POSSIBLE SUNSHINE  MM
  AVERAGE SKY COVER 0.2


WEATHER CONDITIONS
 THE FOLLOWING WEATHER WAS RECORDED YESTERDAY.
  NO SIGNIFICANT WEATHER WAS OBSERVED.


RELATIVE HUMIDITY (PERCENT)
 HIGHEST    97           600 AM
 LOWEST     59          1200 PM
 AVERAGE    78

..........................................................


THE WILMINGTON NC CLIMATE NORMALS FOR TODAY
                         NORMAL    RECORD    YEAR
 MAXIMUM TEMPERATURE (F)   87        96      1965
                                             1903
 MINIMUM TEMPERATURE (F)   70        58      1874


SUNRISE AND SUNSET
AUGUST 27 2016........SUNRISE   642 AM EDT   SUNSET   744 PM EDT
AUGUST 28 2016........SUNRISE   643 AM EDT   SUNSET   742 PM EDT


-  INDICATES NEGATIVE NUMBERS.
R  INDICATES RECORD WAS SET OR TIED.
MM INDICATES DATA IS MISSING.
T  INDICATES TRACE AMOUNT.




$$
