000
CDUS42 KILM 230841
CLIILM


CLIMATE REPORT
NATIONAL WEATHER SERVICE WILMINGTON NC
441 AM EDT SAT AUG 23 2014


...................................

...THE WILMINGTON NC CLIMATE SUMMARY FOR AUGUST 22 2014...

CLIMATE NORMAL PERIOD 1981 TO 2010
CLIMATE RECORD PERIOD 1871 TO 2014


WEATHER ITEM   OBSERVED TIME   RECORD YEAR NORMAL DEPARTURE LAST
                VALUE   (LST)  VALUE       VALUE  FROM      YEAR
                                                  NORMAL
..................................................................
TEMPERATURE (F)
 YESTERDAY
  MAXIMUM         95    231 PM 100    1983  88      7       87
  MINIMUM         71    802 PM  60    1886  71      0       71
  AVERAGE         83                        79      4       79

PRECIPITATION (IN)
  YESTERDAY        1.60          2.87 2006   0.24   1.36     0.57
  MONTH TO DATE    8.22                      5.26   2.96     8.57
  SINCE JUN 1     22.70                     17.92   4.78    25.67
  SINCE JAN 1     41.94                     36.82   5.12    42.38

DEGREE DAYS
 HEATING
  YESTERDAY        0                         0      0        0
  MONTH TO DATE    0                         0      0        0
  SINCE JUN 1      0                         2     -2        0
  SINCE JUL 1      0                         0      0        0

 COOLING
  YESTERDAY       18                        14      4       14
  MONTH TO DATE  328                       333     -5      305
  SINCE JUN 1   1236                      1219     17     1152
  SINCE JAN 1   1643                      1500    143     1378
..................................................................


WIND (MPH)
  HIGHEST WIND SPEED    26   HIGHEST WIND DIRECTION    NW (300)
  HIGHEST GUST SPEED    39   HIGHEST GUST DIRECTION     W (290)
  AVERAGE WIND SPEED     4.6


SKY COVER
  POSSIBLE SUNSHINE  MM
  AVERAGE SKY COVER 0.3


WEATHER CONDITIONS
 THE FOLLOWING WEATHER WAS RECORDED YESTERDAY.
  THUNDERSTORM
  HEAVY RAIN
  RAIN
  LIGHT RAIN
  FOG
  HAZE


RELATIVE HUMIDITY (PERCENT)
 HIGHEST    94          1200 AM
 LOWEST     46           200 PM
 AVERAGE    70

..........................................................


THE WILMINGTON NC CLIMATE NORMALS FOR TODAY
                         NORMAL    RECORD    YEAR
 MAXIMUM TEMPERATURE (F)   88       100      1968
 MINIMUM TEMPERATURE (F)   71        57      1930


SUNRISE AND SUNSET
AUGUST 23 2014........SUNRISE   639 AM EDT   SUNSET   749 PM EDT
AUGUST 24 2014........SUNRISE   639 AM EDT   SUNSET   748 PM EDT


-  INDICATES NEGATIVE NUMBERS.
R  INDICATES RECORD WAS SET OR TIED.
MM INDICATES DATA IS MISSING.
T  INDICATES TRACE AMOUNT.




$$
