695
CDUS42 KILM 280856
CLIILM


CLIMATE REPORT
NATIONAL WEATHER SERVICE WILMINGTON NC
456 AM EDT WED SEP 28 2016


...................................

...THE WILMINGTON NC CLIMATE SUMMARY FOR SEPTEMBER 27 2016...

CLIMATE NORMAL PERIOD 1981 TO 2010
CLIMATE RECORD PERIOD 1871 TO 2016


WEATHER ITEM   OBSERVED TIME   RECORD YEAR NORMAL DEPARTURE LAST
                VALUE   (LST)  VALUE       VALUE  FROM      YEAR
                                                  NORMAL
..................................................................
TEMPERATURE (F)
 YESTERDAY
  MAXIMUM         83   1221 PM  95    1986  81      2       77
  MINIMUM         69   1144 PM  50    1879  62      7       71
                                      1875
  AVERAGE         76                        71      5       74

PRECIPITATION (IN)
  YESTERDAY        0.00         10.33 2010   0.25  -0.25     0.80
  MONTH TO DATE   14.34                      7.16   7.18     4.79
  SINCE SEP 1     14.34                      7.16   7.18     4.79
  SINCE JAN 1     55.88                     46.13   9.75    44.73

DEGREE DAYS
 HEATING
  YESTERDAY        0                         0      0        0
  MONTH TO DATE    0                         0      0        0
  SINCE SEP 1      0                         0      0        0
  SINCE JUL 1      0                         0      0        0

 COOLING
  YESTERDAY       11                         7      4        9
  MONTH TO DATE  345                       276     69      315
  SINCE SEP 1    345                       276     69      315
  SINCE JAN 1   2215                      1899    316     2100
..................................................................


WIND (MPH)
  HIGHEST WIND SPEED    16   HIGHEST WIND DIRECTION    NE (60)
  HIGHEST GUST SPEED    22   HIGHEST GUST DIRECTION    NE (50)
  AVERAGE WIND SPEED     3.0


SKY COVER
  POSSIBLE SUNSHINE  MM
  AVERAGE SKY COVER 0.1


WEATHER CONDITIONS
 THE FOLLOWING WEATHER WAS RECORDED YESTERDAY.
  NO SIGNIFICANT WEATHER WAS OBSERVED.


RELATIVE HUMIDITY (PERCENT)
 HIGHEST    97           500 AM
 LOWEST     65          1100 AM
 AVERAGE    81

..........................................................


THE WILMINGTON NC CLIMATE NORMALS FOR TODAY
                         NORMAL    RECORD    YEAR
 MAXIMUM TEMPERATURE (F)   81        91      1998
                                             1911
 MINIMUM TEMPERATURE (F)   61        50      1947
                                             1899
                                             1889


SUNRISE AND SUNSET
SEPTEMBER 28 2016.....SUNRISE   704 AM EDT   SUNSET   659 PM EDT
SEPTEMBER 29 2016.....SUNRISE   705 AM EDT   SUNSET   658 PM EDT


-  INDICATES NEGATIVE NUMBERS.
R  INDICATES RECORD WAS SET OR TIED.
MM INDICATES DATA IS MISSING.
T  INDICATES TRACE AMOUNT.




$$
