000
CDUS42 KILM 260842
CLIILM


CLIMATE REPORT
NATIONAL WEATHER SERVICE WILMINGTON NC
442 AM EDT THU MAY 26 2016


...................................

...THE WILMINGTON NC CLIMATE SUMMARY FOR MAY 25 2016...

CLIMATE NORMAL PERIOD 1981 TO 2010
CLIMATE RECORD PERIOD 1871 TO 2016


WEATHER ITEM   OBSERVED TIME   RECORD YEAR NORMAL DEPARTURE LAST
                VALUE   (LST)  VALUE       VALUE  FROM      YEAR
                                                  NORMAL
..................................................................
TEMPERATURE (F)
 YESTERDAY
  MAXIMUM         86    258 PM  97    2011  83      3       80
  MINIMUM         60    539 AM  49    2013  63     -3       59
  AVERAGE         73                        73      0       70

PRECIPITATION (IN)
  YESTERDAY        0.00          1.81 2000   0.16  -0.16     0.00
  MONTH TO DATE    4.50                      3.47   1.03     5.66
  SINCE MAR 1      9.24                     10.50  -1.26    11.25
  SINCE JAN 1     21.31                     17.88   3.43    20.57

DEGREE DAYS
 HEATING
  YESTERDAY        0                         0      0        0
  MONTH TO DATE   19                        25     -6       10
  SINCE MAR 1    319                       478   -159      414
  SINCE JUL 1   1806                      2407   -601     2597

 COOLING
  YESTERDAY        8                         8      0        5
  MONTH TO DATE  132                       141     -9      148
  SINCE MAR 1    275                       224     51      231
  SINCE JAN 1    278                       229     49      237
..................................................................


WIND (MPH)
  HIGHEST WIND SPEED    18   HIGHEST WIND DIRECTION     S (200)
  HIGHEST GUST SPEED    23   HIGHEST GUST DIRECTION     S (190)
  AVERAGE WIND SPEED     6.2


SKY COVER
  POSSIBLE SUNSHINE  MM
  AVERAGE SKY COVER 0.1


WEATHER CONDITIONS
 THE FOLLOWING WEATHER WAS RECORDED YESTERDAY.
  NO SIGNIFICANT WEATHER WAS OBSERVED.


RELATIVE HUMIDITY (PERCENT)
 HIGHEST    97           400 AM
 LOWEST     37           100 PM
 AVERAGE    67

..........................................................


THE WILMINGTON NC CLIMATE NORMALS FOR TODAY
                         NORMAL    RECORD    YEAR
 MAXIMUM TEMPERATURE (F)   83        98      1953
 MINIMUM TEMPERATURE (F)   63        48      1877


SUNRISE AND SUNSET
MAY 26 2016...........SUNRISE   603 AM EDT   SUNSET   815 PM EDT
MAY 27 2016...........SUNRISE   602 AM EDT   SUNSET   816 PM EDT


-  INDICATES NEGATIVE NUMBERS.
R  INDICATES RECORD WAS SET OR TIED.
MM INDICATES DATA IS MISSING.
T  INDICATES TRACE AMOUNT.




$$
