000
CDUS42 KILM 270942
CLIILM


CLIMATE REPORT
NATIONAL WEATHER SERVICE WILMINGTON NC
442 AM EST TUE JAN 27 2015


...................................

...THE WILMINGTON NC CLIMATE SUMMARY FOR JANUARY 26 2015...

CLIMATE NORMAL PERIOD 1981 TO 2010
CLIMATE RECORD PERIOD 1871 TO 2015


WEATHER ITEM   OBSERVED TIME   RECORD YEAR NORMAL DEPARTURE LAST
                VALUE   (LST)  VALUE       VALUE  FROM      YEAR
                                                  NORMAL
..................................................................
TEMPERATURE (F)
 YESTERDAY
  MAXIMUM         58    301 PM  78    1943  57      1       55
  MINIMUM         39    536 AM  18    1940  36      3       29
                                      1905
  AVERAGE         49                        46      3       42

PRECIPITATION (IN)
  YESTERDAY        0.03          1.56 2004   0.12  -0.09     0.00
  MONTH TO DATE    4.91                      3.13   1.78     2.09
  SINCE DEC 1      9.90                      6.75   3.15     3.82
  SINCE JAN 1      4.91                      3.13   1.78     2.09

SNOWFALL (IN)
  YESTERDAY        0.0           1.0  1927   0.0    0.0      0.0
  MONTH TO DATE    0.0                       0.3   -0.3       T
  SINCE DEC 1      0.0                       1.1   -1.1       T
  SINCE JUL 1      0.0                       1.1   -1.1       T
  SNOW DEPTH       0

DEGREE DAYS
 HEATING
  YESTERDAY       16                        19     -3       23
  MONTH TO DATE  465                       494    -29      540
  SINCE DEC 1    928                      1009    -81      938
  SINCE JUL 1   1381                      1378      3     1340

 COOLING
  YESTERDAY        0                         0      0        0
  MONTH TO DATE    6                         0      6        3
  SINCE DEC 1      6                         5      1       25
  SINCE JAN 1      6                         0      6        3
..................................................................


WIND (MPH)
  HIGHEST WIND SPEED    16   HIGHEST WIND DIRECTION    NW (310)
  HIGHEST GUST SPEED    21   HIGHEST GUST DIRECTION     W (280)
  AVERAGE WIND SPEED     7.9


SKY COVER
  POSSIBLE SUNSHINE  MM
  AVERAGE SKY COVER 0.4


WEATHER CONDITIONS
 THE FOLLOWING WEATHER WAS RECORDED YESTERDAY.
  LIGHT RAIN
  FOG


RELATIVE HUMIDITY (PERCENT)
 HIGHEST   100           100 AM
 LOWEST     57           300 PM
 AVERAGE    79

..........................................................


THE WILMINGTON NC CLIMATE NORMALS FOR TODAY
                         NORMAL    RECORD    YEAR
 MAXIMUM TEMPERATURE (F)   57        78      1974
                                             1952
                                             1890
 MINIMUM TEMPERATURE (F)   36        14      1982
                                             1940


SUNRISE AND SUNSET
JANUARY 27 2015.......SUNRISE   713 AM EST   SUNSET   537 PM EST
JANUARY 28 2015.......SUNRISE   712 AM EST   SUNSET   538 PM EST


-  INDICATES NEGATIVE NUMBERS.
R  INDICATES RECORD WAS SET OR TIED.
MM INDICATES DATA IS MISSING.
T  INDICATES TRACE AMOUNT.




$$
