000
CDUS42 KILM 230844
CLIILM


CLIMATE REPORT
NATIONAL WEATHER SERVICE WILMINGTON NC
444 AM EDT FRI JUN 23 2017


...................................

...THE WILMINGTON NC CLIMATE SUMMARY FOR JUNE 22 2017...

CLIMATE NORMAL PERIOD 1981 TO 2010
CLIMATE RECORD PERIOD 1871 TO 2017


WEATHER ITEM   OBSERVED TIME   RECORD YEAR NORMAL DEPARTURE LAST
                VALUE   (LST)  VALUE       VALUE  FROM      YEAR
                                                  NORMAL
..................................................................
TEMPERATURE (F)
 YESTERDAY
  MAXIMUM         87   1210 PM  98    1994  88     -1       93
  MINIMUM         75    251 AM  59    2003  70      5       75
                                      1947
  AVERAGE         81                        79      2       84

PRECIPITATION (IN)
  YESTERDAY        0.04          2.73 2008   0.18  -0.14     0.00
  MONTH TO DATE    3.00                      3.70  -0.70     4.38
  SINCE JUN 1      3.00                      3.70  -0.70     4.38
  SINCE JAN 1     23.50                     22.60   0.90    27.07

DEGREE DAYS
 HEATING
  YESTERDAY        0                         0      0        0
  MONTH TO DATE    2                         0      2        0
  SINCE JUN 1      2                         0      2        0
  SINCE JUL 1   1946                      2409   -463     1806

 COOLING
  YESTERDAY       16                        14      2       19
  MONTH TO DATE  278                       266     12      297
  SINCE JUN 1    278                       266     12      297
  SINCE JAN 1    715                       547    168      632
..................................................................


WIND (MPH)
  HIGHEST WIND SPEED    15   HIGHEST WIND DIRECTION    SW (230)
  HIGHEST GUST SPEED    20   HIGHEST GUST DIRECTION    SW (240)
  AVERAGE WIND SPEED     5.4


SKY COVER
  POSSIBLE SUNSHINE  MM
  AVERAGE SKY COVER 0.3


WEATHER CONDITIONS
 THE FOLLOWING WEATHER WAS RECORDED YESTERDAY.
  RAIN
  LIGHT RAIN
  FOG


RELATIVE HUMIDITY (PERCENT)
 HIGHEST   100           100 AM
 LOWEST     65          1200 PM
 AVERAGE    83

..........................................................


THE WILMINGTON NC CLIMATE NORMALS FOR TODAY
                         NORMAL    RECORD    YEAR
 MAXIMUM TEMPERATURE (F)   88       100      2011
                                             1954
 MINIMUM TEMPERATURE (F)   71        56      1947


SUNRISE AND SUNSET
JUNE 23 2017..........SUNRISE   601 AM EDT   SUNSET   827 PM EDT
JUNE 24 2017..........SUNRISE   601 AM EDT   SUNSET   827 PM EDT


-  INDICATES NEGATIVE NUMBERS.
R  INDICATES RECORD WAS SET OR TIED.
MM INDICATES DATA IS MISSING.
T  INDICATES TRACE AMOUNT.




$$
