000
CDUS42 KILM 170843
CLIILM


CLIMATE REPORT
NATIONAL WEATHER SERVICE WILMINGTON NC
442 AM EDT TUE OCT 17 2017


...................................

...THE WILMINGTON NC CLIMATE SUMMARY FOR OCTOBER 16 2017...

CLIMATE NORMAL PERIOD 1981 TO 2010
CLIMATE RECORD PERIOD 1871 TO 2017


WEATHER ITEM   OBSERVED TIME   RECORD YEAR NORMAL DEPARTURE LAST
                VALUE   (LST)  VALUE       VALUE  FROM      YEAR
                                                  NORMAL
..................................................................
TEMPERATURE (F)
 YESTERDAY
  MAXIMUM         86   1239 PM  87    1975  76     10       82
                                      1925
  MINIMUM         59   1159 PM  32    1876  54      5       56
  AVERAGE         73                        65      8       69

PRECIPITATION (IN)
  YESTERDAY        0.26          2.73 1936   0.12   0.14     0.00
  MONTH TO DATE    1.83                      2.37  -0.54     6.68
  SINCE SEP 1      5.65                     10.21  -4.56    22.54
  SINCE JAN 1     53.03                     49.18   3.85    64.08

DEGREE DAYS
 HEATING
  YESTERDAY        0                         3     -3        0
  MONTH TO DATE    0                        28    -28       10
  SINCE SEP 1      0                        33    -33       10
  SINCE JUL 1      0                        33    -33       10

 COOLING
  YESTERDAY        8                         3      5        4
  MONTH TO DATE  148                        67     81       82
  SINCE SEP 1    493                       361    132      461
  SINCE JAN 1   2307                      1984    323     2331
..................................................................


WIND (MPH)
  HIGHEST WIND SPEED    25   HIGHEST WIND DIRECTION    NW (320)
  HIGHEST GUST SPEED    32   HIGHEST GUST DIRECTION     N (10)
  AVERAGE WIND SPEED    11.2


SKY COVER
  POSSIBLE SUNSHINE  MM
  AVERAGE SKY COVER 0.6


WEATHER CONDITIONS
 THE FOLLOWING WEATHER WAS RECORDED YESTERDAY.
  THUNDERSTORM
  HEAVY RAIN
  RAIN
  LIGHT RAIN
  FOG


RELATIVE HUMIDITY (PERCENT)
 HIGHEST   100           200 AM
 LOWEST     55          1100 AM
 AVERAGE    78

..........................................................


THE WILMINGTON NC CLIMATE NORMALS FOR TODAY
                         NORMAL    RECORD    YEAR
 MAXIMUM TEMPERATURE (F)   75        90      1966
 MINIMUM TEMPERATURE (F)   54        37      1982
                                             1875


SUNRISE AND SUNSET
OCTOBER 17 2017.......SUNRISE   719 AM EDT   SUNSET   635 PM EDT
OCTOBER 18 2017.......SUNRISE   720 AM EDT   SUNSET   633 PM EDT


-  INDICATES NEGATIVE NUMBERS.
R  INDICATES RECORD WAS SET OR TIED.
MM INDICATES DATA IS MISSING.
T  INDICATES TRACE AMOUNT.




$$
