000
CDUS42 KILM 232041
CLIILM


CLIMATE REPORT
NATIONAL WEATHER SERVICE WILMINGTON NC
441 PM EDT TUE SEP 23 2014


...................................

...THE WILMINGTON NC CLIMATE SUMMARY FOR SEPTEMBER 23 2014...
VALID TODAY AS OF 0400 PM LOCAL TIME.

CLIMATE NORMAL PERIOD 1981 TO 2010
CLIMATE RECORD PERIOD 1871 TO 2014


WEATHER ITEM   OBSERVED TIME   RECORD YEAR NORMAL DEPARTURE LAST
                VALUE   (LST)  VALUE       VALUE  FROM      YEAR
                                                  NORMAL
..................................................................
TEMPERATURE (F)
 TODAY
  MAXIMUM         67    114 AM  94    1980  82    -15       77
                                      1895
  MINIMUM         63    103 PM  46    1999  63      0       58
  AVERAGE         65                        73     -8       68

PRECIPITATION (IN)
  TODAY            0.11          3.05 1923   0.25  -0.14     0.00
  MONTH TO DATE    5.47                      6.14  -0.67     0.97
  SINCE SEP 1      5.47                      6.14  -0.67     0.97
  SINCE JAN 1     47.98                     45.11   2.87    43.46

DEGREE DAYS
 HEATING
  TODAY            0                         0      0        0
  MONTH TO DATE    0                         0      0        0
  SINCE SEP 1      0                         0      0        0
  SINCE JUL 1      0                         0      0        0

 COOLING
  TODAY            0                         8     -8        3
  MONTH TO DATE  270                       247     23      254
  SINCE SEP 1    270                       247     23      254
  SINCE JAN 1   2027                      1870    157     1744
..................................................................


WIND (MPH)
  HIGHEST WIND SPEED    17   HIGHEST WIND DIRECTION     N (20)
  HIGHEST GUST SPEED    21   HIGHEST GUST DIRECTION     N (20)
  AVERAGE WIND SPEED     9.5


SKY COVER
  POSSIBLE SUNSHINE  MM
  AVERAGE SKY COVER 0.6


WEATHER CONDITIONS
 THE FOLLOWING WEATHER WAS RECORDED TODAY.
  LIGHT RAIN
  FOG


RELATIVE HUMIDITY (PERCENT)
 HIGHEST    93          1200 AM
 LOWEST     84           200 PM
 AVERAGE    89

..........................................................


THE WILMINGTON NC CLIMATE NORMALS FOR TOMORROW
                         NORMAL    RECORD    YEAR
 MAXIMUM TEMPERATURE (F)   82        93      1931
 MINIMUM TEMPERATURE (F)   63        44      1981


SUNRISE AND SUNSET
SEPTEMBER 23 2014.....SUNRISE   700 AM EDT   SUNSET   707 PM EDT
SEPTEMBER 24 2014.....SUNRISE   701 AM EDT   SUNSET   706 PM EDT


-  INDICATES NEGATIVE NUMBERS.
R  INDICATES RECORD WAS SET OR TIED.
MM INDICATES DATA IS MISSING.
T  INDICATES TRACE AMOUNT.




$$
