000
CDUS43 KILX 192228
CLIILX


CLIMATE REPORT
NATIONAL WEATHER SERVICE LINCOLN IL
427 PM CST FRI JAN 19 2018


...................................

...THE LINCOLN IL CLIMATE SUMMARY FOR JANUARY 19 2018...
VALID TODAY AS OF 0400 PM LOCAL TIME.

CLIMATE NORMAL PERIOD 1981 TO 2010
CLIMATE RECORD PERIOD 1905 TO 2018


WEATHER ITEM   OBSERVED TIME   RECORD YEAR NORMAL DEPARTURE LAST
                VALUE   (LST)  VALUE       VALUE  FROM      YEAR
                                                  NORMAL
..................................................................
TEMPERATURE (F)
 TODAY
  MAXIMUM         47        MM  67    1952  34     13       43
  MINIMUM         24        MM -20    1994  18      6       33
  AVERAGE         36                        26     10       38

PRECIPITATION (IN)
  TODAY            0.00          1.31 1933   0.06  -0.06     0.66
  MONTH TO DATE    0.34                      1.31  -0.97     1.61
  SINCE DEC 1      0.80                      3.95  -3.15     2.97
  SINCE JAN 1      0.34                      1.31  -0.97     1.61

SNOWFALL (IN)
  TODAY            0.0           6.0  1987   0.1   -0.1      0.0
  MONTH TO DATE    2.9                       3.6   -0.7      0.5
  SINCE DEC 1      7.1                       9.8   -2.7      3.7
  SINCE JUL 1      7.1                      10.4   -3.3      3.7
  SNOW DEPTH       1

DEGREE DAYS
 HEATING
  TODAY           29                        39    -10       27
  MONTH TO DATE  936                       741    195      694
  SINCE DEC 1   2066                      1840    226     1809
  SINCE JUL 1   3119                      2983    136     2586

 COOLING
  TODAY            0                         0      0        0
  MONTH TO DATE    0                         0      0        0
  SINCE DEC 1      0                         0      0        0
  SINCE JAN 1      0                         0      0        0
..................................................................







THE LINCOLN IL CLIMATE NORMALS FOR TOMORROW
                         NORMAL    RECORD    YEAR
 MAXIMUM TEMPERATURE (F)   34        58      1954
 MINIMUM TEMPERATURE (F)   18       -21      1985


SUNRISE AND SUNSET
JANUARY 19 2018.......SUNRISE   716 AM CST   SUNSET   501 PM CST
JANUARY 20 2018.......SUNRISE   715 AM CST   SUNSET   502 PM CST


-  INDICATES NEGATIVE NUMBERS.
R  INDICATES RECORD WAS SET OR TIED.
MM INDICATES DATA IS MISSING.
T  INDICATES TRACE AMOUNT.




$$
