000
CDUS43 KILX 190631
CLIILX


CLIMATE REPORT
NATIONAL WEATHER SERVICE LINCOLN IL
130 AM CDT SAT AUG 19 2017


...................................

...THE LINCOLN IL CLIMATE SUMMARY FOR AUGUST 18 2017...

CLIMATE NORMAL PERIOD 1981 TO 2010
CLIMATE RECORD PERIOD 1905 TO 2017


WEATHER ITEM   OBSERVED TIME   RECORD YEAR NORMAL DEPARTURE LAST
                VALUE   (LST)  VALUE       VALUE  FROM      YEAR
                                                  NORMAL
..................................................................
TEMPERATURE (F)
 YESTERDAY
  MAXIMUM         84        MM 105    1936  84      0       88
  MINIMUM         64        MM  43    1963  62      2       67
  AVERAGE         74                        73      1       78

PRECIPITATION (IN)
  YESTERDAY        0.07          2.00 1996   0.13  -0.06     0.00
  MONTH TO DATE    0.76                      2.34  -1.58     3.63
  SINCE JUN 1      7.56                     11.72  -4.16    14.68
  SINCE JAN 1     23.69                     25.84  -2.15    26.63

SNOWFALL (IN)
  YESTERDAY        0.0           0.0    MM   0.0    0.0      0.0
  MONTH TO DATE    0.0                       0.0    0.0      0.0
  SINCE JUN 1      T                         0.0    0.0      0.0
  SINCE JUL 1      T                         0.0    0.0      0.0
  SNOW DEPTH       0

DEGREE DAYS
 HEATING
  YESTERDAY        0                         0      0        0
  MONTH TO DATE    4                         0      4        0
  SINCE JUN 1     11                        19     -8       11
  SINCE JUL 1      4                         2      2        9

 COOLING
  YESTERDAY        9                         8      1       13
  MONTH TO DATE   79                       157    -78      193
  SINCE JUN 1    665                       700    -35      787
  SINCE JAN 1    755                       791    -36      874
..................................................................


WIND (MPH)
  HIGHEST WIND SPEED    MM   HIGHEST WIND DIRECTION    MM
  HIGHEST GUST SPEED    MM   HIGHEST GUST DIRECTION    MM
  AVERAGE WIND SPEED    MM


SKY COVER
  POSSIBLE SUNSHINE  MM


WEATHER CONDITIONS
 THE FOLLOWING WEATHER WAS RECORDED YESTERDAY.
  THUNDERSTORM
  RAIN
  LIGHT RAIN


..........................................................


THE LINCOLN IL CLIMATE NORMALS FOR TODAY
                         NORMAL    RECORD    YEAR
 MAXIMUM TEMPERATURE (F)   84       102      1983
 MINIMUM TEMPERATURE (F)   62        48      1929


SUNRISE AND SUNSET
AUGUST 19 2017........SUNRISE   613 AM CDT   SUNSET   748 PM CDT
AUGUST 20 2017........SUNRISE   614 AM CDT   SUNSET   747 PM CDT


-  INDICATES NEGATIVE NUMBERS.
R  INDICATES RECORD WAS SET OR TIED.
MM INDICATES DATA IS MISSING.
T  INDICATES TRACE AMOUNT.




$$
