000
CDUS43 KILX 250645
CLIILX


CLIMATE REPORT
NATIONAL WEATHER SERVICE LINCOLN IL
145 AM CDT SAT OCT 25 2014


...................................

...THE LINCOLN IL CLIMATE SUMMARY FOR OCTOBER 24 2014...

CLIMATE NORMAL PERIOD 1981 TO 2010
CLIMATE RECORD PERIOD 1905 TO 2014


WEATHER ITEM   OBSERVED TIME   RECORD YEAR NORMAL DEPARTURE LAST
                VALUE   (LST)  VALUE       VALUE  FROM      YEAR
                                                  NORMAL
..................................................................
TEMPERATURE (F)
 YESTERDAY
  MAXIMUM         65        MM  87    1992  62      3       44
  MINIMUM         41        MM  18    1988  40      1       30
  AVERAGE         53                        51      2       37

PRECIPITATION (IN)
  YESTERDAY        0.00          1.87 1957   0.10  -0.10      T
  MONTH TO DATE    3.83                      2.37   1.46     1.76
  SINCE SEP 1     11.45                      5.58   5.87     2.69
  SINCE JAN 1     40.10                     33.00   7.10    31.83

SNOWFALL (IN)
  YESTERDAY        0.0           0.1  1929   0.0    0.0       T
  MONTH TO DATE    0.0                       0.0    0.0       T
  SINCE SEP 1      0.0                       0.0    0.0       T
  SINCE JUL 1      0.0                       0.0    0.0       T
  SNOW DEPTH       0

DEGREE DAYS
 HEATING
  YESTERDAY       12                        14     -2       28
  MONTH TO DATE  268                       253     15      255
  SINCE SEP 1    381                       339     42      315
  SINCE JUL 1    391                       348     43      337

 COOLING
  YESTERDAY        0                         0      0        0
  MONTH TO DATE    4                        11     -7       39
  SINCE SEP 1     83                       125    -42      176
  SINCE JAN 1    837                      1014   -177      947
..................................................................


WIND (MPH)
  HIGHEST WIND SPEED    MM   HIGHEST WIND DIRECTION    MM
  HIGHEST GUST SPEED    MM   HIGHEST GUST DIRECTION    MM
  AVERAGE WIND SPEED    MM


SKY COVER
  POSSIBLE SUNSHINE  MM


WEATHER CONDITIONS
 THE FOLLOWING WEATHER WAS RECORDED YESTERDAY.
  FOG
  HAZE


..........................................................


THE LINCOLN IL CLIMATE NORMALS FOR TODAY
                         NORMAL    RECORD    YEAR
 MAXIMUM TEMPERATURE (F)   62        82      1921
 MINIMUM TEMPERATURE (F)   40        20      2013


SUNRISE AND SUNSET
OCTOBER 25 2014.......SUNRISE   719 AM CDT   SUNSET   603 PM CDT
OCTOBER 26 2014.......SUNRISE   720 AM CDT   SUNSET   602 PM CDT


-  INDICATES NEGATIVE NUMBERS.
R  INDICATES RECORD WAS SET OR TIED.
MM INDICATES DATA IS MISSING.
T  INDICATES TRACE AMOUNT.




$$
