000
CDUS43 KILX 242144
CLIILX


CLIMATE REPORT
NATIONAL WEATHER SERVICE LINCOLN IL
444 PM CDT SUN MAY 24 2015


...................................

...THE LINCOLN IL CLIMATE SUMMARY FOR MAY 24 2015...
VALID TODAY AS OF 0400 PM LOCAL TIME.

CLIMATE NORMAL PERIOD 1981 TO 2010
CLIMATE RECORD PERIOD 1905 TO 2015


WEATHER ITEM   OBSERVED TIME   RECORD YEAR NORMAL DEPARTURE LAST
                VALUE   (LST)  VALUE       VALUE  FROM      YEAR
                                                  NORMAL
..................................................................
TEMPERATURE (F)
 TODAY
  MAXIMUM         85        MM  95    1939  77      8       80
  MINIMUM         63        MM  35    1913  55      8       50
  AVERAGE         74                        66      8       65

PRECIPITATION (IN)
  TODAY            0.00          1.91 1995   0.14  -0.14     0.00
  MONTH TO DATE    4.82                      3.21   1.61     1.48
  SINCE MAR 1      8.61                      9.42  -0.81     6.36
  SINCE JAN 1     11.37                     13.17  -1.80    11.02

SNOWFALL (IN)
  TODAY            0.0           T    2004   0.0    0.0      0.0
  MONTH TO DATE    0.0                       0.0    0.0      0.0
  SINCE MAR 1      3.7                       2.0    1.7      4.7
  SINCE JUL 1     21.9                      20.5    1.4     46.3
  SNOW DEPTH       0

DEGREE DAYS
 HEATING
  TODAY            0                         3     -3        0
  MONTH TO DATE   91                       121    -30      136
  SINCE MAR 1   1243                      1253    -10     1425
  SINCE JUL 1   6180                      5676    504     6669

 COOLING
  TODAY            9                         3      6        0
  MONTH TO DATE   77                        46     31       64
  SINCE MAR 1     78                        61     17       65
  SINCE JAN 1     78                        61     17       65
..................................................................







THE LINCOLN IL CLIMATE NORMALS FOR TOMORROW
                         NORMAL    RECORD    YEAR
 MAXIMUM TEMPERATURE (F)   77        93      1921
 MINIMUM TEMPERATURE (F)   55        28      1925


SUNRISE AND SUNSET
MAY 24 2015...........SUNRISE   535 AM CDT   SUNSET   814 PM CDT
MAY 25 2015...........SUNRISE   534 AM CDT   SUNSET   815 PM CDT


-  INDICATES NEGATIVE NUMBERS.
R  INDICATES RECORD WAS SET OR TIED.
MM INDICATES DATA IS MISSING.
T  INDICATES TRACE AMOUNT.




$$
