000
CDUS43 KILX 160632
CLIILX

CLIMATE REPORT
NATIONAL WEATHER SERVICE LINCOLN IL
130 AM CDT WED APR 16 2014

...................................

...THE LINCOLN IL CLIMATE SUMMARY FOR APRIL 15 2014...

CLIMATE NORMAL PERIOD 1981 TO 2010
CLIMATE RECORD PERIOD 1905 TO 2014

WEATHER ITEM   OBSERVED TIME   RECORD YEAR NORMAL DEPARTURE LAST
                VALUE   (LST)  VALUE       VALUE  FROM      YEAR
                                                  NORMAL
..................................................................
TEMPERATURE (F)
 YESTERDAY
  MAXIMUM         43    407 PM  87    2002  64    -21       62
  MINIMUM         27    531 AM  21    1928  41    -14       46
  AVERAGE         35                        52    -17       54

PRECIPITATION (IN)
  YESTERDAY        0.00          1.48 1939   0.12  -0.12     0.36
  MONTH TO DATE    2.02                      1.66   0.36     2.69
  SINCE MAR 1      3.91                      4.26  -0.35     5.42
  SINCE JAN 1      8.57                      8.01   0.56    10.28

SNOWFALL (IN)
  YESTERDAY        0.0           1.0  1980   0.0    0.0      0.0
  MONTH TO DATE    T                         0.2   -0.2      0.0
  SINCE MAR 1      4.7                       1.9    2.8     12.7
  SINCE JUL 1     46.3                      20.4   25.9     23.0
  SNOW DEPTH       0

DEGREE DAYS
 HEATING
  YESTERDAY       30                        13     17       11
  MONTH TO DATE  230                       235     -5      231
  SINCE MAR 1   1162                       976    186     1173
  SINCE JUL 1   6406                      5399   1007     5435

 COOLING
  YESTERDAY        0                         0      0        0
  MONTH TO DATE    1                         0      1        3
  SINCE MAR 1      1                         2     -1        3
  SINCE JAN 1      1                         2     -1        3
..................................................................

WIND (MPH)
  HIGHEST WIND SPEED    MM   HIGHEST WIND DIRECTION    MM
  HIGHEST GUST SPEED    MM   HIGHEST GUST DIRECTION    MM
  AVERAGE WIND SPEED    MM

SKY COVER
  POSSIBLE SUNSHINE  MM

WEATHER CONDITIONS
 THE FOLLOWING WEATHER WAS RECORDED YESTERDAY.
  NO SIGNIFICANT WEATHER WAS OBSERVED.

..........................................................

THE LINCOLN IL CLIMATE NORMALS FOR TODAY
                         NORMAL    RECORD    YEAR
 MAXIMUM TEMPERATURE (F)   64        87      2002
 MINIMUM TEMPERATURE (F)   41        25      1962

SUNRISE AND SUNSET
APRIL 16 2014.........SUNRISE   618 AM CDT   SUNSET   737 PM CDT
APRIL 17 2014.........SUNRISE   616 AM CDT   SUNSET   738 PM CDT

-  INDICATES NEGATIVE NUMBERS.
R  INDICATES RECORD WAS SET OR TIED.
MM INDICATES DATA IS MISSING.
T  INDICATES TRACE AMOUNT.

$$
GEELHART
