000
CDUS43 KILX 030651
CLIILX


CLIMATE REPORT
NATIONAL WEATHER SERVICE LINCOLN IL
1245 AM CST TUE MAR 3 2015


...................................

...THE LINCOLN IL CLIMATE SUMMARY FOR MARCH 2 2015...

CLIMATE NORMAL PERIOD 1981 TO 2010
CLIMATE RECORD PERIOD 1905 TO 2015


WEATHER ITEM   OBSERVED TIME   RECORD YEAR NORMAL DEPARTURE LAST
                VALUE   (LST)  VALUE       VALUE  FROM      YEAR
                                                  NORMAL
..................................................................
TEMPERATURE (F)
 YESTERDAY
  MAXIMUM         28        MM  75    1976  45    -17       15
  MINIMUM          2        MM  -2    1913  27    -25        4
  AVERAGE         15                        36    -21       10

PRECIPITATION (IN)
  YESTERDAY        0.00          1.06 1940   0.07  -0.07     0.12
  MONTH TO DATE    0.24                      0.14   0.10     0.13
  SINCE MAR 1      0.24                      0.14   0.10     0.13
  SINCE JAN 1      3.00                      3.89  -0.89     4.79

SNOWFALL (IN)
  YESTERDAY        0.0           4.0  1953   0.1   -0.1      2.2
  MONTH TO DATE    3.7                       0.2    3.5      2.4
  SINCE MAR 1      3.7                       0.2    3.5      2.4
  SINCE JUL 1     21.9                      18.7    3.2     44.0
  SNOW DEPTH       5

DEGREE DAYS
 HEATING
  YESTERDAY       50                        29     21       55
  MONTH TO DATE   91                        59     32       95
  SINCE MAR 1     91                        59     32       95
  SINCE JUL 1   5028                      4482    546     5339

 COOLING
  YESTERDAY        0                         0      0        0
  MONTH TO DATE    0                         0      0        0
  SINCE MAR 1      0                         0      0        0
  SINCE JAN 1      0                         0      0        0
..................................................................


WIND (MPH)
  HIGHEST WIND SPEED    MM   HIGHEST WIND DIRECTION    MM
  HIGHEST GUST SPEED    MM   HIGHEST GUST DIRECTION    MM
  AVERAGE WIND SPEED    MM


SKY COVER
  POSSIBLE SUNSHINE  MM


WEATHER CONDITIONS
 THE FOLLOWING WEATHER WAS RECORDED YESTERDAY.
  FOG
  HAZE


..........................................................


THE LINCOLN IL CLIMATE NORMALS FOR TODAY
                         NORMAL    RECORD    YEAR
 MAXIMUM TEMPERATURE (F)   45        79      1974
 MINIMUM TEMPERATURE (F)   27        -4      2014


SUNRISE AND SUNSET
MARCH  3 2015.........SUNRISE   628 AM CST   SUNSET   551 PM CST
MARCH  4 2015.........SUNRISE   627 AM CST   SUNSET   552 PM CST


-  INDICATES NEGATIVE NUMBERS.
R  INDICATES RECORD WAS SET OR TIED.
MM INDICATES DATA IS MISSING.
T  INDICATES TRACE AMOUNT.




$$
