000
CDUS43 KILX 222143
CLIILX


CLIMATE REPORT
NATIONAL WEATHER SERVICE LINCOLN IL
432 PM CDT SUN OCT 22 2017


...................................

...THE LINCOLN IL CLIMATE SUMMARY FOR OCTOBER 22 2017...
VALID TODAY AS OF 0400 PM LOCAL TIME.

CLIMATE NORMAL PERIOD 1981 TO 2010
CLIMATE RECORD PERIOD 1905 TO 2017


WEATHER ITEM   OBSERVED TIME   RECORD YEAR NORMAL DEPARTURE LAST
                VALUE   (LST)  VALUE       VALUE  FROM      YEAR
                                                  NORMAL
..................................................................
TEMPERATURE (F)
 TODAY
  MAXIMUM         70        MM  86    1953  63      7       64
  MINIMUM         52        MM  21    1930  40     12       31
  AVERAGE         61                        52      9       48

PRECIPITATION (IN)
  TODAY            0.04          1.73 2009   0.10  -0.06     0.00
  MONTH TO DATE    3.84                      2.16   1.68     1.40
  SINCE SEP 1      4.55                      5.37  -0.82     5.83
  SINCE JAN 1     29.67                     32.79  -3.12    35.27

SNOWFALL (IN)
  TODAY            0.0           T    1909   0.0    0.0      0.0
  MONTH TO DATE    0.0                       0.0    0.0      0.0
  SINCE SEP 1      0.0                       0.0    0.0      0.0
  SINCE JUL 1      T                         0.0    0.0      0.0
  SNOW DEPTH       0

DEGREE DAYS
 HEATING
  TODAY            4                        13     -9       17
  MONTH TO DATE   73                       225   -152      122
  SINCE SEP 1    145                       311   -166      137
  SINCE JUL 1    151                       320   -169      146

 COOLING
  TODAY            0                         0      0        0
  MONTH TO DATE   44                        11     33       41
  SINCE SEP 1    185                       125     60      235
  SINCE JAN 1    984                      1014    -30     1226
..................................................................







THE LINCOLN IL CLIMATE NORMALS FOR TOMORROW
                         NORMAL    RECORD    YEAR
 MAXIMUM TEMPERATURE (F)   63        84      1963
 MINIMUM TEMPERATURE (F)   40        21      1924


SUNRISE AND SUNSET
OCTOBER 22 2017.......SUNRISE   716 AM CDT   SUNSET   607 PM CDT
OCTOBER 23 2017.......SUNRISE   717 AM CDT   SUNSET   606 PM CDT


-  INDICATES NEGATIVE NUMBERS.
R  INDICATES RECORD WAS SET OR TIED.
MM INDICATES DATA IS MISSING.
T  INDICATES TRACE AMOUNT.




$$
