000
CDUS43 KIND 230531
CLIIND


CLIMATE REPORT
NATIONAL WEATHER SERVICE INDIANAPOLIS IN
131 AM EDT TUE SEP 23 2014


...................................

...THE INDIANAPOLIS IN CLIMATE SUMMARY FOR SEPTEMBER 22 2014...

CLIMATE NORMAL PERIOD 1981 TO 2010
CLIMATE RECORD PERIOD 1871 TO 2014


WEATHER ITEM   OBSERVED TIME   RECORD YEAR NORMAL DEPARTURE LAST
                VALUE   (LST)  VALUE       VALUE  FROM      YEAR
                                                  NORMAL
..................................................................
TEMPERATURE (F)
 YESTERDAY
  MAXIMUM         66    500 PM  93    1895  75     -9       69
  MINIMUM         47    540 AM  37    1999  53     -6       48
                                      1995
                                      1976
  AVERAGE         57                        64     -7       59

PRECIPITATION (IN)
  YESTERDAY        0.00          1.22 2003   0.11  -0.11     0.00
  MONTH TO DATE    2.53                      2.27   0.26     2.32
  SINCE SEP 1      2.53                      2.27   0.26     2.32
  SINCE JAN 1     33.05                     31.60   1.45    32.25

SNOWFALL (IN)
  YESTERDAY        0.0           0.0    MM   0.0    0.0      0.0
  MONTH TO DATE    0.0                       0.0    0.0      0.0
  SINCE SEP 1      0.0                       0.0    0.0      0.0
  SINCE JUL 1      0.0                       0.0    0.0      0.0
  SNOW DEPTH       0

DEGREE DAYS
 HEATING
  YESTERDAY        8                         3      5        6
  MONTH TO DATE   62                        31     31       19
  SINCE SEP 1     62                        31     31       19
  SINCE JUL 1     68                        35     33       27

 COOLING
  YESTERDAY        0                         3     -3        0
  MONTH TO DATE   76                       112    -36      158
  SINCE SEP 1     76                       112    -36      158
  SINCE JAN 1    873                      1033   -160     1117
..................................................................


WIND (MPH)
  HIGHEST WIND SPEED    16   HIGHEST WIND DIRECTION     N (10)
  HIGHEST GUST SPEED    22   HIGHEST GUST DIRECTION     N (360)
  AVERAGE WIND SPEED     7.2


SKY COVER
  AVERAGE SKY COVER 0.2


WEATHER CONDITIONS
 THE FOLLOWING WEATHER WAS RECORDED YESTERDAY.
  NO SIGNIFICANT WEATHER WAS OBSERVED.


RELATIVE HUMIDITY (PERCENT)
 HIGHEST    89           200 AM
 LOWEST     40           300 PM
 AVERAGE    65

..........................................................


THE INDIANAPOLIS IN CLIMATE NORMALS FOR TODAY
                         NORMAL    RECORD    YEAR
 MAXIMUM TEMPERATURE (F)   75        94      2010
 MINIMUM TEMPERATURE (F)   53        34      1995
                                             1974


SUNRISE AND SUNSET
SEPTEMBER 23 2014.....SUNRISE   734 AM EDT   SUNSET   741 PM EDT
SEPTEMBER 24 2014.....SUNRISE   735 AM EDT   SUNSET   739 PM EDT


-  INDICATES NEGATIVE NUMBERS.
R  INDICATES RECORD WAS SET OR TIED.
MM INDICATES DATA IS MISSING.
T  INDICATES TRACE AMOUNT.




$$
