000
CDUS43 KIND 040533
CLIIND


CLIMATE REPORT
NATIONAL WEATHER SERVICE INDIANAPOLIS IN
132 AM EDT FRI SEP 4 2015


...................................

...THE INDIANAPOLIS IN CLIMATE SUMMARY FOR SEPTEMBER 3 2015...

CLIMATE NORMAL PERIOD 1981 TO 2010
CLIMATE RECORD PERIOD 1871 TO 2015


WEATHER ITEM   OBSERVED TIME   RECORD YEAR NORMAL DEPARTURE LAST
                VALUE   (LST)  VALUE       VALUE  FROM      YEAR
                                                  NORMAL
..................................................................
TEMPERATURE (F)
 YESTERDAY
  MAXIMUM         91    329 PM 100    2011  82      9       83
  MINIMUM         69    644 AM  45    1952  61      8       64
  AVERAGE         80                        72      8       74

PRECIPITATION (IN)
  YESTERDAY        0.00          2.63 1962   0.10  -0.10     0.00
  MONTH TO DATE    0.00                      0.30  -0.30     1.00
  SINCE SEP 1      0.00                      0.30  -0.30     1.00
  SINCE JAN 1     36.18                     29.63   6.55    31.52

SNOWFALL (IN)
  YESTERDAY        0.0           0.0    MM   0.0    0.0      0.0
  MONTH TO DATE    0.0                       0.0    0.0      0.0
  SINCE SEP 1      0.0                       0.0    0.0      0.0
  SINCE JUL 1      0.0                       0.0    0.0      0.0
  SNOW DEPTH       0

DEGREE DAYS
 HEATING
  YESTERDAY        0                         0      0        0
  MONTH TO DATE    0                         0      0        0
  SINCE SEP 1      0                         0      0        0
  SINCE JUL 1      2                         4     -2        6

 COOLING
  YESTERDAY       15                         7      8        9
  MONTH TO DATE   42                        22     20       28
  SINCE SEP 1     42                        22     20       28
  SINCE JAN 1    997                       943     54      825
..................................................................


WIND (MPH)
  HIGHEST WIND SPEED    16   HIGHEST WIND DIRECTION    SW (220)
  HIGHEST GUST SPEED    20   HIGHEST GUST DIRECTION    SW (210)
  AVERAGE WIND SPEED     7.0


SKY COVER
  AVERAGE SKY COVER 0.2


WEATHER CONDITIONS
 THE FOLLOWING WEATHER WAS RECORDED YESTERDAY.
  FOG
  HAZE


RELATIVE HUMIDITY (PERCENT)
 HIGHEST    90           200 AM
 LOWEST     44           200 PM
 AVERAGE    67

..........................................................


THE INDIANAPOLIS IN CLIMATE NORMALS FOR TODAY
                         NORMAL    RECORD    YEAR
 MAXIMUM TEMPERATURE (F)   82        98      1954
 MINIMUM TEMPERATURE (F)   61        46      1952


SUNRISE AND SUNSET
SEPTEMBER  4 2015.....SUNRISE   716 AM EDT   SUNSET   812 PM EDT
SEPTEMBER  5 2015.....SUNRISE   717 AM EDT   SUNSET   810 PM EDT


-  INDICATES NEGATIVE NUMBERS.
R  INDICATES RECORD WAS SET OR TIED.
MM INDICATES DATA IS MISSING.
T  INDICATES TRACE AMOUNT.




$$
