000
CDUS43 KIND 210537
CLIIND


CLIMATE REPORT
NATIONAL WEATHER SERVICE INDIANAPOLIS IN
136 AM EDT TUE OCT 21 2014


...................................

...THE INDIANAPOLIS IN CLIMATE SUMMARY FOR OCTOBER 20 2014...

CLIMATE NORMAL PERIOD 1981 TO 2010
CLIMATE RECORD PERIOD 1871 TO 2014


WEATHER ITEM   OBSERVED TIME   RECORD YEAR NORMAL DEPARTURE LAST
                VALUE   (LST)  VALUE       VALUE  FROM      YEAR
                                                  NORMAL
..................................................................
TEMPERATURE (F)
 YESTERDAY
  MAXIMUM         68    414 PM  86    1953  64      4       63
  MINIMUM         46   1230 AM  23    1972  44      2       38
  AVERAGE         57                        54      3       51

PRECIPITATION (IN)
  YESTERDAY        0.01          1.33 1983   0.10  -0.09     0.00
  MONTH TO DATE    2.64                      2.05   0.59     3.02
  SINCE SEP 1      5.17                      5.17   0.00     5.88
  SINCE JAN 1     35.69                     34.50   1.19    35.81

SNOWFALL (IN)
  YESTERDAY        0.0           1.6  1989   0.0    0.0      0.0
  MONTH TO DATE    0.0                       0.2   -0.2      0.0
  SINCE SEP 1      0.0                       0.2   -0.2      0.0
  SINCE JUL 1      0.0                       0.2   -0.2      0.0
  SNOW DEPTH       0

DEGREE DAYS
 HEATING
  YESTERDAY        8                        12     -4       14
  MONTH TO DATE  193                       179     14      129
  SINCE SEP 1    266                       250     16      155
  SINCE JUL 1    272                       254     18      163

 COOLING
  YESTERDAY        0                         0      0        0
  MONTH TO DATE    8                        13     -5       31
  SINCE SEP 1    102                       141    -39      201
  SINCE JAN 1    899                      1062   -163     1160
..................................................................


WIND (MPH)
  HIGHEST WIND SPEED    21   HIGHEST WIND DIRECTION     W (250)
  HIGHEST GUST SPEED    26   HIGHEST GUST DIRECTION    SW (240)
  AVERAGE WIND SPEED    11.5


SKY COVER
  AVERAGE SKY COVER 0.7


WEATHER CONDITIONS
 THE FOLLOWING WEATHER WAS RECORDED YESTERDAY.
  LIGHT RAIN


RELATIVE HUMIDITY (PERCENT)
 HIGHEST    86           100 AM
 LOWEST     45           400 PM
 AVERAGE    66

..........................................................


THE INDIANAPOLIS IN CLIMATE NORMALS FOR TODAY
                         NORMAL    RECORD    YEAR
 MAXIMUM TEMPERATURE (F)   64        86      1953
 MINIMUM TEMPERATURE (F)   43        23      1952


SUNRISE AND SUNSET
OCTOBER 21 2014.......SUNRISE   802 AM EDT   SUNSET   657 PM EDT
OCTOBER 22 2014.......SUNRISE   803 AM EDT   SUNSET   656 PM EDT


-  INDICATES NEGATIVE NUMBERS.
R  INDICATES RECORD WAS SET OR TIED.
MM INDICATES DATA IS MISSING.
T  INDICATES TRACE AMOUNT.




$$
