000
CDUS43 KIND 270530
CLIIND


CLIMATE REPORT
NATIONAL WEATHER SERVICE INDIANAPOLIS IN
1230 AM EST SAT DEC 27 2014


...................................

...THE INDIANAPOLIS IN CLIMATE SUMMARY FOR DECEMBER 26 2014...

CLIMATE NORMAL PERIOD 1981 TO 2010
CLIMATE RECORD PERIOD 1871 TO 2014


WEATHER ITEM   OBSERVED TIME   RECORD YEAR NORMAL DEPARTURE LAST
                VALUE   (LST)  VALUE       VALUE  FROM      YEAR
                                                  NORMAL
..................................................................
TEMPERATURE (F)
 YESTERDAY
  MAXIMUM         52    209 PM  67    1875  36     16       36
  MINIMUM         30    338 AM  -5    1983  22      8       21
  AVERAGE         41                        29     12       29

PRECIPITATION (IN)
  YESTERDAY        0.00          1.22 1904   0.11  -0.11      T
  MONTH TO DATE    2.35                      2.67  -0.32     4.44
  SINCE DEC 1      2.35                      2.67  -0.32     4.44
  SINCE JAN 1     41.37                     41.94  -0.57    45.92

SNOWFALL (IN)
  YESTERDAY        0.0           9.5  1895   0.3   -0.3      0.0
  MONTH TO DATE    0.1                       5.5   -5.4      8.8
  SINCE DEC 1      0.1                       5.5   -5.4      8.8
  SINCE JUL 1      2.8                       6.6   -3.8      8.9
  SNOW DEPTH       0

DEGREE DAYS
 HEATING
  YESTERDAY       24                        36    -12       36
  MONTH TO DATE  785                       853    -68      914
  SINCE DEC 1    785                       853    -68      914
  SINCE JUL 1   2064                      1895    169     2058

 COOLING
  YESTERDAY        0                         0      0        0
  MONTH TO DATE    0                         0      0        0
  SINCE DEC 1      0                         0      0        0
  SINCE JAN 1    900                      1066   -166     1160
..................................................................


WIND (MPH)
  HIGHEST WIND SPEED    17   HIGHEST WIND DIRECTION    SW (210)
  HIGHEST GUST SPEED    21   HIGHEST GUST DIRECTION     S (200)
  AVERAGE WIND SPEED    10.2


SKY COVER
  AVERAGE SKY COVER 0.5


WEATHER CONDITIONS
 THE FOLLOWING WEATHER WAS RECORDED YESTERDAY.
  NO SIGNIFICANT WEATHER WAS OBSERVED.


RELATIVE HUMIDITY (PERCENT)
 HIGHEST    96           900 AM
 LOWEST     63           200 PM
 AVERAGE    80

..........................................................


THE INDIANAPOLIS IN CLIMATE NORMALS FOR TODAY
                         NORMAL    RECORD    YEAR
 MAXIMUM TEMPERATURE (F)   36        68      2008
 MINIMUM TEMPERATURE (F)   22        -7      1925


SUNRISE AND SUNSET
DECEMBER 27 2014......SUNRISE   805 AM EST   SUNSET   527 PM EST
DECEMBER 28 2014......SUNRISE   805 AM EST   SUNSET   528 PM EST


-  INDICATES NEGATIVE NUMBERS.
R  INDICATES RECORD WAS SET OR TIED.
MM INDICATES DATA IS MISSING.
T  INDICATES TRACE AMOUNT.




$$
