000
CDUS43 KIND 280532
CLIIND


CLIMATE REPORT
NATIONAL WEATHER SERVICE INDIANAPOLIS IN
131 AM EDT SAT MAR 28 2015


...................................

...THE INDIANAPOLIS IN CLIMATE SUMMARY FOR MARCH 27 2015...

CLIMATE NORMAL PERIOD 1981 TO 2010
CLIMATE RECORD PERIOD 1871 TO 2015


WEATHER ITEM   OBSERVED TIME   RECORD YEAR NORMAL DEPARTURE LAST
                VALUE   (LST)  VALUE       VALUE  FROM      YEAR
                                                  NORMAL
..................................................................
TEMPERATURE (F)
 YESTERDAY
  MAXIMUM         35    130 PM  84    1910  56    -21       52
  MINIMUM         21   1159 PM  11    1955  36    -15       31
  AVERAGE         28                        46    -18       42

PRECIPITATION (IN)
  YESTERDAY        T             2.27 1880   0.13  -0.13     0.05
  MONTH TO DATE    3.47                      3.05   0.42     1.63
  SINCE MAR 1      3.47                      3.05   0.42     1.63
  SINCE JAN 1      6.62                      8.03  -1.41     6.42

SNOWFALL (IN)
  YESTERDAY        T             1.8  1913   0.1   -0.1       T
  MONTH TO DATE    5.9                       2.5    3.4      3.1
  SINCE MAR 1      5.9                       2.5    3.4      3.1
  SINCE JUL 1     25.6                      25.6    0.0     55.4
  SNOW DEPTH       0

DEGREE DAYS
 HEATING
  YESTERDAY       37                        19     18       23
  MONTH TO DATE  700                       635     65      810
  SINCE MAR 1    700                       635     65      810
  SINCE JUL 1   5426                      4778    648     5607

 COOLING
  YESTERDAY        0                         0      0        0
  MONTH TO DATE    0                         0      0        0
  SINCE MAR 1      0                         0      0        0
  SINCE JAN 1      0                         0      0        0
..................................................................


WIND (MPH)
  HIGHEST WIND SPEED    24   HIGHEST WIND DIRECTION    NW (330)
  HIGHEST GUST SPEED    29   HIGHEST GUST DIRECTION    NW (330)
  AVERAGE WIND SPEED    12.1


SKY COVER
  AVERAGE SKY COVER 0.6


WEATHER CONDITIONS
 THE FOLLOWING WEATHER WAS RECORDED YESTERDAY.
  LIGHT SNOW


RELATIVE HUMIDITY (PERCENT)
 HIGHEST    78           200 AM
 LOWEST     47           200 PM
 AVERAGE    63

..........................................................


THE INDIANAPOLIS IN CLIMATE NORMALS FOR TODAY
                         NORMAL    RECORD    YEAR
 MAXIMUM TEMPERATURE (F)   57        82      1910
 MINIMUM TEMPERATURE (F)   37        16      1934


SUNRISE AND SUNSET
MARCH 28 2015.........SUNRISE   736 AM EDT   SUNSET   805 PM EDT
MARCH 29 2015.........SUNRISE   735 AM EDT   SUNSET   806 PM EDT


-  INDICATES NEGATIVE NUMBERS.
R  INDICATES RECORD WAS SET OR TIED.
MM INDICATES DATA IS MISSING.
T  INDICATES TRACE AMOUNT.




$$
