000
CDUS43 KIND 270531
CLIIND


CLIMATE REPORT
NATIONAL WEATHER SERVICE INDIANAPOLIS IN
130 AM EDT TUE SEP 27 2016


...................................

...THE INDIANAPOLIS IN CLIMATE SUMMARY FOR SEPTEMBER 26 2016...

CLIMATE NORMAL PERIOD 1981 TO 2010
CLIMATE RECORD PERIOD 1871 TO 2016


WEATHER ITEM   OBSERVED TIME   RECORD YEAR NORMAL DEPARTURE LAST
                VALUE   (LST)  VALUE       VALUE  FROM      YEAR
                                                  NORMAL
..................................................................
TEMPERATURE (F)
 YESTERDAY
  MAXIMUM         74   1212 AM  91    1891  73      1       76
  MINIMUM         52   1159 PM  37    2001  52      0       62
                                      1928
  AVERAGE         63                        62      1       69

PRECIPITATION (IN)
  YESTERDAY        0.54          1.62 1933   0.10   0.44      T
  MONTH TO DATE    3.56                      2.69   0.87     1.43
  SINCE SEP 1      3.56                      2.69   0.87     1.43
  SINCE JAN 1     38.58                     32.02   6.56    37.61

SNOWFALL (IN)
  YESTERDAY        0.0           T    1951   0.0    0.0      0.0
  MONTH TO DATE    0.0                       0.0    0.0      0.0
  SINCE SEP 1      0.0                       0.0    0.0      0.0
  SINCE JUL 1      0.0                       0.0    0.0      0.0
  SNOW DEPTH       0

DEGREE DAYS
 HEATING
  YESTERDAY        2                         5     -3        0
  MONTH TO DATE    2                        48    -46       17
  SINCE SEP 1      2                        48    -46       17
  SINCE JUL 1      4                        52    -48       19

 COOLING
  YESTERDAY        0                         2     -2        4
  MONTH TO DATE  213                       121     92      176
  SINCE SEP 1    213                       121     92      176
  SINCE JAN 1   1393                      1042    351     1131
..................................................................


WIND (MPH)
  HIGHEST WIND SPEED    28   HIGHEST WIND DIRECTION     W (290)
  HIGHEST GUST SPEED    35   HIGHEST GUST DIRECTION    NW (310)
  AVERAGE WIND SPEED    11.2


SKY COVER
  AVERAGE SKY COVER 0.6


WEATHER CONDITIONS
 THE FOLLOWING WEATHER WAS RECORDED YESTERDAY.
  THUNDERSTORM
  RAIN
  LIGHT RAIN
  FOG


RELATIVE HUMIDITY (PERCENT)
 HIGHEST    90           600 AM
 LOWEST     36           500 PM
 AVERAGE    63

..........................................................


THE INDIANAPOLIS IN CLIMATE NORMALS FOR TODAY
                         NORMAL    RECORD    YEAR
 MAXIMUM TEMPERATURE (F)   73        93      1998
 MINIMUM TEMPERATURE (F)   51        35      1991


SUNRISE AND SUNSET
SEPTEMBER 27 2016.....SUNRISE   738 AM EDT   SUNSET   733 PM EDT
SEPTEMBER 28 2016.....SUNRISE   739 AM EDT   SUNSET   732 PM EDT


-  INDICATES NEGATIVE NUMBERS.
R  INDICATES RECORD WAS SET OR TIED.
MM INDICATES DATA IS MISSING.
T  INDICATES TRACE AMOUNT.




$$
