000
CDUS43 KIND 030543
CLIIND


CLIMATE REPORT
NATIONAL WEATHER SERVICE INDIANAPOLIS IN
142 AM EDT WED JUN 3 2015


...................................

...THE INDIANAPOLIS IN CLIMATE SUMMARY FOR JUNE 2 2015...

CLIMATE NORMAL PERIOD 1981 TO 2010
CLIMATE RECORD PERIOD 1871 TO 2015


WEATHER ITEM   OBSERVED TIME   RECORD YEAR NORMAL DEPARTURE LAST
                VALUE   (LST)  VALUE       VALUE  FROM      YEAR
                                                  NORMAL
..................................................................
TEMPERATURE (F)
 YESTERDAY
  MAXIMUM         70    210 PM 100    1934  78     -8       78
  MINIMUM         49    540 AM  39    1956  58     -9       65
  AVERAGE         60                        68     -8       72

PRECIPITATION (IN)
  YESTERDAY        0.00          3.00 1941   0.15  -0.15     1.03
  MONTH TO DATE    T                         0.29  -0.29     1.03
  SINCE JUN 1      T                         0.29  -0.29     1.03
  SINCE JAN 1     13.13                     17.69  -4.56    18.46

SNOWFALL (IN)
  YESTERDAY        0.0           0.0    MM   0.0    0.0      0.0
  MONTH TO DATE    0.0                       0.0    0.0      0.0
  SINCE JUN 1      0.0                       0.0    0.0      0.0
  SINCE JUL 1     25.6                      25.9   -0.3     55.7
  SNOW DEPTH       0

DEGREE DAYS
 HEATING
  YESTERDAY        5                         2      3        0
  MONTH TO DATE   12                         4      8        0
  SINCE JUN 1     12                         4      8        0
  SINCE JUL 1   5920                      5366    554     6206

 COOLING
  YESTERDAY        0                         5     -5        7
  MONTH TO DATE    0                        10    -10       17
  SINCE JUN 1      0                        10    -10       17
  SINCE JAN 1    148                        94     54      121
..................................................................


WIND (MPH)
  HIGHEST WIND SPEED    16   HIGHEST WIND DIRECTION     E (110)
  HIGHEST GUST SPEED    22   HIGHEST GUST DIRECTION     E (70)
  AVERAGE WIND SPEED     8.1


SKY COVER
  AVERAGE SKY COVER 0.3


WEATHER CONDITIONS
 THE FOLLOWING WEATHER WAS RECORDED YESTERDAY.
  FOG


RELATIVE HUMIDITY (PERCENT)
 HIGHEST    86           600 AM
 LOWEST     53           200 PM
 AVERAGE    70

..........................................................


THE INDIANAPOLIS IN CLIMATE NORMALS FOR TODAY
                         NORMAL    RECORD    YEAR
 MAXIMUM TEMPERATURE (F)   78       100      1895
 MINIMUM TEMPERATURE (F)   59        40      1929
                                             1910


SUNRISE AND SUNSET
JUNE  3 2015..........SUNRISE   619 AM EDT   SUNSET   908 PM EDT
JUNE  4 2015..........SUNRISE   618 AM EDT   SUNSET   909 PM EDT


-  INDICATES NEGATIVE NUMBERS.
R  INDICATES RECORD WAS SET OR TIED.
MM INDICATES DATA IS MISSING.
T  INDICATES TRACE AMOUNT.




$$
