436
CDUS43 KIND 250530
CLIIND


CLIMATE REPORT
NATIONAL WEATHER SERVICE INDIANAPOLIS IN
130 AM EDT SUN JUN 25 2017


...................................

...THE INDIANAPOLIS IN CLIMATE SUMMARY FOR JUNE 24 2017...

CLIMATE NORMAL PERIOD 1981 TO 2010
CLIMATE RECORD PERIOD 1871 TO 2017


WEATHER ITEM   OBSERVED TIME   RECORD YEAR NORMAL DEPARTURE LAST
                VALUE   (LST)  VALUE       VALUE  FROM      YEAR
                                                  NORMAL
..................................................................
TEMPERATURE (F)
 YESTERDAY
  MAXIMUM         77    207 PM  98    1933  84     -7       85
  MINIMUM         59   1149 PM  49    1887  64     -5       67
  AVERAGE         68                        74     -6       76

PRECIPITATION (IN)
  YESTERDAY        0.00          0.92 1909   0.15  -0.15     0.00
  MONTH TO DATE    4.38                      3.39   0.99     4.32
  SINCE JUN 1      4.38                      3.39   0.99     4.32
  SINCE JAN 1     28.66                     20.79   7.87    21.83

SNOWFALL (IN)
  YESTERDAY        0.0           0.0    MM   0.0    0.0      0.0
  MONTH TO DATE    0.0                       0.0    0.0      0.0
  SINCE JUN 1      0.0                       0.0    0.0      0.0
  SINCE JUL 1      9.7                      25.9  -16.2     13.3
  SNOW DEPTH       0

DEGREE DAYS
 HEATING
  YESTERDAY        0                         0      0        0
  MONTH TO DATE    0                        13    -13        1
  SINCE JUN 1      0                        13    -13        1
  SINCE JUL 1   4272                      5375  -1103     4445

 COOLING
  YESTERDAY        3                         9     -6       11
  MONTH TO DATE  193                       167     26      239
  SINCE JUN 1    193                       167     26      239
  SINCE JAN 1    299                       251     48      340
..................................................................


WIND (MPH)
  HIGHEST WIND SPEED    21   HIGHEST WIND DIRECTION     W (290)
  HIGHEST GUST SPEED    26   HIGHEST GUST DIRECTION     W (290)
  AVERAGE WIND SPEED    10.8


SKY COVER
  AVERAGE SKY COVER 0.3


WEATHER CONDITIONS
 THE FOLLOWING WEATHER WAS RECORDED YESTERDAY.
  NO SIGNIFICANT WEATHER WAS OBSERVED.


RELATIVE HUMIDITY (PERCENT)
 HIGHEST    93          1200 AM
 LOWEST     41           700 PM
 AVERAGE    67

..........................................................


THE INDIANAPOLIS IN CLIMATE NORMALS FOR TODAY
                         NORMAL    RECORD    YEAR
 MAXIMUM TEMPERATURE (F)   84       102      1988
 MINIMUM TEMPERATURE (F)   65        46      1972


SUNRISE AND SUNSET
JUNE 25 2017..........SUNRISE   619 AM EDT   SUNSET   917 PM EDT
JUNE 26 2017..........SUNRISE   619 AM EDT   SUNSET   917 PM EDT


-  INDICATES NEGATIVE NUMBERS.
R  INDICATES RECORD WAS SET OR TIED.
MM INDICATES DATA IS MISSING.
T  INDICATES TRACE AMOUNT.




$$
