000
CDUS43 KDLH 280656
CLIINL


CLIMATE REPORT
NATIONAL WEATHER SERVICE DULUTH MN
154 AM CDT SUN MAY 28 2017


...................................

...THE INTERNATIONAL FALLS MN CLIMATE SUMMARY FOR MAY 27 2017...

CLIMATE NORMAL PERIOD 1981 TO 2010
CLIMATE RECORD PERIOD 1895 TO 2017


WEATHER ITEM   OBSERVED TIME   RECORD YEAR NORMAL DEPARTURE LAST
                VALUE   (LST)  VALUE       VALUE  FROM      YEAR
                                                  NORMAL
..................................................................
TEMPERATURE (F)
 YESTERDAY
  MAXIMUM         76    327 PM  94    1969  68      8       72
  MINIMUM         43   1256 AM  25    2008  42      1       44
  AVERAGE         60                        55      5       58

PRECIPITATION (IN)
  YESTERDAY        0.00          1.23 1941   0.10  -0.10     0.00
  MONTH TO DATE    0.81                      2.43  -1.62     0.63
  SINCE MAR 1      3.07                      4.91  -1.84     5.45
  SINCE JAN 1      5.82                      6.10  -0.28     6.82

SNOWFALL (IN)
  YESTERDAY        0.0           0.3  1965   0.0    0.0      0.0
  MONTH TO DATE    0.0                       0.2   -0.2       T
  SINCE MAR 1      7.1                      14.2   -7.1     14.2
  SINCE JUL 1     70.4                      71.0   -0.6     47.7
  SNOW DEPTH       0

DEGREE DAYS
 HEATING
  YESTERDAY        5                        10     -5        7
  MONTH TO DATE  433                       381     52      336
  SINCE MAR 1   2439                      2436      3     2265
  SINCE JUL 1   8913                     10019  -1106     8797

 COOLING
  YESTERDAY        0                         0      0        0
  MONTH TO DATE    0                         0      0        2
  SINCE MAR 1      0                         1     -1        2
  SINCE JAN 1      0                         1     -1        2
..................................................................


WIND (MPH)
  HIGHEST WIND SPEED    22   HIGHEST WIND DIRECTION     W (280)
  HIGHEST GUST SPEED    30   HIGHEST GUST DIRECTION     W (280)
  AVERAGE WIND SPEED     7.6


SKY COVER
  AVERAGE SKY COVER 0.3


WEATHER CONDITIONS
 THE FOLLOWING WEATHER WAS RECORDED YESTERDAY.
  NO SIGNIFICANT WEATHER WAS OBSERVED.


RELATIVE HUMIDITY (PERCENT)
 HIGHEST    89           100 AM
 LOWEST     25           300 PM
 AVERAGE    57

..........................................................


THE INTERNATIONAL FALLS MN CLIMATE NORMALS FOR TODAY
                         NORMAL    RECORD    YEAR
 MAXIMUM TEMPERATURE (F)   69        92      1919
 MINIMUM TEMPERATURE (F)   43        27      1947


SUNRISE AND SUNSET
MAY 28 2017...........SUNRISE   519 AM CDT   SUNSET   904 PM CDT
MAY 29 2017...........SUNRISE   518 AM CDT   SUNSET   905 PM CDT


-  INDICATES NEGATIVE NUMBERS.
R  INDICATES RECORD WAS SET OR TIED.
MM INDICATES DATA IS MISSING.
T  INDICATES TRACE AMOUNT.




$$
