000
CDUS43 KDLH 240635
CLIINL


CLIMATE REPORT
NATIONAL WEATHER SERVICE DULUTH MN
1235 AM CST SAT FEB 24 2018


...................................

...THE INTERNATIONAL FALLS MN CLIMATE SUMMARY FOR FEBRUARY 23 2018...

CLIMATE NORMAL PERIOD 1981 TO 2010
CLIMATE RECORD PERIOD 1895 TO 2018


WEATHER ITEM   OBSERVED TIME   RECORD YEAR NORMAL DEPARTURE LAST
                VALUE   (LST)  VALUE       VALUE  FROM      YEAR
                                                  NORMAL
..................................................................
TEMPERATURE (F)
 YESTERDAY
  MAXIMUM         29    323 PM  52    1918  25      4       27
  MINIMUM          2   1151 PM -35    1907   2      0       12
  AVERAGE         16                        14      2       20

PRECIPITATION (IN)
  YESTERDAY        0.10          0.49 1977   0.02   0.08      T
  MONTH TO DATE    0.61                      0.44   0.17     1.44
  SINCE DEC 1      2.48                      1.87   0.61     4.90
  SINCE JAN 1      1.32                      1.06   0.26     2.71

SNOWFALL (IN)
  YESTERDAY        1.0           6.4  1977   0.4    0.6       T
  MONTH TO DATE    9.2                       8.8    0.4     11.7
  SINCE DEC 1     34.9                      38.8   -3.9     54.1
  SINCE JUL 1     48.9                      54.8   -5.9     62.5
  SNOW DEPTH      14

DEGREE DAYS
 HEATING
  YESTERDAY       49                        51     -2       45
  MONTH TO DATE 1487                      1279    208     1080
  SINCE DEC 1   5154                      4871    283     4418
  SINCE JUL 1   7548                      7332    216     6224

 COOLING
  YESTERDAY        0                         0      0        0
  MONTH TO DATE    0                         0      0        0
  SINCE DEC 1      0                         0      0        0
  SINCE JAN 1      0                         0      0        0
..................................................................


WIND (MPH)
  HIGHEST WIND SPEED    14   HIGHEST WIND DIRECTION     W (270)
  HIGHEST GUST SPEED    22   HIGHEST GUST DIRECTION    SW (240)
  AVERAGE WIND SPEED     5.3


SKY COVER
  AVERAGE SKY COVER 0.6


WEATHER CONDITIONS
 THE FOLLOWING WEATHER WAS RECORDED YESTERDAY.
  LIGHT SNOW
  FOG
  HAZE


RELATIVE HUMIDITY (PERCENT)
 HIGHEST    92           300 AM
 LOWEST     55           500 PM
 AVERAGE    74

..........................................................


THE INTERNATIONAL FALLS MN CLIMATE NORMALS FOR TODAY
                         NORMAL    RECORD    YEAR
 MAXIMUM TEMPERATURE (F)   26        52      1976
 MINIMUM TEMPERATURE (F)    3       -31      1917


SUNRISE AND SUNSET
FEBRUARY 24 2018......SUNRISE   705 AM CST   SUNSET   550 PM CST
FEBRUARY 25 2018......SUNRISE   703 AM CST   SUNSET   551 PM CST


-  INDICATES NEGATIVE NUMBERS.
R  INDICATES RECORD WAS SET OR TIED.
MM INDICATES DATA IS MISSING.
T  INDICATES TRACE AMOUNT.




$$
