903
CDUS45 KFGZ 290110
CLIINW
CLIMATE REPORT
NATIONAL WEATHER SERVICE FLAGSTAFF, AZ
609 PM MST TUE MAR 28 2017


...................................

...THE WINSLOW AZ AIRPORT CLIMATE SUMMARY FOR MARCH 28 2017...
VALID TODAY AS OF 0500 PM LOCAL TIME.

CLIMATE NORMAL PERIOD 1981 TO 2010
CLIMATE RECORD PERIOD 1915 TO 2017


WEATHER ITEM   OBSERVED TIME   RECORD YEAR NORMAL DEPARTURE LAST
                VALUE   (LST)  VALUE       VALUE  FROM      YEAR
                                                  NORMAL
..................................................................
TEMPERATURE (F)
 TODAY
  MAXIMUM         59    254 PM  85    2015  67     -8       70
  MINIMUM         35    157 AM  15    1975  32      3       41
  AVERAGE         47                        49     -2       56

PRECIPITATION (IN)
  TODAY            T             0.42 1998   0.02  -0.02     0.00
  MONTH TO DATE    0.09                      0.49  -0.40      T
  SINCE SEP 1      4.70                      3.95   0.75     4.59
  SINCE JAN 1      1.62                      1.47   0.15     0.57

DEGREE DAYS
 HEATING
  TODAY           18                        16      2        9
  MONTH TO DATE  357                       514   -157      389
  SINCE JUL 1   3163                      4009   -846     3723

 COOLING
  TODAY            0                         0      0        0
  MONTH TO DATE    0                         0      0        0
  SINCE JAN 1      0                         0      0        0
..................................................................


WIND (MPH)
  HIGHEST WIND SPEED    26   HIGHEST WIND DIRECTION    NW (310)
  HIGHEST GUST SPEED    31   HIGHEST GUST DIRECTION    NW (310)
  AVERAGE WIND SPEED     8.9


SKY COVER
  POSSIBLE SUNSHINE  MM
  AVERAGE SKY COVER 0.8


WEATHER CONDITIONS
 THE FOLLOWING WEATHER WAS RECORDED TODAY.
  LIGHT RAIN


RELATIVE HUMIDITY (PERCENT)
 HIGHEST   100           400 AM
 LOWEST     33           400 PM
 AVERAGE    67

..........................................................


THE WINSLOW AZ AIRPORT CLIMATE NORMALS FOR TOMORROW
                         NORMAL    RECORD    YEAR
 MAXIMUM TEMPERATURE (F)   67        81      2015
 MINIMUM TEMPERATURE (F)   32        15      1944


SUNRISE AND SUNSET
MARCH 28 2017.........SUNRISE   615 AM MST   SUNSET   641 PM MST
MARCH 29 2017.........SUNRISE   613 AM MST   SUNSET   642 PM MST


-  INDICATES NEGATIVE NUMBERS.
R  INDICATES RECORD WAS SET OR TIED.
MM INDICATES DATA IS MISSING.
T  INDICATES TRACE AMOUNT.




$$
