132
CDUS45 KFGZ 170103
CLIINW
CLIMATE REPORT
NATIONAL WEATHER SERVICE FLAGSTAFF, AZ
601 PM MST TUE JAN 16 2018


...................................

...THE WINSLOW AZ AIRPORT CLIMATE SUMMARY FOR JANUARY 16 2018...
VALID TODAY AS OF 0500 PM LOCAL TIME.

CLIMATE NORMAL PERIOD 1981 TO 2010
CLIMATE RECORD PERIOD 1915 TO 2018


WEATHER ITEM   OBSERVED TIME   RECORD YEAR NORMAL DEPARTURE LAST
                VALUE   (LST)  VALUE       VALUE  FROM      YEAR
                                                  NORMAL
..................................................................
TEMPERATURE (F)
 TODAY
  MAXIMUM         55    340 PM  72    2000  49      6       50
  MINIMUM         25    803 AM  -4    1968  21      4       34
                                      1937
  AVERAGE         40                        35      5       42

PRECIPITATION (IN)
  TODAY            0.00          0.37 1916   0.02  -0.02     0.00
  MONTH TO DATE    0.01                      0.28  -0.27     0.63
  SINCE SEP 1      0.24                      2.76  -2.52     3.71
  SINCE JAN 1      0.01                      0.28  -0.27     0.63

DEGREE DAYS
 HEATING
  TODAY           25                        30     -5       23
  MONTH TO DATE  408                       491    -83      348
  SINCE JUL 1   1925                      2369   -444     1847

 COOLING
  TODAY            0                         0      0        0
  MONTH TO DATE    0                         0      0        0
  SINCE JAN 1      0                         0      0        0
..................................................................


WIND (MPH)
  HIGHEST WIND SPEED    10   HIGHEST WIND DIRECTION     W (250)
  HIGHEST GUST SPEED    14   HIGHEST GUST DIRECTION    NE (50)
  AVERAGE WIND SPEED     4.0


SKY COVER
  POSSIBLE SUNSHINE  MM
  AVERAGE SKY COVER 0.0


WEATHER CONDITIONS
 THE FOLLOWING WEATHER WAS RECORDED TODAY.
  NO SIGNIFICANT WEATHER WAS OBSERVED.


RELATIVE HUMIDITY (PERCENT)
 HIGHEST    69           100 AM
 LOWEST     29           300 PM
 AVERAGE    49

..........................................................


THE WINSLOW AZ AIRPORT CLIMATE NORMALS FOR TOMORROW
                         NORMAL    RECORD    YEAR
 MAXIMUM TEMPERATURE (F)   50        69      2000
 MINIMUM TEMPERATURE (F)   21         1      1968
                                             1960


SUNRISE AND SUNSET
JANUARY 16 2018.......SUNRISE   730 AM MST   SUNSET   536 PM MST
JANUARY 17 2018.......SUNRISE   730 AM MST   SUNSET   537 PM MST


-  INDICATES NEGATIVE NUMBERS.
R  INDICATES RECORD WAS SET OR TIED.
MM INDICATES DATA IS MISSING.
T  INDICATES TRACE AMOUNT.




$$
