000
CDUS45 KFGZ 280055
CLIINW
CLIMATE REPORT
NATIONAL WEATHER SERVICE FLAGSTAFF, AZ
554 PM MST FRI MAY 27 2016


...................................

...THE WINSLOW AZ AIRPORT CLIMATE SUMMARY FOR MAY 27 2016...
VALID TODAY AS OF 0500 PM LOCAL TIME.

CLIMATE NORMAL PERIOD 1981 TO 2010
CLIMATE RECORD PERIOD 1915 TO 2016


WEATHER ITEM   OBSERVED TIME   RECORD YEAR NORMAL DEPARTURE LAST
                VALUE   (LST)  VALUE       VALUE  FROM      YEAR
                                                  NORMAL
..................................................................
TEMPERATURE (F)
 TODAY
  MAXIMUM         78    417 PM  99    1951  85     -7       80
  MINIMUM         42    504 AM  30    1916  48     -6       45
  AVERAGE         60                        67     -7       63

PRECIPITATION (IN)
  TODAY            0.00          0.25 1992   0.01  -0.01     0.00
  MONTH TO DATE    0.43                      0.29   0.14     0.82
  SINCE SEP 1      5.62                      4.55   1.07     6.26
  SINCE JAN 1      1.60                      2.07  -0.47     3.41

DEGREE DAYS
 HEATING
  TODAY            5                         2      3        2
  MONTH TO DATE  133                       102     31      153
  SINCE JUL 1   4252                      4481   -229     3827

 COOLING
  TODAY            0                         3     -3        0
  MONTH TO DATE   15                        48    -33        3
  SINCE JAN 1     15                        52    -37        3
..................................................................


WIND (MPH)
  HIGHEST WIND SPEED    18   HIGHEST WIND DIRECTION     W (280)
  HIGHEST GUST SPEED    25   HIGHEST GUST DIRECTION    NW (330)
  AVERAGE WIND SPEED     5.6


SKY COVER
  POSSIBLE SUNSHINE  MM
  AVERAGE SKY COVER 0.2


WEATHER CONDITIONS
 THE FOLLOWING WEATHER WAS RECORDED TODAY.
  NO SIGNIFICANT WEATHER WAS OBSERVED.


RELATIVE HUMIDITY (PERCENT)
 HIGHEST    49           600 AM
 LOWEST     16           400 PM
 AVERAGE    33

..........................................................


THE WINSLOW AZ AIRPORT CLIMATE NORMALS FOR TOMORROW
                         NORMAL    RECORD    YEAR
 MAXIMUM TEMPERATURE (F)   86       100      1958
 MINIMUM TEMPERATURE (F)   48        35      1929


SUNRISE AND SUNSET
MAY 27 2016...........SUNRISE   512 AM MST   SUNSET   729 PM MST
MAY 28 2016...........SUNRISE   511 AM MST   SUNSET   730 PM MST


-  INDICATES NEGATIVE NUMBERS.
R  INDICATES RECORD WAS SET OR TIED.
MM INDICATES DATA IS MISSING.
T  INDICATES TRACE AMOUNT.




$$
