000
CDUS45 KFGZ 010820
CLIINW
CLIMATE REPORT
NATIONAL WEATHER SERVICE FLAGSTAFF, AZ
119 AM MST SAT OCT 1 2016


...................................

...THE WINSLOW AZ AIRPORT CLIMATE SUMMARY FOR SEPTEMBER 30 2016...

CLIMATE NORMAL PERIOD 1981 TO 2010
CLIMATE RECORD PERIOD 1915 TO 2016


WEATHER ITEM   OBSERVED TIME   RECORD YEAR NORMAL DEPARTURE LAST
                VALUE   (LST)  VALUE       VALUE  FROM      YEAR
                                                  NORMAL
..................................................................
TEMPERATURE (F)
 YESTERDAY
  MAXIMUM         73    433 PM  94    2015  80     -7       94
                                      2010
  MINIMUM         48    544 AM  36    1974  46      2       55
                                      1945
                                      1925
  AVERAGE         61                        63     -2       75

PRECIPITATION (IN)
  YESTERDAY        0.05          0.47 1983   0.02   0.03     0.00
  MONTH TO DATE    0.85                      0.88  -0.03     1.29
  SINCE SEP 1      0.85                      0.88  -0.03     1.29
  SINCE JAN 1      4.47                      5.41  -0.94    10.19

DEGREE DAYS
 HEATING
  YESTERDAY        4                         3      1        0
  MONTH TO DATE   30                        29      1        0
  SINCE JUL 1     30                        31     -1        0

 COOLING
  YESTERDAY        0                         1     -1       10
  MONTH TO DATE  123                       143    -20      191
  SINCE JAN 1   1269                      1201     68     1300
..................................................................


WIND (MPH)
  HIGHEST WIND SPEED    17   HIGHEST WIND DIRECTION     S (190)
  HIGHEST GUST SPEED    19   HIGHEST GUST DIRECTION     S (190)
  AVERAGE WIND SPEED     3.0


SKY COVER
  POSSIBLE SUNSHINE  MM
  AVERAGE SKY COVER 0.4


WEATHER CONDITIONS
 THE FOLLOWING WEATHER WAS RECORDED YESTERDAY.
  LIGHT RAIN
  FOG
  FOG W/VISIBILITY <= 1/4 MILE


RELATIVE HUMIDITY (PERCENT)
 HIGHEST   100           300 AM
 LOWEST     53           300 PM
 AVERAGE    77

..........................................................


THE WINSLOW AZ AIRPORT CLIMATE NORMALS FOR TODAY
                         NORMAL    RECORD    YEAR
 MAXIMUM TEMPERATURE (F)   79        93      1972
 MINIMUM TEMPERATURE (F)   46        29      1927


SUNRISE AND SUNSET
OCTOBER  1 2016.......SUNRISE   618 AM MST   SUNSET   606 PM MST
OCTOBER  2 2016.......SUNRISE   619 AM MST   SUNSET   605 PM MST


-  INDICATES NEGATIVE NUMBERS.
R  INDICATES RECORD WAS SET OR TIED.
MM INDICATES DATA IS MISSING.
T  INDICATES TRACE AMOUNT.




$$
