000
CDUS45 KFGZ 230806
CLIINW
CLIMATE REPORT
NATIONAL WEATHER SERVICE FLAGSTAFF, AZ
104 AM MST THU OCT 23 2014


...................................

...THE WINSLOW AZ AIRPORT CLIMATE SUMMARY FOR OCTOBER 22 2014...

CLIMATE NORMAL PERIOD 1981 TO 2010
CLIMATE RECORD PERIOD 1898 TO 2014


WEATHER ITEM   OBSERVED TIME   RECORD YEAR NORMAL DEPARTURE LAST
                VALUE   (LST)  VALUE       VALUE  FROM      YEAR
                                                  NORMAL
..................................................................
TEMPERATURE (F)
 YESTERDAY
  MAXIMUM         77    338 PM  85    1921  71      6       71
  MINIMUM         44    433 AM  18    1996  37      7       28
  AVERAGE         61                        54      7       50

PRECIPITATION (IN)
  YESTERDAY        0.00          0.42 1978   0.02  -0.02     0.00
  MONTH TO DATE    0.39                      0.39   0.00     0.25
  SINCE SEP 1      1.73                      1.27   0.46     1.18
  SINCE JAN 1      5.91                      5.80   0.11     6.88

DEGREE DAYS
 HEATING
  YESTERDAY        4                        11     -7       15
  MONTH TO DATE   93                       159    -66      260
  SINCE JUL 1    106                       190    -84      293

 COOLING
  YESTERDAY        0                         0      0        0
  MONTH TO DATE    1                         6     -5        0
  SINCE JAN 1   1327                      1207    120     1380
..................................................................


WIND (MPH)
  HIGHEST WIND SPEED     9   HIGHEST WIND DIRECTION    SE (150)
  HIGHEST GUST SPEED    13   HIGHEST GUST DIRECTION    SE (150)
  AVERAGE WIND SPEED     3.8


SKY COVER
  POSSIBLE SUNSHINE  MM
  AVERAGE SKY COVER 0.0


WEATHER CONDITIONS
 THE FOLLOWING WEATHER WAS RECORDED YESTERDAY.
  NO SIGNIFICANT WEATHER WAS OBSERVED.


RELATIVE HUMIDITY (PERCENT)
 HIGHEST    92           500 AM
 LOWEST     25           300 PM
 AVERAGE    59

..........................................................


THE WINSLOW AZ AIRPORT CLIMATE NORMALS FOR TODAY
                         NORMAL    RECORD    YEAR
 MAXIMUM TEMPERATURE (F)   71        84      2003
 MINIMUM TEMPERATURE (F)   36        21      2008
                                             1995


SUNRISE AND SUNSET
OCTOBER 23 2014.......SUNRISE   636 AM MST   SUNSET   538 PM MST
OCTOBER 24 2014.......SUNRISE   637 AM MST   SUNSET   537 PM MST


-  INDICATES NEGATIVE NUMBERS.
R  INDICATES RECORD WAS SET OR TIED.
MM INDICATES DATA IS MISSING.
T  INDICATES TRACE AMOUNT.




$$
