000
CDUS45 KFGZ 270054
CLIINW
CLIMATE REPORT
NATIONAL WEATHER SERVICE FLAGSTAFF, AZ
553 PM MST FRI AUG 26 2016


...................................

...THE WINSLOW AZ AIRPORT CLIMATE SUMMARY FOR AUGUST 26 2016...
VALID TODAY AS OF 0500 PM LOCAL TIME.

CLIMATE NORMAL PERIOD 1981 TO 2010
CLIMATE RECORD PERIOD 1915 TO 2016


WEATHER ITEM   OBSERVED TIME   RECORD YEAR NORMAL DEPARTURE LAST
                VALUE   (LST)  VALUE       VALUE  FROM      YEAR
                                                  NORMAL
..................................................................
TEMPERATURE (F)
 TODAY
  MAXIMUM         81    139 PM 100    1931  90     -9       90
  MINIMUM         57    548 AM  50    2002  59     -2       62
  AVERAGE         69                        75     -6       76

PRECIPITATION (IN)
  TODAY            0.11          1.10 1947   0.03   0.08     0.05
  MONTH TO DATE    1.41                      1.01   0.40     2.57
  SINCE SEP 1      7.40                      6.82   0.58    11.06
  SINCE JAN 1      3.38                      4.34  -0.96     8.21

DEGREE DAYS
 HEATING
  TODAY            0                         0      0        0
  MONTH TO DATE    0                         0      0        0
  SINCE JUL 1      0                         0      0        0

 COOLING
  TODAY            4                        10     -6       11
  MONTH TO DATE  270                       295    -25      337
  SINCE JAN 1   1123                      1012    111     1057
..................................................................


WIND (MPH)
  HIGHEST WIND SPEED    24   HIGHEST WIND DIRECTION     S (200)
  HIGHEST GUST SPEED    29   HIGHEST GUST DIRECTION     S (200)
  AVERAGE WIND SPEED     6.1


SKY COVER
  POSSIBLE SUNSHINE  MM
  AVERAGE SKY COVER 0.3


WEATHER CONDITIONS
 THE FOLLOWING WEATHER WAS RECORDED TODAY.
  THUNDERSTORM
  LIGHT RAIN
  FOG


RELATIVE HUMIDITY (PERCENT)
 HIGHEST    93           500 AM
 LOWEST     35           200 PM
 AVERAGE    64

..........................................................


THE WINSLOW AZ AIRPORT CLIMATE NORMALS FOR TOMORROW
                         NORMAL    RECORD    YEAR
 MAXIMUM TEMPERATURE (F)   90        99      2001
 MINIMUM TEMPERATURE (F)   59        45      1978


SUNRISE AND SUNSET
AUGUST 26 2016........SUNRISE   552 AM MST   SUNSET   657 PM MST
AUGUST 27 2016........SUNRISE   552 AM MST   SUNSET   656 PM MST


-  INDICATES NEGATIVE NUMBERS.
R  INDICATES RECORD WAS SET OR TIED.
MM INDICATES DATA IS MISSING.
T  INDICATES TRACE AMOUNT.




$$
