000
CDUS45 KFGZ 210734
CLIINW
CLIMATE REPORT
NATIONAL WEATHER SERVICE FLAGSTAFF, AZ
1232 AM MST FRI JUL 21 2017


...................................

...THE WINSLOW AZ AIRPORT CLIMATE SUMMARY FOR JULY 20 2017...

CLIMATE NORMAL PERIOD 1981 TO 2010
CLIMATE RECORD PERIOD 1915 TO 2017


WEATHER ITEM   OBSERVED TIME   RECORD YEAR NORMAL DEPARTURE LAST
                VALUE   (LST)  VALUE       VALUE  FROM      YEAR
                                                  NORMAL
..................................................................
TEMPERATURE (F)
 YESTERDAY
  MAXIMUM         95    308 PM 104    2005  94      1       95
  MINIMUM         64    555 AM  51    1973  63      1       58
  AVERAGE         80                        79      1       77

PRECIPITATION (IN)
  YESTERDAY        0.00          1.12 1923   0.03  -0.03     0.02
  MONTH TO DATE    0.21                      0.58  -0.37     0.36
  SINCE SEP 1      5.43                      5.35   0.08     5.99
  SINCE JAN 1      2.35                      2.87  -0.52     1.97

DEGREE DAYS
 HEATING
  YESTERDAY        0                         0      0        0
  MONTH TO DATE    0                         0      0        0
  SINCE JUL 1      0                         0      0        0

 COOLING
  YESTERDAY       15                        14      1       12
  MONTH TO DATE  318                       265     53      266
  SINCE JAN 1    724                       573    151      672
..................................................................


WIND (MPH)
  HIGHEST WIND SPEED    28   HIGHEST WIND DIRECTION     N (10)
  HIGHEST GUST SPEED    37   HIGHEST GUST DIRECTION     N (360)
  AVERAGE WIND SPEED    10.4


SKY COVER
  POSSIBLE SUNSHINE  MM
  AVERAGE SKY COVER 0.2


WEATHER CONDITIONS
 THE FOLLOWING WEATHER WAS RECORDED YESTERDAY.
  NO SIGNIFICANT WEATHER WAS OBSERVED.


RELATIVE HUMIDITY (PERCENT)
 HIGHEST    84           600 AM
 LOWEST     22           300 PM
 AVERAGE    53

..........................................................


THE WINSLOW AZ AIRPORT CLIMATE NORMALS FOR TODAY
                         NORMAL    RECORD    YEAR
 MAXIMUM TEMPERATURE (F)   94       104      2005
 MINIMUM TEMPERATURE (F)   63        49      1924


SUNRISE AND SUNSET
JULY 21 2017..........SUNRISE   525 AM MST   SUNSET   734 PM MST
JULY 22 2017..........SUNRISE   525 AM MST   SUNSET   733 PM MST


-  INDICATES NEGATIVE NUMBERS.
R  INDICATES RECORD WAS SET OR TIED.
MM INDICATES DATA IS MISSING.
T  INDICATES TRACE AMOUNT.




$$
