000
CDUS45 KFGZ 280802
CLIINW
CLIMATE REPORT
NATIONAL WEATHER SERVICE FLAGSTAFF, AZ
100 AM MST FRI AUG 28 2015


...................................

...THE WINSLOW AZ AIRPORT CLIMATE SUMMARY FOR AUGUST 27 2015...

CLIMATE NORMAL PERIOD 1981 TO 2010
CLIMATE RECORD PERIOD 1915 TO 2015


WEATHER ITEM   OBSERVED TIME   RECORD YEAR NORMAL DEPARTURE LAST
                VALUE   (LST)  VALUE       VALUE  FROM      YEAR
                                                  NORMAL
..................................................................
TEMPERATURE (F)
 YESTERDAY
  MAXIMUM         84    108 PM  99    2001  90     -6       81
  MINIMUM         62    558 AM  45    1978  59      3       57
  AVERAGE         73                        74     -1       69

PRECIPITATION (IN)
  YESTERDAY        0.04          0.63 1993   0.04   0.00     0.21
  MONTH TO DATE    2.61                      1.05   1.56     2.68
  SINCE SEP 1     11.10                      6.86   4.24     7.99
  SINCE JAN 1      8.25                      4.38   3.87     4.18

DEGREE DAYS
 HEATING
  YESTERDAY        0                         0      0        0
  MONTH TO DATE    0                         0      0        0
  SINCE JUL 1      0                         0      0        0

 COOLING
  YESTERDAY        8                        10     -2        4
  MONTH TO DATE  345                       305     40      264
  SINCE JAN 1   1065                      1022     43     1083
..................................................................


WIND (MPH)
  HIGHEST WIND SPEED    20   HIGHEST WIND DIRECTION    SW (230)
  HIGHEST GUST SPEED    26   HIGHEST GUST DIRECTION    SW (230)
  AVERAGE WIND SPEED     5.4


SKY COVER
  POSSIBLE SUNSHINE  MM
  AVERAGE SKY COVER 0.0


WEATHER CONDITIONS
 THE FOLLOWING WEATHER WAS RECORDED YESTERDAY.
  THUNDERSTORM
  LIGHT RAIN
  FOG


RELATIVE HUMIDITY (PERCENT)
 HIGHEST    93           300 AM
 LOWEST     43           100 PM
 AVERAGE    68

..........................................................


THE WINSLOW AZ AIRPORT CLIMATE NORMALS FOR TODAY
                         NORMAL    RECORD    YEAR
 MAXIMUM TEMPERATURE (F)   90        98      2011
                                             2001
                                             1998
 MINIMUM TEMPERATURE (F)   59        45      1920


SUNRISE AND SUNSET
AUGUST 28 2015........SUNRISE   553 AM MST   SUNSET   655 PM MST
AUGUST 29 2015........SUNRISE   553 AM MST   SUNSET   654 PM MST


-  INDICATES NEGATIVE NUMBERS.
R  INDICATES RECORD WAS SET OR TIED.
MM INDICATES DATA IS MISSING.
T  INDICATES TRACE AMOUNT.




$$
