000
CDUS45 KFGZ 290739
CLIINW
CLIMATE REPORT
NATIONAL WEATHER SERVICE FLAGSTAFF, AZ
1238 AM MST WED JUL 29 2015


...................................

...THE WINSLOW AZ AIRPORT CLIMATE SUMMARY FOR JULY 28 2015...

CLIMATE NORMAL PERIOD 1981 TO 2010
CLIMATE RECORD PERIOD 1915 TO 2015


WEATHER ITEM   OBSERVED TIME   RECORD YEAR NORMAL DEPARTURE LAST
                VALUE   (LST)  VALUE       VALUE  FROM      YEAR
                                                  NORMAL
..................................................................
TEMPERATURE (F)
 YESTERDAY
  MAXIMUM         94    505 PM 106    1995  93      1       89
  MINIMUM         65    549 AM  54    1986  63      2       66
                                      1921
  AVERAGE         80                        78      2       78

PRECIPITATION (IN)
  YESTERDAY        0.00          0.75 1926   0.04  -0.04      T
  MONTH TO DATE    1.32                      0.91   0.41     0.32
  SINCE SEP 1      8.48                      5.68   2.80     5.31
  SINCE JAN 1      5.63                      3.20   2.43     1.50

DEGREE DAYS
 HEATING
  YESTERDAY        0                         0      0        0
  MONTH TO DATE    0                         0      0        0
  SINCE JUL 1      0                         0      0        0

 COOLING
  YESTERDAY       15                        13      2       13
  MONTH TO DATE  326                       371    -45      436
  SINCE JAN 1    679                       679      0      773
..................................................................


WIND (MPH)
  HIGHEST WIND SPEED    25   HIGHEST WIND DIRECTION     S (170)
  HIGHEST GUST SPEED    31   HIGHEST GUST DIRECTION     S (160)
  AVERAGE WIND SPEED     7.4


SKY COVER
  POSSIBLE SUNSHINE  MM
  AVERAGE SKY COVER 0.4


WEATHER CONDITIONS
 THE FOLLOWING WEATHER WAS RECORDED YESTERDAY.
  NO SIGNIFICANT WEATHER WAS OBSERVED.


RELATIVE HUMIDITY (PERCENT)
 HIGHEST    52           500 AM
 LOWEST     18           600 PM
 AVERAGE    35

..........................................................


THE WINSLOW AZ AIRPORT CLIMATE NORMALS FOR TODAY
                         NORMAL    RECORD    YEAR
 MAXIMUM TEMPERATURE (F)   93       103      2000
                                             1971
 MINIMUM TEMPERATURE (F)   63        56      1941
                                             1924
                                             1919


SUNRISE AND SUNSET
JULY 29 2015..........SUNRISE   530 AM MST   SUNSET   728 PM MST
JULY 30 2015..........SUNRISE   531 AM MST   SUNSET   728 PM MST


-  INDICATES NEGATIVE NUMBERS.
R  INDICATES RECORD WAS SET OR TIED.
MM INDICATES DATA IS MISSING.
T  INDICATES TRACE AMOUNT.




$$
