000
CDUS45 KFGZ 010824
CLIINW
CLIMATE REPORT
NATIONAL WEATHER SERVICE FLAGSTAFF, AZ
123 AM MST SUN FEB 1 2015


...................................

...THE WINSLOW AZ AIRPORT CLIMATE SUMMARY FOR JANUARY 31 2015...

CLIMATE NORMAL PERIOD 1981 TO 2010
CLIMATE RECORD PERIOD 1915 TO 2015


WEATHER ITEM   OBSERVED TIME   RECORD YEAR NORMAL DEPARTURE LAST
                VALUE   (LST)  VALUE       VALUE  FROM      YEAR
                                                  NORMAL
..................................................................
TEMPERATURE (F)
 YESTERDAY
  MAXIMUM         51    335 PM  68    1963  52     -1       57
  MINIMUM         39   1159 PM   3    1979  22     17       40
                                      1949
                                      1916
  AVERAGE         45                        37      8       49

PRECIPITATION (IN)
  YESTERDAY        0.01          0.73 1922   0.02  -0.01      T
  MONTH TO DATE    1.63                      0.52   1.11      T
  SINCE SEP 1      4.48                      3.00   1.48     3.81
  SINCE JAN 1      1.63                      0.52   1.11      T

DEGREE DAYS
 HEATING
  YESTERDAY       20                        28     -8       16
  MONTH TO DATE  853                       924    -71      859
  SINCE JUL 1   2437                      2803   -366     2820

 COOLING
  YESTERDAY        0                         0      0        0
  MONTH TO DATE    0                         0      0        0
  SINCE JAN 1      0                         0      0        0
..................................................................


WIND (MPH)
  HIGHEST WIND SPEED    13   HIGHEST WIND DIRECTION    NW (300)
  HIGHEST GUST SPEED    17   HIGHEST GUST DIRECTION     W (290)
  AVERAGE WIND SPEED     7.2


SKY COVER
  POSSIBLE SUNSHINE  MM
  AVERAGE SKY COVER 0.8


WEATHER CONDITIONS
 THE FOLLOWING WEATHER WAS RECORDED YESTERDAY.
  LIGHT RAIN
  FOG


RELATIVE HUMIDITY (PERCENT)
 HIGHEST   100           600 AM
 LOWEST     66           400 PM
 AVERAGE    83

..........................................................


THE WINSLOW AZ AIRPORT CLIMATE NORMALS FOR TODAY
                         NORMAL    RECORD    YEAR
 MAXIMUM TEMPERATURE (F)   53        74      2003
 MINIMUM TEMPERATURE (F)   22        -2      1949
                                             1922


SUNRISE AND SUNSET
FEBRUARY  1 2015......SUNRISE   722 AM MST   SUNSET   552 PM MST
FEBRUARY  2 2015......SUNRISE   721 AM MST   SUNSET   553 PM MST


-  INDICATES NEGATIVE NUMBERS.
R  INDICATES RECORD WAS SET OR TIED.
MM INDICATES DATA IS MISSING.
T  INDICATES TRACE AMOUNT.




$$
