000
CDUS43 KDVN 160927
CLIIOW


CLIMATE REPORT
NATIONAL WEATHER SERVICE QUAD CITIES IA IL
425 AM CDT WED APR 16 2014


...................................

...THE IOWA CITY IA CLIMATE SUMMARY FOR APRIL 15 2014...

CLIMATE NORMAL PERIOD 1981 TO 2010
CLIMATE RECORD PERIOD 9999 TO 9999


WEATHER ITEM   OBSERVED TIME   RECORD YEAR NORMAL DEPARTURE LAST
                VALUE   (LST)  VALUE       VALUE  FROM      YEAR
                                                  NORMAL
..................................................................
TEMPERATURE (F)
 YESTERDAY
  MAXIMUM         41    535 PM  MM      MM  62    -21       57
  MINIMUM         26    606 AM  MM      MM  40    -14       41
  AVERAGE         34                        51    -17       49

PRECIPITATION (IN)
  YESTERDAY        0.00         MM      MM   0.10  -0.10     0.09
  MONTH TO DATE    2.25                      1.39   0.86     3.51
  SINCE MAR 1      2.88                      3.61  -0.73     5.94
  SINCE JAN 1      4.71                      5.77  -1.06     8.39

DEGREE DAYS
 HEATING
  YESTERDAY       31                        14     17       16
  MONTH TO DATE  284                       250     34      290
  SINCE MAR 1   1327                      1067    260     1344
  SINCE JUL 1   7120                      6017   1103     6030

 COOLING
  YESTERDAY        0                         0      0        0
  MONTH TO DATE    2                         0      2        0
  SINCE MAR 1      2                         0      2        0
  SINCE JAN 1      2                         0      2        0
..................................................................


WIND (MPH)
  HIGHEST WIND SPEED    21   HIGHEST WIND DIRECTION     W (290)
  HIGHEST GUST SPEED    26   HIGHEST GUST DIRECTION    NW (320)
  AVERAGE WIND SPEED     8.3


SKY COVER
  POSSIBLE SUNSHINE  MM
  AVERAGE SKY COVER 0.0


WEATHER CONDITIONS
 THE FOLLOWING WEATHER WAS RECORDED YESTERDAY.
  NO SIGNIFICANT WEATHER WAS OBSERVED.


RELATIVE HUMIDITY (PERCENT)
 HIGHEST    69           100 AM
 LOWEST     28           300 PM
 AVERAGE    49

..........................................................


THE IOWA CITY IA CLIMATE NORMALS FOR TODAY
                         NORMAL    RECORD    YEAR
 MAXIMUM TEMPERATURE (F)   62        MM        MM
 MINIMUM TEMPERATURE (F)   40        MM        MM


SUNRISE AND SUNSET
APRIL 16 2014.........SUNRISE   625 AM CDT   SUNSET   748 PM CDT
APRIL 17 2014.........SUNRISE   623 AM CDT   SUNSET   749 PM CDT


-  INDICATES NEGATIVE NUMBERS.
R  INDICATES RECORD WAS SET OR TIED.
MM INDICATES DATA IS MISSING.
T  INDICATES TRACE AMOUNT.




$$
