000
CDUS43 KDVN 290919
CLIIOW


CLIMATE REPORT
NATIONAL WEATHER SERVICE QUAD CITIES IA IL
418 AM CDT SAT APR 29 2017


...................................

...THE IOWA CITY IA CLIMATE SUMMARY FOR APRIL 28 2017...

CLIMATE NORMAL PERIOD 1981 TO 2010
CLIMATE RECORD PERIOD 9999 TO 9999


WEATHER ITEM   OBSERVED TIME   RECORD YEAR NORMAL DEPARTURE LAST
                VALUE   (LST)  VALUE       VALUE  FROM      YEAR
                                                  NORMAL
..................................................................
TEMPERATURE (F)
 YESTERDAY
  MAXIMUM         46   1159 PM  MM      MM  66    -20       56
  MINIMUM         38   1206 AM  MM      MM  44     -6       47
  AVERAGE         42                        55    -13       52

PRECIPITATION (IN)
  YESTERDAY        0.52         MM      MM   0.16   0.36     0.02
  MONTH TO DATE    3.64                      3.16   0.48     1.34
  SINCE MAR 1      6.70                      5.38   1.32     3.37
  SINCE JAN 1      9.10                      7.54   1.56     4.12

DEGREE DAYS
 HEATING
  YESTERDAY       23                        10     13       13
  MONTH TO DATE  275                       407   -132      399
  SINCE MAR 1   1025                      1224   -199     1048
  SINCE JUL 1   4920                      6174  -1254     5259

 COOLING
  YESTERDAY        0                         0      0        0
  MONTH TO DATE   11                         0     11        6
  SINCE MAR 1     11                         0     11        6
  SINCE JAN 1     11                         0     11        6
..................................................................


WIND (MPH)
  HIGHEST WIND SPEED    17   HIGHEST WIND DIRECTION    NE (30)
  HIGHEST GUST SPEED    23   HIGHEST GUST DIRECTION     N (20)
  AVERAGE WIND SPEED     9.4


SKY COVER
  POSSIBLE SUNSHINE  MM
  AVERAGE SKY COVER 0.8


WEATHER CONDITIONS
 THE FOLLOWING WEATHER WAS RECORDED YESTERDAY.
  RAIN
  LIGHT RAIN
  FOG


RELATIVE HUMIDITY (PERCENT)
 HIGHEST    93           800 PM
 LOWEST     67           900 AM
 AVERAGE    80

..........................................................


THE IOWA CITY IA CLIMATE NORMALS FOR TODAY
                         NORMAL    RECORD    YEAR
 MAXIMUM TEMPERATURE (F)   66        MM        MM
 MINIMUM TEMPERATURE (F)   45        MM        MM


SUNRISE AND SUNSET
APRIL 29 2017.........SUNRISE   605 AM CDT   SUNSET   802 PM CDT
APRIL 30 2017.........SUNRISE   604 AM CDT   SUNSET   804 PM CDT


-  INDICATES NEGATIVE NUMBERS.
R  INDICATES RECORD WAS SET OR TIED.
MM INDICATES DATA IS MISSING.
T  INDICATES TRACE AMOUNT.




$$
