000
CDUS43 KDVN 300907
CLIIOW


CLIMATE REPORT
NATIONAL WEATHER SERVICE QUAD CITIES IA IL
406 AM CDT THU OCT 30 2014


...................................

...THE IOWA CITY IA CLIMATE SUMMARY FOR OCTOBER 29 2014...

CLIMATE NORMAL PERIOD 1981 TO 2010
CLIMATE RECORD PERIOD 9999 TO 9999


WEATHER ITEM   OBSERVED TIME   RECORD YEAR NORMAL DEPARTURE LAST
                VALUE   (LST)  VALUE       VALUE  FROM      YEAR
                                                  NORMAL
..................................................................
TEMPERATURE (F)
 YESTERDAY
  MAXIMUM         51    329 PM  MM      MM  57     -6       57
  MINIMUM         31   1114 PM  MM      MM  37     -6       38
  AVERAGE         41                        47     -6       48

PRECIPITATION (IN)
  YESTERDAY        0.00         MM      MM   0.09  -0.09     0.00
  MONTH TO DATE    2.94                      2.68   0.26     1.77
  SINCE SEP 1      8.81                      6.07   2.74     3.70
  SINCE JAN 1     36.24                     32.22   4.02    31.96

DEGREE DAYS
 HEATING
  YESTERDAY       24                        18      6       17
  MONTH TO DATE  373                       376     -3      404
  SINCE SEP 1    494                       480     14      461
  SINCE JUL 1    506                       488     18      470

 COOLING
  YESTERDAY        0                         0      0        0
  MONTH TO DATE    1                        10     -9       23
  SINCE SEP 1     63                        90    -27      196
  SINCE JAN 1    779                       912   -133     1064
..................................................................


WIND (MPH)
  HIGHEST WIND SPEED    23   HIGHEST WIND DIRECTION     W (290)
  HIGHEST GUST SPEED    30   HIGHEST GUST DIRECTION    NW (300)
  AVERAGE WIND SPEED     8.8


SKY COVER
  POSSIBLE SUNSHINE  MM
  AVERAGE SKY COVER 0.2


WEATHER CONDITIONS
 THE FOLLOWING WEATHER WAS RECORDED YESTERDAY.
  NO SIGNIFICANT WEATHER WAS OBSERVED.


RELATIVE HUMIDITY (PERCENT)
 HIGHEST    89          1000 PM
 LOWEST     50           200 PM
 AVERAGE    70

..........................................................


THE IOWA CITY IA CLIMATE NORMALS FOR TODAY
                         NORMAL    RECORD    YEAR
 MAXIMUM TEMPERATURE (F)   57        MM        MM
 MINIMUM TEMPERATURE (F)   37        MM        MM


SUNRISE AND SUNSET
OCTOBER 30 2014.......SUNRISE   736 AM CDT   SUNSET   603 PM CDT
OCTOBER 31 2014.......SUNRISE   737 AM CDT   SUNSET   602 PM CDT


-  INDICATES NEGATIVE NUMBERS.
R  INDICATES RECORD WAS SET OR TIED.
MM INDICATES DATA IS MISSING.
T  INDICATES TRACE AMOUNT.




$$
