000
CDUS43 KDVN 270936
CLIIOW


CLIMATE REPORT
NATIONAL WEATHER SERVICE QUAD CITIES IA IL
434 AM CDT WED MAY 27 2015


...................................

...THE IOWA CITY IA CLIMATE SUMMARY FOR MAY 26 2015...

CLIMATE NORMAL PERIOD 1981 TO 2010
CLIMATE RECORD PERIOD 9999 TO 9999


WEATHER ITEM   OBSERVED TIME   RECORD YEAR NORMAL DEPARTURE LAST
                VALUE   (LST)  VALUE       VALUE  FROM      YEAR
                                                  NORMAL
..................................................................
TEMPERATURE (F)
 YESTERDAY
  MAXIMUM         74   1121 AM  MM      MM  76     -2       80
  MINIMUM         62   1159 PM  MM      MM  55      7       62
  AVERAGE         68                        65      3       71

PRECIPITATION (IN)
  YESTERDAY        0.35         MM      MM   0.11   0.24     0.05
  MONTH TO DATE    4.57                      3.61   0.96     2.77
  SINCE MAR 1      8.20                      9.33  -1.13     9.22
  SINCE JAN 1      9.78                     11.49  -1.71    11.05

DEGREE DAYS
 HEATING
  YESTERDAY        0                         3     -3        0
  MONTH TO DATE  117                       157    -40      170
  SINCE MAR 1   1345                      1400    -55     1689
  SINCE JUL 1   6710                      6350    360     7482

 COOLING
  YESTERDAY        3                         3      0        6
  MONTH TO DATE   47                        39      8       38
  SINCE MAR 1     47                        43      4       41
  SINCE JAN 1     47                        43      4       41
..................................................................


WIND (MPH)
  HIGHEST WIND SPEED    26   HIGHEST WIND DIRECTION     W (260)
  HIGHEST GUST SPEED    33   HIGHEST GUST DIRECTION    SW (240)
  AVERAGE WIND SPEED    10.6


SKY COVER
  POSSIBLE SUNSHINE  MM
  AVERAGE SKY COVER 0.7


WEATHER CONDITIONS
 THE FOLLOWING WEATHER WAS RECORDED YESTERDAY.
  RAIN
  LIGHT RAIN
  FOG


RELATIVE HUMIDITY (PERCENT)
 HIGHEST   100           600 AM
 LOWEST     64           400 PM
 AVERAGE    82

..........................................................


THE IOWA CITY IA CLIMATE NORMALS FOR TODAY
                         NORMAL    RECORD    YEAR
 MAXIMUM TEMPERATURE (F)   76        MM        MM
 MINIMUM TEMPERATURE (F)   55        MM        MM


SUNRISE AND SUNSET
MAY 27 2015...........SUNRISE   537 AM CDT   SUNSET   830 PM CDT
MAY 28 2015...........SUNRISE   537 AM CDT   SUNSET   831 PM CDT


-  INDICATES NEGATIVE NUMBERS.
R  INDICATES RECORD WAS SET OR TIED.
MM INDICATES DATA IS MISSING.
T  INDICATES TRACE AMOUNT.




$$
