000
CDUS43 KDVN 172129
CLIIOW


CLIMATE REPORT
NATIONAL WEATHER SERVICE QUAD CITIES IA IL
427 PM CDT TUE OCT 17 2017


...................................

...THE IOWA CITY IA CLIMATE SUMMARY FOR OCTOBER 17 2017...
VALID TODAY AS OF 0400 PM LOCAL TIME.

CLIMATE NORMAL PERIOD 1981 TO 2010
CLIMATE RECORD PERIOD 9999 TO 9999


WEATHER ITEM   OBSERVED TIME   RECORD YEAR NORMAL DEPARTURE LAST
                VALUE   (LST)  VALUE       VALUE  FROM      YEAR
                                                  NORMAL
..................................................................
TEMPERATURE (F)
 TODAY
  MAXIMUM         74    259 PM  MM      MM  62     12       88
  MINIMUM         46    640 AM  MM      MM  41      5       69
  AVERAGE         60                        52      8       79

PRECIPITATION (IN)
  TODAY            0.00         MM      MM   0.09  -0.09     0.00
  MONTH TO DATE    3.03                      1.55   1.48     1.08
  SINCE SEP 1      3.52                      4.94  -1.42     3.91
  SINCE JAN 1     29.05                     31.09  -2.04    29.55

DEGREE DAYS
 HEATING
  TODAY            5                        13     -8        0
  MONTH TO DATE   71                       186   -115       89
  SINCE SEP 1    103                       290   -187      109
  SINCE JUL 1    103                       298   -195      111

 COOLING
  TODAY            0                         0      0       14
  MONTH TO DATE   23                        10     13       32
  SINCE SEP 1    195                        90    105      212
  SINCE JAN 1   1067                       912    155     1188
..................................................................


WIND (MPH)
  HIGHEST WIND SPEED    18   HIGHEST WIND DIRECTION    SW (220)
  HIGHEST GUST SPEED    24   HIGHEST GUST DIRECTION    SW (210)
  AVERAGE WIND SPEED     8.5


SKY COVER
  POSSIBLE SUNSHINE  MM
  AVERAGE SKY COVER 0.0


WEATHER CONDITIONS
 THE FOLLOWING WEATHER WAS RECORDED TODAY.
  NO SIGNIFICANT WEATHER WAS OBSERVED.


RELATIVE HUMIDITY (PERCENT)
 HIGHEST    77           500 AM
 LOWEST     31           300 PM
 AVERAGE    54

..........................................................


THE IOWA CITY IA CLIMATE NORMALS FOR TOMORROW
                         NORMAL    RECORD    YEAR
 MAXIMUM TEMPERATURE (F)   62        MM        MM
 MINIMUM TEMPERATURE (F)   41        MM        MM


SUNRISE AND SUNSET
OCTOBER 17 2017.......SUNRISE   721 AM CDT   SUNSET   621 PM CDT
OCTOBER 18 2017.......SUNRISE   722 AM CDT   SUNSET   620 PM CDT


-  INDICATES NEGATIVE NUMBERS.
R  INDICATES RECORD WAS SET OR TIED.
MM INDICATES DATA IS MISSING.
T  INDICATES TRACE AMOUNT.




$$
