000
CDUS43 KDVN 010904
CLIIOW


CLIMATE REPORT
NATIONAL WEATHER SERVICE QUAD CITIES IA IL
404 AM CDT TUE SEP 1 2015


...................................

...THE IOWA CITY IA CLIMATE SUMMARY FOR AUGUST 31 2015...

CLIMATE NORMAL PERIOD 1981 TO 2010
CLIMATE RECORD PERIOD 9999 TO 9999


WEATHER ITEM   OBSERVED TIME   RECORD YEAR NORMAL DEPARTURE LAST
                VALUE   (LST)  VALUE       VALUE  FROM      YEAR
                                                  NORMAL
..................................................................
TEMPERATURE (F)
 YESTERDAY
  MAXIMUM         87    351 PM  MM      MM  81      6       87
  MINIMUM         61    457 AM  MM      MM  59      2       62
  AVERAGE         74                        70      4       75

PRECIPITATION (IN)
  YESTERDAY        0.00         MM      MM   0.15  -0.15     0.27
  MONTH TO DATE    3.59                      4.50  -0.91     3.62
  SINCE JUN 1     12.15                     14.06  -1.91    16.38
  SINCE JAN 1     22.00                     26.15  -4.15    27.43

DEGREE DAYS
 HEATING
  YESTERDAY        0                         1     -1        0
  MONTH TO DATE   11                         1     10        0
  SINCE JUN 1     20                        25     -5       16
  SINCE JUL 1     13                         8      5       12

 COOLING
  YESTERDAY        9                         5      4       10
  MONTH TO DATE  199                       244    -45      249
  SINCE JUN 1    681                       761    -80      627
  SINCE JAN 1    744                       822    -78      716
..................................................................


WIND (MPH)
  HIGHEST WIND SPEED    13   HIGHEST WIND DIRECTION     S (170)
  HIGHEST GUST SPEED    17   HIGHEST GUST DIRECTION     S (160)
  AVERAGE WIND SPEED     4.6


SKY COVER
  POSSIBLE SUNSHINE  MM
  AVERAGE SKY COVER 0.2


WEATHER CONDITIONS
 THE FOLLOWING WEATHER WAS RECORDED YESTERDAY.
  FOG
  FOG W/VISIBILITY <= 1/4 MILE


RELATIVE HUMIDITY (PERCENT)
 HIGHEST   100          1200 AM
 LOWEST     63           300 PM
 AVERAGE    82

..........................................................


THE IOWA CITY IA CLIMATE NORMALS FOR TODAY
                         NORMAL    RECORD    YEAR
 MAXIMUM TEMPERATURE (F)   80        MM        MM
 MINIMUM TEMPERATURE (F)   59        MM        MM


SUNRISE AND SUNSET
SEPTEMBER  1 2015.....SUNRISE   632 AM CDT   SUNSET   740 PM CDT
SEPTEMBER  2 2015.....SUNRISE   633 AM CDT   SUNSET   738 PM CDT


-  INDICATES NEGATIVE NUMBERS.
R  INDICATES RECORD WAS SET OR TIED.
MM INDICATES DATA IS MISSING.
T  INDICATES TRACE AMOUNT.




$$
