000
CDUS43 KDVN 112224
CLIIOW


CLIMATE REPORT
NATIONAL WEATHER SERVICE QUAD CITIES IA IL
423 PM CST MON DEC 11 2017


...................................

...THE IOWA CITY IA CLIMATE SUMMARY FOR DECEMBER 11 2017...
VALID TODAY AS OF 0400 PM LOCAL TIME.

CLIMATE NORMAL PERIOD 1981 TO 2010
CLIMATE RECORD PERIOD 9999 TO 9999


WEATHER ITEM   OBSERVED TIME   RECORD YEAR NORMAL DEPARTURE LAST
                VALUE   (LST)  VALUE       VALUE  FROM      YEAR
                                                  NORMAL
..................................................................
TEMPERATURE (F)
 TODAY
  MAXIMUM         46    103 PM  MM      MM  34     12       33
  MINIMUM         29    409 AM  MM      MM  19     10       24
  AVERAGE         38                        26     12       29

PRECIPITATION (IN)
  TODAY            0.02         MM      MM   0.05  -0.03     0.09
  MONTH TO DATE    0.22                      0.72  -0.50     0.49
  SINCE DEC 1      0.22                      0.72  -0.50     0.49
  SINCE JAN 1     30.80                     35.48  -4.68    32.20

DEGREE DAYS
 HEATING
  TODAY           27                        39    -12       36
  MONTH TO DATE  332                       403    -71      392
  SINCE DEC 1    332                       403    -71      392
  SINCE JUL 1   1427                      1710   -283     1194

 COOLING
  TODAY            0                         0      0        0
  MONTH TO DATE    0                         0      0        0
  SINCE DEC 1      0                         0      0        0
  SINCE JAN 1   1073                       912    161     1192
..................................................................


WIND (MPH)
  HIGHEST WIND SPEED    25   HIGHEST WIND DIRECTION    NW (320)
  HIGHEST GUST SPEED    34   HIGHEST GUST DIRECTION    NW (310)
  AVERAGE WIND SPEED     7.1


SKY COVER
  POSSIBLE SUNSHINE  MM
  AVERAGE SKY COVER 0.4


WEATHER CONDITIONS
 THE FOLLOWING WEATHER WAS RECORDED TODAY.
  LIGHT RAIN
  LIGHT SNOW
  FOG


RELATIVE HUMIDITY (PERCENT)
 HIGHEST    78           500 AM
 LOWEST     49           100 PM
 AVERAGE    64

..........................................................


THE IOWA CITY IA CLIMATE NORMALS FOR TOMORROW
                         NORMAL    RECORD    YEAR
 MAXIMUM TEMPERATURE (F)   34        MM        MM
 MINIMUM TEMPERATURE (F)   18        MM        MM


SUNRISE AND SUNSET
DECEMBER 11 2017......SUNRISE   723 AM CST   SUNSET   436 PM CST
DECEMBER 12 2017......SUNRISE   724 AM CST   SUNSET   436 PM CST


-  INDICATES NEGATIVE NUMBERS.
R  INDICATES RECORD WAS SET OR TIED.
MM INDICATES DATA IS MISSING.
T  INDICATES TRACE AMOUNT.




$$
