691
CDUS41 KCTP 040719
CLIIPT


CLIMATE REPORT
NATIONAL WEATHER SERVICE STATE COLLEGE PA
219 AM EST SUN DEC 4 2016


...................................

...THE WILLIAMSPORT PA CLIMATE SUMMARY FOR DECEMBER 3 2016...

CLIMATE NORMAL PERIOD 1981 TO 2010
CLIMATE RECORD PERIOD 1895 TO 2016


WEATHER ITEM   OBSERVED TIME   RECORD YEAR NORMAL DEPARTURE LAST
                VALUE   (LST)  VALUE       VALUE  FROM      YEAR
                                                  NORMAL
..................................................................
TEMPERATURE (F)
 YESTERDAY
  MAXIMUM         46   1047 AM  66    1998  42      4       46
  MINIMUM         38    346 AM   5    1976  28     10       38
  AVERAGE         42                        35      7       42

PRECIPITATION (IN)
  YESTERDAY        0.02          1.85 1905   0.12  -0.10     0.03
  MONTH TO DATE    0.17                      0.35  -0.18     1.13
  SINCE DEC 1      0.17                      0.35  -0.18     1.13
  SINCE JAN 1     31.70                     38.70  -7.00    38.33

SNOWFALL (IN)
  YESTERDAY        0.0           3.5  1958   0.2   -0.2      0.0
  MONTH TO DATE    0.0                       0.5   -0.5      0.0
  SINCE DEC 1      0.0                       0.5   -0.5      0.0
  SINCE JUL 1      0.1                       2.3   -2.2       T
  SNOW DEPTH       0

DEGREE DAYS
 HEATING
  YESTERDAY       23                        30     -7       23
  MONTH TO DATE   60                        88    -28       63
  SINCE DEC 1     60                        88    -28       63
  SINCE JUL 1    994                      1333   -339      990

 COOLING
  YESTERDAY        0                         0      0        0
  MONTH TO DATE    0                         0      0        0
  SINCE DEC 1      0                         0      0        0
  SINCE JAN 1   1148                       702    446      937
..................................................................


WIND (MPH)
  HIGHEST WIND SPEED    22   HIGHEST WIND DIRECTION     W (290)
  HIGHEST GUST SPEED    29   HIGHEST GUST DIRECTION     W (290)
  AVERAGE WIND SPEED    10.4


SKY COVER
  POSSIBLE SUNSHINE  MM
  AVERAGE SKY COVER 1.0


WEATHER CONDITIONS
 THE FOLLOWING WEATHER WAS RECORDED YESTERDAY.
  LIGHT RAIN


RELATIVE HUMIDITY (PERCENT)
 HIGHEST    79           300 AM
 LOWEST     53          1200 PM
 AVERAGE    66

..........................................................


THE WILLIAMSPORT PA CLIMATE NORMALS FOR TODAY
                         NORMAL    RECORD    YEAR
 MAXIMUM TEMPERATURE (F)   42        68      1998
 MINIMUM TEMPERATURE (F)   28         4      1940


SUNRISE AND SUNSET
DECEMBER  4 2016......SUNRISE   717 AM EST   SUNSET   439 PM EST
DECEMBER  5 2016......SUNRISE   718 AM EST   SUNSET   439 PM EST


-  INDICATES NEGATIVE NUMBERS.
R  INDICATES RECORD WAS SET OR TIED.
MM INDICATES DATA IS MISSING.
T  INDICATES TRACE AMOUNT.




$$
