000
CDUS41 KCTP 282116
CLIIPT


CLIMATE REPORT
NATIONAL WEATHER SERVICE STATE COLLEGE PA
516 PM EDT MON JUL 28 2014


...................................

...THE WILLIAMSPORT PA CLIMATE SUMMARY FOR JULY 28 2014...
VALID TODAY AS OF 0500 PM LOCAL TIME.

CLIMATE NORMAL PERIOD 1981 TO 2010
CLIMATE RECORD PERIOD 1895 TO 2014


WEATHER ITEM   OBSERVED TIME   RECORD YEAR NORMAL DEPARTURE LAST
                VALUE   (LST)  VALUE       VALUE  FROM      YEAR
                                                  NORMAL
..................................................................
TEMPERATURE (F)
 TODAY
  MAXIMUM         79   1250 PM 100    1949  84     -5       81
  MINIMUM         66    146 PM  47    1903  62      4       61
  AVERAGE         73                        73      0       71

PRECIPITATION (IN)
  TODAY            0.38          2.18 1945   0.14   0.24     0.60
  MONTH TO DATE    3.77                      3.90  -0.13     3.12
  SINCE JUN 1      7.23                      7.82  -0.59     7.29
  SINCE JAN 1     21.98                     22.73  -0.75    19.86

DEGREE DAYS
 HEATING
  TODAY            0                         0      0        0
  MONTH TO DATE    0                         0      0        0
  SINCE JUN 1      8                        37    -29        9
  SINCE JUL 1      0                         0      0        0

 COOLING
  TODAY            8                         8      0        6
  MONTH TO DATE  234                       221     13      331
  SINCE JUN 1    403                       367     36      491
  SINCE JAN 1    455                       410     45      562
..................................................................


WIND (MPH)
  HIGHEST WIND SPEED    22   HIGHEST WIND DIRECTION     W (270)
  HIGHEST GUST SPEED    29   HIGHEST GUST DIRECTION     W (250)
  AVERAGE WIND SPEED     9.2


SKY COVER
  POSSIBLE SUNSHINE  MM
  AVERAGE SKY COVER 0.9


WEATHER CONDITIONS
 THE FOLLOWING WEATHER WAS RECORDED TODAY.
  THUNDERSTORM
  RAIN
  LIGHT RAIN
  FOG


RELATIVE HUMIDITY (PERCENT)
 HIGHEST    93           600 AM
 LOWEST     50          1200 PM
 AVERAGE    72

..........................................................


THE WILLIAMSPORT PA CLIMATE NORMALS FOR TOMORROW
                         NORMAL    RECORD    YEAR
 MAXIMUM TEMPERATURE (F)   84        98      1949
 MINIMUM TEMPERATURE (F)   62        49      1965


SUNRISE AND SUNSET
JULY 28 2014..........SUNRISE   559 AM EDT   SUNSET   829 PM EDT
JULY 29 2014..........SUNRISE   600 AM EDT   SUNSET   828 PM EDT


-  INDICATES NEGATIVE NUMBERS.
R  INDICATES RECORD WAS SET OR TIED.
MM INDICATES DATA IS MISSING.
T  INDICATES TRACE AMOUNT.




$$
