000
CDUS41 KCTP 202130
CLIIPT


CLIMATE REPORT
NATIONAL WEATHER SERVICE STATE COLLEGE PA
530 PM EDT SUN AUG 20 2017


...................................

...THE WILLIAMSPORT PA CLIMATE SUMMARY FOR AUGUST 20 2017...
VALID TODAY AS OF 0500 PM LOCAL TIME.

CLIMATE NORMAL PERIOD 1981 TO 2010
CLIMATE RECORD PERIOD 1895 TO 2017


WEATHER ITEM   OBSERVED TIME   RECORD YEAR NORMAL DEPARTURE LAST
                VALUE   (LST)  VALUE       VALUE  FROM      YEAR
                                                  NORMAL
..................................................................
TEMPERATURE (F)
 TODAY
  MAXIMUM         85    238 PM  95    1962  81      4       89
                                      1955
  MINIMUM         62    553 AM  42    1944  61      1       64
  AVERAGE         74                        71      3       77

PRECIPITATION (IN)
  TODAY            0.00          2.30 1999   0.12  -0.12     0.00
  MONTH TO DATE    4.83                      2.52   2.31     2.94
  SINCE JUN 1     15.98                     10.78   5.20    10.50
  SINCE JAN 1     35.10                     25.69   9.41    21.84

DEGREE DAYS
 HEATING
  TODAY            0                         0      0        0
  MONTH TO DATE    0                         0      0        0
  SINCE JUN 1     21                        41    -20        9
  SINCE JUL 1      0                         4     -4        0

 COOLING
  TODAY            9                         6      3       12
  MONTH TO DATE  157                       142     15      260
  SINCE JUN 1    653                       532    121      808
  SINCE JAN 1    703                       575    128      881
..................................................................


WIND (MPH)
  HIGHEST WIND SPEED    12   HIGHEST WIND DIRECTION     W (260)
  HIGHEST GUST SPEED    15   HIGHEST GUST DIRECTION     W (280)
  AVERAGE WIND SPEED     6.8


SKY COVER
  POSSIBLE SUNSHINE  MM
  AVERAGE SKY COVER 0.3


WEATHER CONDITIONS
 THE FOLLOWING WEATHER WAS RECORDED TODAY.
  NO SIGNIFICANT WEATHER WAS OBSERVED.


RELATIVE HUMIDITY (PERCENT)
 HIGHEST    93          1200 AM
 LOWEST     47           200 PM
 AVERAGE    70

..........................................................


THE WILLIAMSPORT PA CLIMATE NORMALS FOR TOMORROW
                         NORMAL    RECORD    YEAR
 MAXIMUM TEMPERATURE (F)   81        97      1916
 MINIMUM TEMPERATURE (F)   60        42      1941


SUNRISE AND SUNSET
AUGUST 20 2017........SUNRISE   622 AM EDT   SUNSET   759 PM EDT
AUGUST 21 2017........SUNRISE   623 AM EDT   SUNSET   757 PM EDT


-  INDICATES NEGATIVE NUMBERS.
R  INDICATES RECORD WAS SET OR TIED.
MM INDICATES DATA IS MISSING.
T  INDICATES TRACE AMOUNT.




$$
