000
CDUS41 KCTP 260623
CLIIPT


CLIMATE REPORT
NATIONAL WEATHER SERVICE STATE COLLEGE PA
123 AM EST FRI DEC 26 2014


...................................

...THE WILLIAMSPORT PA CLIMATE SUMMARY FOR DECEMBER 25 2014...

CLIMATE NORMAL PERIOD 1981 TO 2010
CLIMATE RECORD PERIOD 1895 TO 2014


WEATHER ITEM   OBSERVED TIME   RECORD YEAR NORMAL DEPARTURE LAST
                VALUE   (LST)  VALUE       VALUE  FROM      YEAR
                                                  NORMAL
..................................................................
TEMPERATURE (F)
 YESTERDAY
  MAXIMUM         55   1226 AM  58    1964  36     19       25
                                      1912
  MINIMUM         40   1159 PM -13    1980  22     18       13
  AVERAGE         48                        29     19       19

PRECIPITATION (IN)
  YESTERDAY        0.07          0.84 1978   0.09  -0.02      T
  MONTH TO DATE    2.58                      2.47   0.11     2.43
  SINCE DEC 1      2.58                      2.47   0.11     2.43
  SINCE JAN 1     37.15                     40.82  -3.67    31.48

SNOWFALL (IN)
  YESTERDAY        0.0
  MONTH TO DATE    4.0
  SINCE DEC 1      4.0
  SINCE JUL 1      9.1
  SNOW DEPTH       0

DEGREE DAYS
 HEATING
  YESTERDAY       17                        36    -19       46
  MONTH TO DATE  723                       825   -102      861
  SINCE DEC 1    723                       825   -102      861
  SINCE JUL 1   1893                      2070   -177     2104

 COOLING
  YESTERDAY        0                         0      0        0
  MONTH TO DATE    0                         0      0        0
  SINCE DEC 1      0                         0      0        0
  SINCE JAN 1    713                       702     11      863
..................................................................


WIND (MPH)
  HIGHEST WIND SPEED    22   HIGHEST WIND DIRECTION     W (260)
  HIGHEST GUST SPEED    28   HIGHEST GUST DIRECTION     W (250)
  AVERAGE WIND SPEED    11.4


SKY COVER
  POSSIBLE SUNSHINE  MM
  AVERAGE SKY COVER 0.9


WEATHER CONDITIONS
 THE FOLLOWING WEATHER WAS RECORDED YESTERDAY.
  RAIN
  LIGHT RAIN
  FOG


RELATIVE HUMIDITY (PERCENT)
 HIGHEST    76           500 AM
 LOWEST     53           100 PM
 AVERAGE    65

..........................................................


THE WILLIAMSPORT PA CLIMATE NORMALS FOR TODAY
                         NORMAL    RECORD    YEAR
 MAXIMUM TEMPERATURE (F)   36        61      1895
 MINIMUM TEMPERATURE (F)   21        -7      1980


SUNRISE AND SUNSET
DECEMBER 26 2014......SUNRISE   732 AM EST   SUNSET   445 PM EST
DECEMBER 27 2014......SUNRISE   732 AM EST   SUNSET   445 PM EST


-  INDICATES NEGATIVE NUMBERS.
R  INDICATES RECORD WAS SET OR TIED.
MM INDICATES DATA IS MISSING.
T  INDICATES TRACE AMOUNT.




$$
