000
CDUS41 KCTP 010633
CLIIPT


CLIMATE REPORT
NATIONAL WEATHER SERVICE STATE COLLEGE PA
232 AM EDT SUN MAY 1 2016


...................................

...THE WILLIAMSPORT PA CLIMATE SUMMARY FOR APRIL 30 2016...

CLIMATE NORMAL PERIOD 1981 TO 2010
CLIMATE RECORD PERIOD 1895 TO 2016


WEATHER ITEM   OBSERVED TIME   RECORD YEAR NORMAL DEPARTURE LAST
                VALUE   (LST)  VALUE       VALUE  FROM      YEAR
                                                  NORMAL
..................................................................
TEMPERATURE (F)
 YESTERDAY
  MAXIMUM         57    330 PM  94    1942  67    -10       72
  MINIMUM         45    423 AM  29    1931  43      2       43
  AVERAGE         51                        55     -4       58

PRECIPITATION (IN)
  YESTERDAY        0.03          3.27 1909   0.11  -0.08      T
  MONTH TO DATE    1.59                      3.24  -1.65     4.19
  SINCE MAR 1      2.70                      6.21  -3.51     6.56
  SINCE JAN 1      9.12                     11.25  -2.13     9.35

SNOWFALL (IN)
  YESTERDAY        0.0           T    1925   0.0    0.0      0.0
  MONTH TO DATE    1.8                       1.1    0.7       T
  SINCE MAR 1      2.0                       8.0   -6.0     11.4
  SINCE JUL 1      7.7                      36.0  -28.3     44.4
  SNOW DEPTH       0

DEGREE DAYS
 HEATING
  YESTERDAY       14                        10      4        7
  MONTH TO DATE  475                       458     17      435
  SINCE MAR 1   1057                      1288   -231     1424
  SINCE JUL 1   4700                      5755  -1055     6061

 COOLING
  YESTERDAY        0                         0      0        0
  MONTH TO DATE    0                         5     -5        0
  SINCE MAR 1      0                         5     -5        0
  SINCE JAN 1      0                         5     -5        0
..................................................................


WIND (MPH)
  HIGHEST WIND SPEED    15   HIGHEST WIND DIRECTION     S (160)
  HIGHEST GUST SPEED    22   HIGHEST GUST DIRECTION     S (160)
  AVERAGE WIND SPEED     4.7


SKY COVER
  POSSIBLE SUNSHINE  MM
  AVERAGE SKY COVER 1.0


WEATHER CONDITIONS
 THE FOLLOWING WEATHER WAS RECORDED YESTERDAY.
  RAIN
  LIGHT RAIN
  FOG


RELATIVE HUMIDITY (PERCENT)
 HIGHEST    92           300 AM
 LOWEST     55           300 PM
 AVERAGE    74

..........................................................


THE WILLIAMSPORT PA CLIMATE NORMALS FOR TODAY
                         NORMAL    RECORD    YEAR
 MAXIMUM TEMPERATURE (F)   67        90      2010
 MINIMUM TEMPERATURE (F)   43        28      1931


SUNRISE AND SUNSET
MAY  1 2016...........SUNRISE   605 AM EDT   SUNSET   805 PM EDT
MAY  2 2016...........SUNRISE   603 AM EDT   SUNSET   807 PM EDT


-  INDICATES NEGATIVE NUMBERS.
R  INDICATES RECORD WAS SET OR TIED.
MM INDICATES DATA IS MISSING.
T  INDICATES TRACE AMOUNT.




$$
