000
CDUS41 KCTP 010739
CLIIPT


CLIMATE REPORT
NATIONAL WEATHER SERVICE STATE COLLEGE PA
239 AM EST SUN MAR 1 2015


...................................

...THE WILLIAMSPORT PA CLIMATE SUMMARY FOR FEBRUARY 28 2015...

CLIMATE NORMAL PERIOD 1981 TO 2010
CLIMATE RECORD PERIOD 1895 TO 2015


WEATHER ITEM   OBSERVED TIME   RECORD YEAR NORMAL DEPARTURE LAST
                VALUE   (LST)  VALUE       VALUE  FROM      YEAR
                                                  NORMAL
..................................................................
TEMPERATURE (F)
 YESTERDAY
  MAXIMUM         29    425 PM  63    1954  42    -13       20
  MINIMUM          4    715 AM -18    1934  24    -20        2
  AVERAGE         17                        33    -16       11

PRECIPITATION (IN)
  YESTERDAY        0.00          1.59 1902   0.09  -0.09     0.00
  MONTH TO DATE    1.08                      2.34  -1.26     2.55
  SINCE DEC 1      5.39                      7.97  -2.58     7.44
  SINCE JAN 1      2.79                      5.04  -2.25     3.80

SNOWFALL (IN)
  YESTERDAY        0.0           4.5  2005   0.3   -0.3      0.0
  MONTH TO DATE    9.2                       8.8    0.4     21.6
  SINCE DEC 1     27.9                      26.2    1.7     43.6
  SINCE JUL 1     33.0                      28.0    5.0     45.8
  SNOW DEPTH       4

DEGREE DAYS
 HEATING
  YESTERDAY       48                        32     16       54
  MONTH TO DATE 1307                       988    319     1162
  SINCE DEC 1   3467                      3222    245     3589
  SINCE JUL 1   4637                      4467    170     4832

 COOLING
  YESTERDAY        0                         0      0        0
  MONTH TO DATE    0                         0      0        0
  SINCE DEC 1      0                         0      0        0
  SINCE JAN 1      0                         0      0        0
..................................................................


WIND (MPH)
  HIGHEST WIND SPEED     9   HIGHEST WIND DIRECTION     W (270)
  HIGHEST GUST SPEED    12   HIGHEST GUST DIRECTION     W (280)
  AVERAGE WIND SPEED     3.1


SKY COVER
  POSSIBLE SUNSHINE  MM
  AVERAGE SKY COVER 0.0


WEATHER CONDITIONS
 THE FOLLOWING WEATHER WAS RECORDED YESTERDAY.
  NO SIGNIFICANT WEATHER WAS OBSERVED.


RELATIVE HUMIDITY (PERCENT)
 HIGHEST    68           700 AM
 LOWEST     23          1200 PM
 AVERAGE    46

..........................................................


THE WILLIAMSPORT PA CLIMATE NORMALS FOR TODAY
                         NORMAL    RECORD    YEAR
 MAXIMUM TEMPERATURE (F)   42        63      1991
                                             1954
 MINIMUM TEMPERATURE (F)   24        -1      1934


SUNRISE AND SUNSET
MARCH  1 2015.........SUNRISE   642 AM EST   SUNSET   558 PM EST
MARCH  2 2015.........SUNRISE   641 AM EST   SUNSET   559 PM EST


-  INDICATES NEGATIVE NUMBERS.
R  INDICATES RECORD WAS SET OR TIED.
MM INDICATES DATA IS MISSING.
T  INDICATES TRACE AMOUNT.




$$
