000
CDUS41 KCTP 020626
CLIIPT


CLIMATE REPORT
NATIONAL WEATHER SERVICE STATE COLLEGE PA
225 AM EDT WED SEP 2 2015


...................................

...THE WILLIAMSPORT PA CLIMATE SUMMARY FOR SEPTEMBER 1 2015...

CLIMATE NORMAL PERIOD 1981 TO 2010
CLIMATE RECORD PERIOD 1895 TO 2015


WEATHER ITEM   OBSERVED TIME   RECORD YEAR NORMAL DEPARTURE LAST
                VALUE   (LST)  VALUE       VALUE  FROM      YEAR
                                                  NORMAL
..................................................................
TEMPERATURE (F)
 YESTERDAY
  MAXIMUM         87    235 PM 100    1932  79      8       83
  MINIMUM         67    722 AM  45    1946  58      9       68
                                      1915
                                      1896
  AVERAGE         77                        68      9       76

PRECIPITATION (IN)
  YESTERDAY        0.00          2.06 2003   0.13  -0.13      T
  MONTH TO DATE    0.00                      0.13  -0.13      T
  SINCE SEP 1      0.00                      0.13  -0.13      T
  SINCE JAN 1     28.29                     27.16   1.13    28.81

DEGREE DAYS
 HEATING
  YESTERDAY        0                         1     -1        0
  MONTH TO DATE    0                         1     -1        0
  SINCE SEP 1      0                         1     -1        0
  SINCE JUL 1      2                        15    -13        5

 COOLING
  YESTERDAY       12                         4      8       11
  MONTH TO DATE   12                         4      8       11
  SINCE SEP 1     12                         4      8       11
  SINCE JAN 1    797                       638    159      628
..................................................................


WIND (MPH)
  HIGHEST WIND SPEED    10   HIGHEST WIND DIRECTION    SW (240)
  HIGHEST GUST SPEED    13   HIGHEST GUST DIRECTION    SW (240)
  AVERAGE WIND SPEED     3.7


SKY COVER
  POSSIBLE SUNSHINE  MM
  AVERAGE SKY COVER 0.4


WEATHER CONDITIONS
 THE FOLLOWING WEATHER WAS RECORDED YESTERDAY.
  FOG
  HAZE


RELATIVE HUMIDITY (PERCENT)
 HIGHEST    97          1200 AM
 LOWEST     48           300 PM
 AVERAGE    73

..........................................................


THE WILLIAMSPORT PA CLIMATE NORMALS FOR TODAY
                         NORMAL    RECORD    YEAR
 MAXIMUM TEMPERATURE (F)   78       101      1953
 MINIMUM TEMPERATURE (F)   58        41      1896


SUNRISE AND SUNSET
SEPTEMBER  2 2015.....SUNRISE   635 AM EDT   SUNSET   739 PM EDT
SEPTEMBER  3 2015.....SUNRISE   636 AM EDT   SUNSET   738 PM EDT


-  INDICATES NEGATIVE NUMBERS.
R  INDICATES RECORD WAS SET OR TIED.
MM INDICATES DATA IS MISSING.
T  INDICATES TRACE AMOUNT.




$$
