000
CDUS41 KCTP 282120
CLIIPT


CLIMATE REPORT
NATIONAL WEATHER SERVICE STATE COLLEGE PA
520 PM EDT WED SEP 28 2016


...................................

...THE WILLIAMSPORT PA CLIMATE SUMMARY FOR SEPTEMBER 28 2016...
VALID TODAY AS OF 0500 PM LOCAL TIME.

CLIMATE NORMAL PERIOD 1981 TO 2010
CLIMATE RECORD PERIOD 1895 TO 2016


WEATHER ITEM   OBSERVED TIME   RECORD YEAR NORMAL DEPARTURE LAST
                VALUE   (LST)  VALUE       VALUE  FROM      YEAR
                                                  NORMAL
..................................................................
TEMPERATURE (F)
 TODAY
  MAXIMUM         77   1254 PM  90    1929  69      8       77
  MINIMUM         46    422 AM  28    1947  48     -2       62
  AVERAGE         62                        58      4       70

PRECIPITATION (IN)
  TODAY            0.00          1.89 2004   0.13  -0.13      T
  MONTH TO DATE    2.04                      3.88  -1.84     1.83
  SINCE SEP 1      2.04                      3.88  -1.84     1.83
  SINCE JAN 1     25.47                     30.91  -5.44    30.12

DEGREE DAYS
 HEATING
  TODAY            3                         7     -4        0
  MONTH TO DATE   26                        99    -73       20
  SINCE SEP 1     26                        99    -73       20
  SINCE JUL 1     26                       113    -87       22

 COOLING
  TODAY            0                         1     -1        5
  MONTH TO DATE  164                        62    102      146
  SINCE SEP 1    164                        62    102      146
  SINCE JAN 1   1137                       696    441      931
..................................................................


WIND (MPH)
  HIGHEST WIND SPEED    21   HIGHEST WIND DIRECTION     E (100)
  HIGHEST GUST SPEED    25   HIGHEST GUST DIRECTION     E (100)
  AVERAGE WIND SPEED     5.3


SKY COVER
  POSSIBLE SUNSHINE  MM
  AVERAGE SKY COVER 0.4


WEATHER CONDITIONS
 THE FOLLOWING WEATHER WAS RECORDED TODAY.
  NO SIGNIFICANT WEATHER WAS OBSERVED.


RELATIVE HUMIDITY (PERCENT)
 HIGHEST   100           100 AM
 LOWEST     40           100 PM
 AVERAGE    70

..........................................................


THE WILLIAMSPORT PA CLIMATE NORMALS FOR TOMORROW
                         NORMAL    RECORD    YEAR
 MAXIMUM TEMPERATURE (F)   68        84      1921
                                             1900
 MINIMUM TEMPERATURE (F)   48        31      1942


SUNRISE AND SUNSET
SEPTEMBER 28 2016.....SUNRISE   702 AM EDT   SUNSET   654 PM EDT
SEPTEMBER 29 2016.....SUNRISE   703 AM EDT   SUNSET   652 PM EDT


-  INDICATES NEGATIVE NUMBERS.
R  INDICATES RECORD WAS SET OR TIED.
MM INDICATES DATA IS MISSING.
T  INDICATES TRACE AMOUNT.




$$
