000
CDUS41 KCTP 270612
CLIIPT


CLIMATE REPORT
NATIONAL WEATHER SERVICE STATE COLLEGE PA
212 AM EDT TUE JUN 27 2017


...................................

...THE WILLIAMSPORT PA CLIMATE SUMMARY FOR JUNE 26 2017...

CLIMATE NORMAL PERIOD 1981 TO 2010
CLIMATE RECORD PERIOD 1895 TO 2017


WEATHER ITEM   OBSERVED TIME   RECORD YEAR NORMAL DEPARTURE LAST
                VALUE   (LST)  VALUE       VALUE  FROM      YEAR
                                                  NORMAL
..................................................................
TEMPERATURE (F)
 YESTERDAY
  MAXIMUM         79    350 PM 102    1952  82     -3       88
  MINIMUM         52    502 AM  43    1965  60     -8       60
  AVERAGE         66                        71     -5       74

PRECIPITATION (IN)
  YESTERDAY        0.00          1.43 2006   0.13  -0.13     0.00
  MONTH TO DATE    3.58                      3.40   0.18     1.86
  SINCE JUN 1      3.58                      3.40   0.18     1.86
  SINCE JAN 1     22.70                     18.31   4.39    13.20

DEGREE DAYS
 HEATING
  YESTERDAY        0                         0      0        0
  MONTH TO DATE   21                        36    -15        9
  SINCE JUN 1     21                        36    -15        9
  SINCE JUL 1   4950                      5994  -1044     4916

 COOLING
  YESTERDAY        1                         7     -6        9
  MONTH TO DATE  156                       119     37      144
  SINCE JUN 1    156                       119     37      144
  SINCE JAN 1    206                       162     44      217
..................................................................


WIND (MPH)
  HIGHEST WIND SPEED    21   HIGHEST WIND DIRECTION    SW (240)
  HIGHEST GUST SPEED    26   HIGHEST GUST DIRECTION     W (270)
  AVERAGE WIND SPEED     6.3


SKY COVER
  POSSIBLE SUNSHINE  MM
  AVERAGE SKY COVER 0.4


WEATHER CONDITIONS
 THE FOLLOWING WEATHER WAS RECORDED YESTERDAY.
  THUNDERSTORM


RELATIVE HUMIDITY (PERCENT)
 HIGHEST    86           200 AM
 LOWEST     32           400 PM
 AVERAGE    59

..........................................................


THE WILLIAMSPORT PA CLIMATE NORMALS FOR TODAY
                         NORMAL    RECORD    YEAR
 MAXIMUM TEMPERATURE (F)   82        97      2007
 MINIMUM TEMPERATURE (F)   60        45      1897


SUNRISE AND SUNSET
JUNE 27 2017..........SUNRISE   537 AM EDT   SUNSET   845 PM EDT
JUNE 28 2017..........SUNRISE   537 AM EDT   SUNSET   845 PM EDT


-  INDICATES NEGATIVE NUMBERS.
R  INDICATES RECORD WAS SET OR TIED.
MM INDICATES DATA IS MISSING.
T  INDICATES TRACE AMOUNT.




$$
