000
CDUS41 KCTP 010700
CLIIPT


CLIMATE REPORT
NATIONAL WEATHER SERVICE STATE COLLEGE PA
259 AM EDT WED JUL 1 2015


...................................

...THE WILLIAMSPORT PA CLIMATE SUMMARY FOR JUNE 30 2015...

CLIMATE NORMAL PERIOD 1981 TO 2010
CLIMATE RECORD PERIOD 1895 TO 2015


WEATHER ITEM   OBSERVED TIME   RECORD YEAR NORMAL DEPARTURE LAST
                VALUE   (LST)  VALUE       VALUE  FROM      YEAR
                                                  NORMAL
..................................................................
TEMPERATURE (F)
 YESTERDAY
  MAXIMUM         80    353 PM 100    1931  83     -3       86
  MINIMUM         63    309 AM  46    1988  61      2       69
                                      1938
                                      1923
  AVERAGE         72                        72      0       78

PRECIPITATION (IN)
  YESTERDAY        0.67          1.67 1928   0.13   0.54      T
  MONTH TO DATE    7.81                      3.92   3.89     3.46
  SINCE JUN 1      7.81                      3.92   3.89     3.46
  SINCE JAN 1     20.23                     18.83   1.40    18.21

DEGREE DAYS
 HEATING
  YESTERDAY        0                         0      0        0
  MONTH TO DATE   21                        36    -15        8
  SINCE JUN 1     21                        37    -16        8
  SINCE JUL 1   6175                      5995    180     6467

 COOLING
  YESTERDAY        7                         7      0       13
  MONTH TO DATE  172                       146     26      169
  SINCE JUN 1    172                       146     26      169
  SINCE JAN 1    300                       189    111      221
..................................................................


WIND (MPH)
  HIGHEST WIND SPEED    24   HIGHEST WIND DIRECTION     W (260)
  HIGHEST GUST SPEED    30   HIGHEST GUST DIRECTION     W (260)
  AVERAGE WIND SPEED     4.7


SKY COVER
  POSSIBLE SUNSHINE  MM
  AVERAGE SKY COVER 0.9


WEATHER CONDITIONS
 THE FOLLOWING WEATHER WAS RECORDED YESTERDAY.
  THUNDERSTORM
  HEAVY RAIN
  RAIN
  LIGHT RAIN
  FOG


RELATIVE HUMIDITY (PERCENT)
 HIGHEST    93           800 PM
 LOWEST     62           100 PM
 AVERAGE    78

..........................................................


THE WILLIAMSPORT PA CLIMATE NORMALS FOR TODAY
                         NORMAL    RECORD    YEAR
 MAXIMUM TEMPERATURE (F)   83       102      1931
 MINIMUM TEMPERATURE (F)   61        44      1943


SUNRISE AND SUNSET
JULY  1 2015..........SUNRISE   538 AM EDT   SUNSET   844 PM EDT
JULY  2 2015..........SUNRISE   539 AM EDT   SUNSET   844 PM EDT


-  INDICATES NEGATIVE NUMBERS.
R  INDICATES RECORD WAS SET OR TIED.
MM INDICATES DATA IS MISSING.
T  INDICATES TRACE AMOUNT.




$$
