000
CDUS43 KEAX 260645
CLIIRK


CLIMATE REPORT
NATIONAL WEATHER SERVICE KANSAS CITY/PLEASANT HILL MO
143 AM CDT SUN MAR 26 2017


...................................

...THE KIRKSVILLE MO CLIMATE SUMMARY FOR MARCH 25 2017...

CLIMATE NORMAL PERIOD 1981 TO 2010
CLIMATE RECORD PERIOD 9999 TO 9999


WEATHER ITEM   OBSERVED TIME   NORMAL DEPARTURE LAST
                VALUE   (LST)  VALUE  FROM      YEAR
                                      NORMAL
......................................................
TEMPERATURE (F)
 YESTERDAY
  MAXIMUM         56   1114 AM  55      1       54
  MINIMUM         47   1159 PM  34     13       27
  AVERAGE         52            44      8       41

PRECIPITATION (IN)
  YESTERDAY        0.71          0.08   0.63     0.00
  MONTH TO DATE    2.09          2.08   0.01     1.49
  SINCE MAR 1      2.09          2.08   0.01     1.49
  SINCE JAN 1      3.95          4.88  -0.93     4.08

DEGREE DAYS
 HEATING
  YESTERDAY       13            21     -8       24
  MONTH TO DATE  536           638   -102      430
  SINCE MAR 1    536           638   -102      430
  SINCE JUL 1   4065          5171  -1106     4137

 COOLING
  YESTERDAY        0             0      0        0
  MONTH TO DATE    0             0      0        0
  SINCE MAR 1      0             0      0        0
  SINCE JAN 1      0             0      0        0
......................................................


WIND (MPH)
  HIGHEST WIND SPEED    16   HIGHEST WIND DIRECTION    NE (30)
  HIGHEST GUST SPEED    20   HIGHEST GUST DIRECTION     N (10)
  AVERAGE WIND SPEED     9.7


SKY COVER
  AVERAGE SKY COVER 1.0


WEATHER CONDITIONS
 THE FOLLOWING WEATHER WAS RECORDED YESTERDAY.
  HEAVY RAIN
  RAIN
  LIGHT RAIN
  FOG


RELATIVE HUMIDITY (PERCENT)
 HIGHEST   100           100 AM
 LOWEST     93          1200 AM
 AVERAGE    97

..........................................................


THE KIRKSVILLE MO CLIMATE NORMALS FOR TODAY
                         NORMAL
 MAXIMUM TEMPERATURE (F)   56
 MINIMUM TEMPERATURE (F)   34


SUNRISE AND SUNSET
MARCH 26 2017.........SUNRISE   703 AM CDT   SUNSET   729 PM CDT
MARCH 27 2017.........SUNRISE   702 AM CDT   SUNSET   730 PM CDT


-  INDICATES NEGATIVE NUMBERS.
R  INDICATES RECORD WAS SET OR TIED.
MM INDICATES DATA IS MISSING.
T  INDICATES TRACE AMOUNT.




$$
