000
CDUS43 KEAX 202123
CLIIRK


CLIMATE REPORT
NATIONAL WEATHER SERVICE KANSAS CITY/PLEASANT HILL MO
423 PM CDT SAT SEP 20 2014


...................................

...THE KIRKSVILLE MO CLIMATE SUMMARY FOR SEPTEMBER 20 2014...
VALID AS OF 0400 PM LOCAL TIME.

CLIMATE NORMAL PERIOD 1981 TO 2010
CLIMATE RECORD PERIOD 9999 TO 9999


WEATHER ITEM   OBSERVED TIME   NORMAL DEPARTURE LAST
                VALUE   (LST)  VALUE  FROM      YEAR
                                      NORMAL
......................................................
TEMPERATURE (F)
 TODAY
  MAXIMUM         79    259 PM  74      5       69
  MINIMUM         64    555 AM  51     13       49
  AVERAGE         72            63      9       59

PRECIPITATION (IN)
  TODAY            0.00          0.13  -0.13     0.01
  MONTH TO DATE   10.07          2.91   7.16     1.33
  SINCE SEP 1     10.07          2.91   7.16     1.33
  SINCE JAN 1     38.16         30.32   7.84    31.22

DEGREE DAYS
 HEATING
  TODAY            0             4     -4        6
  MONTH TO DATE   86            40     46       25
  SINCE SEP 1     86            40     46       25
  SINCE JUL 1     92            47     45       38

 COOLING
  TODAY            7             2      5        0
  MONTH TO DATE   66            70     -4      171
  SINCE SEP 1     66            70     -4      171
  SINCE JAN 1    932           914     18      981
......................................................


WIND (MPH)
  HIGHEST WIND SPEED    16   HIGHEST WIND DIRECTION     S (200)
  HIGHEST GUST SPEED    23   HIGHEST GUST DIRECTION    SW (220)
  AVERAGE WIND SPEED     8.5


SKY COVER
  AVERAGE SKY COVER 0.5


WEATHER CONDITIONS
 THE FOLLOWING WEATHER WAS RECORDED TODAY.
  FOG
  HAZE


RELATIVE HUMIDITY (PERCENT)
 HIGHEST    93           200 AM
 LOWEST     76           100 PM
 AVERAGE    85

..........................................................


THE KIRKSVILLE MO CLIMATE NORMALS FOR TOMORROW
                         NORMAL
 MAXIMUM TEMPERATURE (F)   74
 MINIMUM TEMPERATURE (F)   51


SUNRISE AND SUNSET
SEPTEMBER 20 2014.....SUNRISE   656 AM CDT   SUNSET   711 PM CDT
SEPTEMBER 21 2014.....SUNRISE   657 AM CDT   SUNSET   709 PM CDT


-  INDICATES NEGATIVE NUMBERS.
R  INDICATES RECORD WAS SET OR TIED.
MM INDICATES DATA IS MISSING.
T  INDICATES TRACE AMOUNT.




$$
