000
CDUS43 KEAX 070632
CLIIRK


CLIMATE REPORT
NATIONAL WEATHER SERVICE KANSAS CITY/PLEASANT HILL MO
1231 AM CST WED DEC 7 2016


...................................

...THE KIRKSVILLE MO CLIMATE SUMMARY FOR DECEMBER 6 2016...

CLIMATE NORMAL PERIOD 1981 TO 2010
CLIMATE RECORD PERIOD 9999 TO 9999


WEATHER ITEM   OBSERVED TIME   NORMAL DEPARTURE LAST
                VALUE   (LST)  VALUE  FROM      YEAR
                                      NORMAL
......................................................
TEMPERATURE (F)
 YESTERDAY
  MAXIMUM         39    111 PM  40     -1       MM
  MINIMUM         29   1159 PM  23      6       MM
  AVERAGE         34            31      3       MM

PRECIPITATION (IN)
  YESTERDAY        0.00          0.07  -0.07    MM
  MONTH TO DATE    0.50          0.40   0.10      T
  SINCE DEC 1      0.50          0.40   0.10      T
  SINCE JAN 1     30.22         37.96  -7.74    39.76

DEGREE DAYS
 HEATING
  YESTERDAY       31            34     -3       MM
  MONTH TO DATE  182           197    -15      110
  SINCE DEC 1    182           197    -15      110
  SINCE JUL 1    904          1418   -514      992

 COOLING
  YESTERDAY        0             0      0       MM
  MONTH TO DATE    0             0      0        0
  SINCE DEC 1      0             0      0        0
  SINCE JAN 1   1313           939    374     1102
......................................................


WIND (MPH)
  HIGHEST WIND SPEED    20   HIGHEST WIND DIRECTION    NW (320)
  HIGHEST GUST SPEED    26   HIGHEST GUST DIRECTION    NW (320)
  AVERAGE WIND SPEED     9.4


SKY COVER
  AVERAGE SKY COVER 0.4


WEATHER CONDITIONS
 THE FOLLOWING WEATHER WAS RECORDED YESTERDAY.
  FOG


RELATIVE HUMIDITY (PERCENT)
 HIGHEST   100          1200 AM
 LOWEST     47           400 PM
 AVERAGE    74

..........................................................


THE KIRKSVILLE MO CLIMATE NORMALS FOR TODAY
                         NORMAL
 MAXIMUM TEMPERATURE (F)   39
 MINIMUM TEMPERATURE (F)   22


SUNRISE AND SUNSET
DECEMBER  7 2016......SUNRISE   719 AM CST   SUNSET   444 PM CST
DECEMBER  8 2016......SUNRISE   720 AM CST   SUNSET   444 PM CST


-  INDICATES NEGATIVE NUMBERS.
R  INDICATES RECORD WAS SET OR TIED.
MM INDICATES DATA IS MISSING.
T  INDICATES TRACE AMOUNT.




$$
