000
CDUS43 KEAX 280634
CLIIRK


CLIMATE REPORT
NATIONAL WEATHER SERVICE KANSAS CITY/PLEASANT HILL MO
133 AM CDT SAT MAR 28 2015


...................................

...THE KIRKSVILLE MO CLIMATE SUMMARY FOR MARCH 27 2015...

CLIMATE NORMAL PERIOD 1981 TO 2010
CLIMATE RECORD PERIOD 9999 TO 9999


WEATHER ITEM   OBSERVED TIME   NORMAL DEPARTURE LAST
                VALUE   (LST)  VALUE  FROM      YEAR
                                      NORMAL
......................................................
TEMPERATURE (F)
 YESTERDAY
  MAXIMUM         43    404 PM  56    -13       62
  MINIMUM         29    320 AM  34     -5       38
  AVERAGE         36            45     -9       50

PRECIPITATION (IN)
  YESTERDAY        0.00          0.07  -0.07     0.11
  MONTH TO DATE    0.81          2.22  -1.41     0.95
  SINCE MAR 1      0.81          2.22  -1.41     0.95
  SINCE JAN 1      2.86          5.02  -2.16     4.50

DEGREE DAYS
 HEATING
  YESTERDAY       29            20      9       15
  MONTH TO DATE  619           678    -59      832
  SINCE MAR 1    619           678    -59      832
  SINCE JUL 1   5298          5211     87     5802

 COOLING
  YESTERDAY        0             0      0        0
  MONTH TO DATE    1             0      1        0
  SINCE MAR 1      1             0      1        0
  SINCE JAN 1      1             0      1        0
......................................................


WIND (MPH)
  HIGHEST WIND SPEED    17   HIGHEST WIND DIRECTION     N (20)
  HIGHEST GUST SPEED    22   HIGHEST GUST DIRECTION     N (350)
  AVERAGE WIND SPEED     8.2


SKY COVER
  AVERAGE SKY COVER 0.5


WEATHER CONDITIONS
 THE FOLLOWING WEATHER WAS RECORDED YESTERDAY.
  NO SIGNIFICANT WEATHER WAS OBSERVED.


RELATIVE HUMIDITY (PERCENT)
 HIGHEST    82          1200 AM
 LOWEST     29           400 PM
 AVERAGE    56

..........................................................


THE KIRKSVILLE MO CLIMATE NORMALS FOR TODAY
                         NORMAL
 MAXIMUM TEMPERATURE (F)   57
 MINIMUM TEMPERATURE (F)   35


SUNRISE AND SUNSET
MARCH 28 2015.........SUNRISE   701 AM CDT   SUNSET   730 PM CDT
MARCH 29 2015.........SUNRISE   659 AM CDT   SUNSET   731 PM CDT


-  INDICATES NEGATIVE NUMBERS.
R  INDICATES RECORD WAS SET OR TIED.
MM INDICATES DATA IS MISSING.
T  INDICATES TRACE AMOUNT.




$$
