000
CDUS43 KEAX 280034
CLIIRK


CLIMATE REPORT
NATIONAL WEATHER SERVICE KANSAS CITY/PLEASANT HILL MO
734 PM CDT THU AUG 27 2015


...................................

...THE KIRKSVILLE MO CLIMATE SUMMARY FOR AUGUST 27 2015...
VALID TODAY AS OF 0700 PM LOCAL TIME.

CLIMATE NORMAL PERIOD 1981 TO 2010
CLIMATE RECORD PERIOD 9999 TO 9999


WEATHER ITEM   OBSERVED TIME   NORMAL DEPARTURE LAST
                VALUE   (LST)  VALUE  FROM      YEAR
                                      NORMAL
......................................................
TEMPERATURE (F)
 TODAY
  MAXIMUM         76    427 PM  83     -7       78
  MINIMUM         53    305 AM  61     -8       69
  AVERAGE         65            72     -7       74

PRECIPITATION (IN)
  TODAY            0.00          0.15  -0.15     0.14
  MONTH TO DATE    2.42          3.20  -0.78     8.24
  SINCE JUN 1     20.46         12.64   7.82    18.47
  SINCE JAN 1     31.22         26.79   4.43    27.57

DEGREE DAYS
 HEATING
  TODAY            0             0      0        0
  MONTH TO DATE    8             0      8        0
  SINCE JUN 1     28            17     11       12
  SINCE JUL 1     13             1     12        6

 COOLING
  TODAY            0             7     -7        9
  MONTH TO DATE  202           249    -47      259
  SINCE JUN 1    776           754     22      697
  SINCE JAN 1    844           816     28      819
......................................................


WIND (MPH)
  HIGHEST WIND SPEED    17   HIGHEST WIND DIRECTION    SE (120)
  HIGHEST GUST SPEED    22   HIGHEST GUST DIRECTION    SE (120)
  AVERAGE WIND SPEED     7.3


SKY COVER
  AVERAGE SKY COVER 0.0


WEATHER CONDITIONS
 THE FOLLOWING WEATHER WAS RECORDED TODAY.
  NO SIGNIFICANT WEATHER WAS OBSERVED.


RELATIVE HUMIDITY (PERCENT)
 HIGHEST    93          1200 AM
 LOWEST     57          1200 PM
 AVERAGE    75

..........................................................


THE KIRKSVILLE MO CLIMATE NORMALS FOR TOMORROW
                         NORMAL
 MAXIMUM TEMPERATURE (F)   82
 MINIMUM TEMPERATURE (F)   60


SUNRISE AND SUNSET
AUGUST 27 2015........SUNRISE   633 AM CDT   SUNSET   750 PM CDT
AUGUST 28 2015........SUNRISE   634 AM CDT   SUNSET   748 PM CDT


-  INDICATES NEGATIVE NUMBERS.
R  INDICATES RECORD WAS SET OR TIED.
MM INDICATES DATA IS MISSING.
T  INDICATES TRACE AMOUNT.




$$
