000
CDUS43 KEAX 300636
CLIIRK


CLIMATE REPORT
NATIONAL WEATHER SERVICE KANSAS CITY/PLEASANT HILL MO
135 AM CDT SAT APR 30 2016


...................................

...THE KIRKSVILLE MO CLIMATE SUMMARY FOR APRIL 29 2016...

CLIMATE NORMAL PERIOD 1981 TO 2010
CLIMATE RECORD PERIOD 9999 TO 9999


WEATHER ITEM   OBSERVED TIME   NORMAL DEPARTURE LAST
                VALUE   (LST)  VALUE  FROM      YEAR
                                      NORMAL
......................................................
TEMPERATURE (F)
 YESTERDAY
  MAXIMUM         54    410 PM  67    -13       72
  MINIMUM         46    450 AM  46      0       43
  AVERAGE         50            56     -6       58

PRECIPITATION (IN)
  YESTERDAY        0.02          0.19  -0.17     0.00
  MONTH TO DATE    2.74          3.66  -0.92     3.71
  SINCE MAR 1      4.73          6.21  -1.48     4.53
  SINCE JAN 1      7.32          9.01  -1.69     6.58

DEGREE DAYS
 HEATING
  YESTERDAY       15             9      6        7
  MONTH TO DATE  328           393    -65      275
  SINCE MAR 1    854          1147   -293      961
  SINCE JUL 1   4561          5680  -1119     5640

 COOLING
  YESTERDAY        0             0      0        0
  MONTH TO DATE    8             0      8        2
  SINCE MAR 1      8             0      8        3
  SINCE JAN 1      8             0      8        3
......................................................


WIND (MPH)
  HIGHEST WIND SPEED    21   HIGHEST WIND DIRECTION     E (80)
  HIGHEST GUST SPEED    28   HIGHEST GUST DIRECTION     E (90)
  AVERAGE WIND SPEED    10.0


SKY COVER
  AVERAGE SKY COVER 0.8


WEATHER CONDITIONS
 THE FOLLOWING WEATHER WAS RECORDED YESTERDAY.
  LIGHT RAIN
  FOG


RELATIVE HUMIDITY (PERCENT)
 HIGHEST    93           500 AM
 LOWEST     71          1000 AM
 AVERAGE    82

..........................................................


THE KIRKSVILLE MO CLIMATE NORMALS FOR TODAY
                         NORMAL
 MAXIMUM TEMPERATURE (F)   67
 MINIMUM TEMPERATURE (F)   46


SUNRISE AND SUNSET
APRIL 30 2016.........SUNRISE   611 AM CDT   SUNSET   805 PM CDT
MAY  1 2016...........SUNRISE   609 AM CDT   SUNSET   806 PM CDT


-  INDICATES NEGATIVE NUMBERS.
R  INDICATES RECORD WAS SET OR TIED.
MM INDICATES DATA IS MISSING.
T  INDICATES TRACE AMOUNT.




$$
