000
CDUS43 KEAX 170632
CLIIRK


CLIMATE REPORT
NATIONAL WEATHER SERVICE KANSAS CITY/PLEASANT HILL MO
1232 AM CST WED JAN 17 2018


...................................

...THE KIRKSVILLE MO CLIMATE SUMMARY FOR JANUARY 16 2018...

CLIMATE NORMAL PERIOD 1981 TO 2010
CLIMATE RECORD PERIOD 9999 TO 9999


WEATHER ITEM   OBSERVED TIME   NORMAL DEPARTURE LAST
                VALUE   (LST)  VALUE  FROM      YEAR
                                      NORMAL
......................................................
TEMPERATURE (F)
 YESTERDAY
  MAXIMUM         11    350 PM  35    -24       44
  MINIMUM         -7    808 AM  17    -24       31
  AVERAGE          2            26    -24       38

PRECIPITATION (IN)
  YESTERDAY        0.00          0.05  -0.05     1.21
  MONTH TO DATE    0.75          0.51   0.24     1.55
  SINCE DEC 1      1.53          2.26  -0.73     2.78
  SINCE JAN 1      0.75          0.51   0.24     1.55

DEGREE DAYS
 HEATING
  YESTERDAY       63            39     24       27
  MONTH TO DATE  782           624    158      650
  SINCE DEC 1   1880          1746    134     1729
  SINCE JUL 1   2899          2967    -68     2451

 COOLING
  YESTERDAY        0             0      0        0
  MONTH TO DATE    0             0      0        0
  SINCE DEC 1      0             0      0        0
  SINCE JAN 1      0             0      0        0
......................................................


WIND (MPH)
  HIGHEST WIND SPEED    15   HIGHEST WIND DIRECTION    NW (300)
  HIGHEST GUST SPEED    19   HIGHEST GUST DIRECTION    NW (300)
  AVERAGE WIND SPEED     8.5


SKY COVER
  AVERAGE SKY COVER 0.1


WEATHER CONDITIONS
 THE FOLLOWING WEATHER WAS RECORDED YESTERDAY.
  NO SIGNIFICANT WEATHER WAS OBSERVED.


RELATIVE HUMIDITY (PERCENT)
 HIGHEST    87           100 AM
 LOWEST     66           300 PM
 AVERAGE    77

..........................................................


THE KIRKSVILLE MO CLIMATE NORMALS FOR TODAY
                         NORMAL
 MAXIMUM TEMPERATURE (F)   35
 MINIMUM TEMPERATURE (F)   17


SUNRISE AND SUNSET
JANUARY 17 2018.......SUNRISE   729 AM CST   SUNSET   511 PM CST
JANUARY 18 2018.......SUNRISE   729 AM CST   SUNSET   513 PM CST


-  INDICATES NEGATIVE NUMBERS.
R  INDICATES RECORD WAS SET OR TIED.
MM INDICATES DATA IS MISSING.
T  INDICATES TRACE AMOUNT.




$$
