000
CDUS43 KEAX 250039
CLIIRK


CLIMATE REPORT
NATIONAL WEATHER SERVICE KANSAS CITY/PLEASANT HILL MO
739 PM CDT WED AUG 24 2016


...................................

...THE KIRKSVILLE MO CLIMATE SUMMARY FOR AUGUST 24 2016...
VALID TODAY AS OF 0700 PM LOCAL TIME.

CLIMATE NORMAL PERIOD 1981 TO 2010
CLIMATE RECORD PERIOD 9999 TO 9999


WEATHER ITEM   OBSERVED TIME   NORMAL DEPARTURE LAST
                VALUE   (LST)  VALUE  FROM      YEAR
                                      NORMAL
......................................................
TEMPERATURE (F)
 TODAY
  MAXIMUM         86   1150 AM  83      3       78
  MINIMUM         71    712 AM  62      9       50
  AVERAGE         79            72      7       64

PRECIPITATION (IN)
  TODAY            0.13          0.13   0.00     0.00
  MONTH TO DATE    3.20          2.79   0.41     2.42
  SINCE JUN 1      6.91         12.23  -5.32    20.46
  SINCE JAN 1     19.20         26.38  -7.18    31.22

DEGREE DAYS
 HEATING
  TODAY            0             0      0        1
  MONTH TO DATE    0             0      0        5
  SINCE JUN 1      6            17    -11       25
  SINCE JUL 1      6             1      5       10

 COOLING
  TODAY           14             8      6        0
  MONTH TO DATE  255           227     28      202
  SINCE JUN 1    937           732    205      776
  SINCE JAN 1   1009           794    215      844
......................................................


WIND (MPH)
  HIGHEST WIND SPEED    24   HIGHEST WIND DIRECTION     S (190)
  HIGHEST GUST SPEED    30   HIGHEST GUST DIRECTION     S (170)
  AVERAGE WIND SPEED     8.5


SKY COVER
  AVERAGE SKY COVER 0.4


WEATHER CONDITIONS
 THE FOLLOWING WEATHER WAS RECORDED TODAY.
  THUNDERSTORM
  RAIN
  LIGHT RAIN
  FOG


RELATIVE HUMIDITY (PERCENT)
 HIGHEST    90           600 AM
 LOWEST     65          1100 AM
 AVERAGE    78

..........................................................


THE KIRKSVILLE MO CLIMATE NORMALS FOR TOMORROW
                         NORMAL
 MAXIMUM TEMPERATURE (F)   83
 MINIMUM TEMPERATURE (F)   61


SUNRISE AND SUNSET
AUGUST 24 2016........SUNRISE   631 AM CDT   SUNSET   753 PM CDT
AUGUST 25 2016........SUNRISE   632 AM CDT   SUNSET   752 PM CDT


-  INDICATES NEGATIVE NUMBERS.
R  INDICATES RECORD WAS SET OR TIED.
MM INDICATES DATA IS MISSING.
T  INDICATES TRACE AMOUNT.




$$
