815
CDUS43 KEAX 270632
CLIIRK


CLIMATE REPORT
NATIONAL WEATHER SERVICE KANSAS CITY/PLEASANT HILL MO
132 AM CDT TUE SEP 27 2016


...................................

...THE KIRKSVILLE MO CLIMATE SUMMARY FOR SEPTEMBER 26 2016...

CLIMATE NORMAL PERIOD 1981 TO 2010
CLIMATE RECORD PERIOD 9999 TO 9999


WEATHER ITEM   OBSERVED TIME   NORMAL DEPARTURE LAST
                VALUE   (LST)  VALUE  FROM      YEAR
                                      NORMAL
......................................................
TEMPERATURE (F)
 YESTERDAY
  MAXIMUM         72    335 PM  72      0       81
  MINIMUM         46    609 AM  49     -3       54
  AVERAGE         59            60     -1       68

PRECIPITATION (IN)
  YESTERDAY        0.00          0.13  -0.13     0.00
  MONTH TO DATE    2.12          3.69  -1.57     1.58
  SINCE SEP 1      2.12          3.69  -1.57     1.58
  SINCE JAN 1     25.26         31.10  -5.84    32.81

DEGREE DAYS
 HEATING
  YESTERDAY        6             6      0        0
  MONTH TO DATE   10            71    -61       29
  SINCE SEP 1     10            71    -61       29
  SINCE JUL 1     16            78    -62       42

 COOLING
  YESTERDAY        0             1     -1        3
  MONTH TO DATE  176            77     99      200
  SINCE SEP 1    176            77     99      200
  SINCE JAN 1   1254           921    333     1077
......................................................


WIND (MPH)
  HIGHEST WIND SPEED    20   HIGHEST WIND DIRECTION     W (290)
  HIGHEST GUST SPEED    27   HIGHEST GUST DIRECTION    NW (300)
  AVERAGE WIND SPEED     8.2


SKY COVER
  AVERAGE SKY COVER 0.0


WEATHER CONDITIONS
 THE FOLLOWING WEATHER WAS RECORDED YESTERDAY.
  HAZE


RELATIVE HUMIDITY (PERCENT)
 HIGHEST    86           500 AM
 LOWEST     29           200 PM
 AVERAGE    58

..........................................................


THE KIRKSVILLE MO CLIMATE NORMALS FOR TODAY
                         NORMAL
 MAXIMUM TEMPERATURE (F)   71
 MINIMUM TEMPERATURE (F)   48


SUNRISE AND SUNSET
SEPTEMBER 27 2016.....SUNRISE   703 AM CDT   SUNSET   658 PM CDT
SEPTEMBER 28 2016.....SUNRISE   704 AM CDT   SUNSET   656 PM CDT


-  INDICATES NEGATIVE NUMBERS.
R  INDICATES RECORD WAS SET OR TIED.
MM INDICATES DATA IS MISSING.
T  INDICATES TRACE AMOUNT.




$$
