000
CDUS43 KBIS 200023
CLIISN


CLIMATE REPORT
NATIONAL WEATHER SERVICE BISMARCK ND
722 PM CDT SAT APR 19 2014


...................................

...THE WILLISTON ND CLIMATE SUMMARY FOR APRIL 19 2014...
VALID TODAY AS OF 0700 PM LOCAL TIME.

CLIMATE NORMAL PERIOD 1981 TO 2010
CLIMATE RECORD PERIOD 1894 TO 2014


WEATHER ITEM   OBSERVED TIME   RECORD YEAR NORMAL DEPARTURE LAST
                VALUE   (LST)  VALUE       VALUE  FROM      YEAR
                                                  NORMAL
..................................................................
TEMPERATURE (F)
 TODAY
  MAXIMUM         60    530 PM  87    1910  59      1       42
  MINIMUM         33    455 AM   6    1928  31      2       28
  AVERAGE         47                        45      2       35

PRECIPITATION (IN)
  TODAY            T             0.95 1985   0.03  -0.03      T
  MONTH TO DATE    0.28                      0.56  -0.28     0.56
  SINCE MAR 1      0.60                      1.27  -0.67     1.98
  SINCE JAN 1      1.04                      2.25  -1.21     2.55

SNOWFALL (IN)
  TODAY           MM

DEGREE DAYS
 HEATING
  TODAY           18                        20     -2       30
  MONTH TO DATE  521                       454     67      655
  SINCE MAR 1   1724                      1561    163     2105
  SINCE JUL 1   8673                      8329    344     8693

 COOLING
  TODAY            0                         0      0        0
  MONTH TO DATE    0                         0      0        0
  SINCE MAR 1      0                         0      0        0
  SINCE JAN 1      0                         0      0        0
..................................................................


WIND (MPH)
  HIGHEST WIND SPEED    28   HIGHEST WIND DIRECTION     W (280)
  HIGHEST GUST SPEED    36   HIGHEST GUST DIRECTION     W (280)
  AVERAGE WIND SPEED    13.7


SKY COVER
  POSSIBLE SUNSHINE  MM
  AVERAGE SKY COVER 0.4


WEATHER CONDITIONS
 THE FOLLOWING WEATHER WAS RECORDED TODAY.
  LIGHT RAIN


RELATIVE HUMIDITY (PERCENT)
 HIGHEST    92           300 AM
 LOWEST     36           500 PM
 AVERAGE    64

..........................................................


THE WILLISTON ND CLIMATE NORMALS FOR TOMORROW
                         NORMAL    RECORD    YEAR
 MAXIMUM TEMPERATURE (F)   59        92      1980
 MINIMUM TEMPERATURE (F)   31        11      1966


SUNRISE AND SUNSET
APRIL 19 2014.........SUNRISE   657 AM CDT   SUNSET   851 PM CDT
APRIL 20 2014.........SUNRISE   655 AM CDT   SUNSET   852 PM CDT


-  INDICATES NEGATIVE NUMBERS.
R  INDICATES RECORD WAS SET OR TIED.
MM INDICATES DATA IS MISSING.
T  INDICATES TRACE AMOUNT.




$$
