000
CDUS43 KBIS 240728
CLIISN


CLIMATE REPORT
NATIONAL WEATHER SERVICE BISMARCK ND
227 AM CDT SAT JUN 24 2017


...................................

...THE WILLISTON ND CLIMATE SUMMARY FOR JUNE 23 2017...

CLIMATE NORMAL PERIOD 1981 TO 2010
CLIMATE RECORD PERIOD 1894 TO 2017


WEATHER ITEM   OBSERVED TIME   RECORD YEAR NORMAL DEPARTURE LAST
                VALUE   (LST)  VALUE       VALUE  FROM      YEAR
                                                  NORMAL
..................................................................
TEMPERATURE (F)
 YESTERDAY
  MAXIMUM         70    258 PM 102    1988  79     -9       83
  MINIMUM         47    400 AM  35    1967  52     -5       47
  AVERAGE         59                        65     -6       65

PRECIPITATION (IN)
  YESTERDAY        0.00          2.30 1920   0.09  -0.09     0.00
  MONTH TO DATE    1.15                      1.90  -0.75     1.31
  SINCE JUN 1      1.15                      1.90  -0.75     1.31
  SINCE JAN 1      4.62                      6.51  -1.89     6.38

DEGREE DAYS
 HEATING
  YESTERDAY        6                         3      3        0
  MONTH TO DATE   17                       106    -89       14
  SINCE JUN 1     17                       106    -89       14
  SINCE JUL 1   7947                      8980  -1033     7366

 COOLING
  YESTERDAY        0                         3     -3        0
  MONTH TO DATE   71                        43     28       72
  SINCE JUN 1     71                        43     28       72
  SINCE JAN 1     94                        56     38       82
..................................................................


WIND (MPH)
  HIGHEST WIND SPEED    31   HIGHEST WIND DIRECTION    NW (330)
  HIGHEST GUST SPEED    40   HIGHEST GUST DIRECTION    NW (320)
  AVERAGE WIND SPEED    16.2


SKY COVER
  POSSIBLE SUNSHINE  MM
  AVERAGE SKY COVER 0.7


WEATHER CONDITIONS
 THE FOLLOWING WEATHER WAS RECORDED YESTERDAY.
  NO SIGNIFICANT WEATHER WAS OBSERVED.


RELATIVE HUMIDITY (PERCENT)
 HIGHEST    86           300 AM
 LOWEST     25           400 PM
 AVERAGE    56

..........................................................


THE WILLISTON ND CLIMATE NORMALS FOR TODAY
                         NORMAL    RECORD    YEAR
 MAXIMUM TEMPERATURE (F)   79       104      1936
 MINIMUM TEMPERATURE (F)   52        29      2004


SUNRISE AND SUNSET
JUNE 24 2017..........SUNRISE   555 AM CDT   SUNSET   959 PM CDT
JUNE 25 2017..........SUNRISE   555 AM CDT   SUNSET   959 PM CDT


-  INDICATES NEGATIVE NUMBERS.
R  INDICATES RECORD WAS SET OR TIED.
MM INDICATES DATA IS MISSING.
T  INDICATES TRACE AMOUNT.




$$
