000
CDUS43 KBIS 140734
CLIISN


CLIMATE REPORT
NATIONAL WEATHER SERVICE BISMARCK ND
134 AM CST THU DEC 14 2017


...................................

...THE WILLISTON ND CLIMATE SUMMARY FOR DECEMBER 13 2017...

CLIMATE NORMAL PERIOD 1981 TO 2010
CLIMATE RECORD PERIOD 1894 TO 2017


WEATHER ITEM   OBSERVED TIME   RECORD YEAR NORMAL DEPARTURE LAST
                VALUE   (LST)  VALUE       VALUE  FROM      YEAR
                                                  NORMAL
..................................................................
TEMPERATURE (F)
 YESTERDAY
  MAXIMUM         43    159 PM  48    1999  25     18       11
                                      1998
  MINIMUM         33    915 PM -27    1917   4     29       -3
  AVERAGE         38                        14     24        4

PRECIPITATION (IN)
  YESTERDAY        0.00          0.92 2008   0.01  -0.01      T
  MONTH TO DATE    0.13                      0.24  -0.11     0.40
  SINCE DEC 1      0.13                      0.24  -0.11     0.40
  SINCE JAN 1     11.93                     13.99  -2.06    14.99

DEGREE DAYS
 HEATING
  YESTERDAY       27                        51    -24       61
  MONTH TO DATE  460                       632   -172      663
  SINCE DEC 1    460                       632   -172      663
  SINCE JUL 1   2474                      2794   -320     2242

 COOLING
  YESTERDAY        0                         0      0        0
  MONTH TO DATE    0                         0      0        0
  SINCE DEC 1      0                         0      0        0
  SINCE JAN 1    643                       456    187      521
..................................................................


WIND (MPH)
  HIGHEST WIND SPEED    30   HIGHEST WIND DIRECTION    NW (320)
  HIGHEST GUST SPEED    39   HIGHEST GUST DIRECTION    NW (310)
  AVERAGE WIND SPEED    16.6


SKY COVER
  POSSIBLE SUNSHINE  MM
  AVERAGE SKY COVER 0.2


WEATHER CONDITIONS
 THE FOLLOWING WEATHER WAS RECORDED YESTERDAY.
  NO SIGNIFICANT WEATHER WAS OBSERVED.


RELATIVE HUMIDITY (PERCENT)
 HIGHEST    75           400 AM
 LOWEST     49           200 PM
 AVERAGE    62

..........................................................


THE WILLISTON ND CLIMATE NORMALS FOR TODAY
                         NORMAL    RECORD    YEAR
 MAXIMUM TEMPERATURE (F)   24        53      1998
 MINIMUM TEMPERATURE (F)    3       -28      1963
                                             1901


SUNRISE AND SUNSET
DECEMBER 14 2017......SUNRISE   838 AM CST   SUNSET   501 PM CST
DECEMBER 15 2017......SUNRISE   839 AM CST   SUNSET   501 PM CST


-  INDICATES NEGATIVE NUMBERS.
R  INDICATES RECORD WAS SET OR TIED.
MM INDICATES DATA IS MISSING.
T  INDICATES TRACE AMOUNT.




$$
