000
CDUS43 KBIS 240741
CLIISN


CLIMATE REPORT
NATIONAL WEATHER SERVICE BISMARCK ND
140 AM CST TUE JAN 24 2017


...................................

...THE WILLISTON ND CLIMATE SUMMARY FOR JANUARY 23 2017...

CLIMATE NORMAL PERIOD 1981 TO 2010
CLIMATE RECORD PERIOD 1894 TO 2017


WEATHER ITEM   OBSERVED TIME   RECORD YEAR NORMAL DEPARTURE LAST
                VALUE   (LST)  VALUE       VALUE  FROM      YEAR
                                                  NORMAL
..................................................................
TEMPERATURE (F)
 YESTERDAY
  MAXIMUM         28    559 AM  55    1944  22      6       39
  MINIMUM         20    647 PM -40    1935   0     20       23
  AVERAGE         24                        11     13       31

PRECIPITATION (IN)
  YESTERDAY        T             0.30 1897   0.02  -0.02     0.00
  MONTH TO DATE    0.40                      0.47  -0.07     0.38
  SINCE DEC 1      1.36                      1.09   0.27     0.93
  SINCE JAN 1      0.40                      0.47  -0.07     0.38

SNOWFALL (IN)
  YESTERDAY       MM
  SNOW DEPTH      MM

DEGREE DAYS
 HEATING
  YESTERDAY       41                        54    -13       34
  MONTH TO DATE 1350                      1252     98     1201
  SINCE DEC 1   2859                      2837     22     2545
  SINCE JUL 1   4438                      4999   -561     4295

 COOLING
  YESTERDAY        0                         0      0        0
  MONTH TO DATE    0                         0      0        0
  SINCE DEC 1      0                         0      0        0
  SINCE JAN 1      0                         0      0        0
..................................................................


WIND (MPH)
  HIGHEST WIND SPEED    12   HIGHEST WIND DIRECTION     N (10)
  HIGHEST GUST SPEED    14   HIGHEST GUST DIRECTION     N (360)
  AVERAGE WIND SPEED     5.6


SKY COVER
  POSSIBLE SUNSHINE  MM
  AVERAGE SKY COVER 1.0


WEATHER CONDITIONS
 THE FOLLOWING WEATHER WAS RECORDED YESTERDAY.
  LIGHT SNOW
  FOG


RELATIVE HUMIDITY (PERCENT)
 HIGHEST    92           300 AM
 LOWEST     81           900 AM
 AVERAGE    87

..........................................................


THE WILLISTON ND CLIMATE NORMALS FOR TODAY
                         NORMAL    RECORD    YEAR
 MAXIMUM TEMPERATURE (F)   22        50      1968
                                             1942
 MINIMUM TEMPERATURE (F)    1       -37      1920


SUNRISE AND SUNSET
JANUARY 24 2017.......SUNRISE   832 AM CST   SUNSET   542 PM CST
JANUARY 25 2017.......SUNRISE   831 AM CST   SUNSET   544 PM CST


-  INDICATES NEGATIVE NUMBERS.
R  INDICATES RECORD WAS SET OR TIED.
MM INDICATES DATA IS MISSING.
T  INDICATES TRACE AMOUNT.




$$
