000
CDUS43 KBIS 290743
CLIISN


CLIMATE REPORT
NATIONAL WEATHER SERVICE BISMARCK ND
242 AM CDT WED JUL 29 2015


...................................

...THE WILLISTON ND CLIMATE SUMMARY FOR JULY 28 2015...

CLIMATE NORMAL PERIOD 1981 TO 2010
CLIMATE RECORD PERIOD 1894 TO 2015


WEATHER ITEM   OBSERVED TIME   RECORD YEAR NORMAL DEPARTURE LAST
                VALUE   (LST)  VALUE       VALUE  FROM      YEAR
                                                  NORMAL
..................................................................
TEMPERATURE (F)
 YESTERDAY
  MAXIMUM         64    158 AM 104    1975  86    -22       83
  MINIMUM         56    657 PM  43    1971  57     -1       50
  AVERAGE         60                        72    -12       67

PRECIPITATION (IN)
  YESTERDAY        0.22          0.87 1901   0.07   0.15     0.00
  MONTH TO DATE    1.55                      2.36  -0.81     0.56
  SINCE JUN 1      3.45                      4.88  -1.43     2.00
  SINCE JAN 1      6.95                      9.49  -2.54     6.09

SNOWFALL (IN)
  YESTERDAY       MM             0.0  2002   0.0   MM       MM
                                      2001
  MONTH TO DATE    0.0                       0.0    0.0     MM
  SINCE JUN 1      0.0                       0.0    0.0     MM
  SINCE JUL 1      0.0                       0.0    0.0     MM
  SNOW DEPTH      MM

DEGREE DAYS
 HEATING
  YESTERDAY        5                         0      5        0
  MONTH TO DATE    8                        21    -13       17
  SINCE JUN 1     62                       141    -79      127
  SINCE JUL 1      8                        21    -13       17

 COOLING
  YESTERDAY        0                         7     -7        2
  MONTH TO DATE  230                       161     69      143
  SINCE JUN 1    333                       229    104      171
  SINCE JAN 1    334                       242     92      192
..................................................................


WIND (MPH)
  HIGHEST WIND SPEED    52   HIGHEST WIND DIRECTION     W (280)
  HIGHEST GUST SPEED    64   HIGHEST GUST DIRECTION     W (270)
  AVERAGE WIND SPEED    26.3


SKY COVER
  POSSIBLE SUNSHINE  MM
  AVERAGE SKY COVER 0.9


WEATHER CONDITIONS
 THE FOLLOWING WEATHER WAS RECORDED YESTERDAY.
  RAIN
  LIGHT RAIN
  FOG


RELATIVE HUMIDITY (PERCENT)
 HIGHEST    93           100 AM
 LOWEST     72           200 PM
 AVERAGE    83

..........................................................


THE WILLISTON ND CLIMATE NORMALS FOR TODAY
                         NORMAL    RECORD    YEAR
 MAXIMUM TEMPERATURE (F)   86       103      1984
 MINIMUM TEMPERATURE (F)   57        40      2004
                                             1899


SUNRISE AND SUNSET
JULY 29 2015..........SUNRISE   626 AM CDT   SUNSET   935 PM CDT
JULY 30 2015..........SUNRISE   627 AM CDT   SUNSET   934 PM CDT


-  INDICATES NEGATIVE NUMBERS.
R  INDICATES RECORD WAS SET OR TIED.
MM INDICATES DATA IS MISSING.
T  INDICATES TRACE AMOUNT.




$$
