000
CDUS43 KBIS 240741
CLIISN


CLIMATE REPORT
NATIONAL WEATHER SERVICE BISMARCK ND
241 AM CDT SUN JUL 24 2016


...................................

...THE WILLISTON ND CLIMATE SUMMARY FOR JULY 23 2016...

CLIMATE NORMAL PERIOD 1981 TO 2010
CLIMATE RECORD PERIOD 1894 TO 2016


WEATHER ITEM   OBSERVED TIME   RECORD YEAR NORMAL DEPARTURE LAST
                VALUE   (LST)  VALUE       VALUE  FROM      YEAR
                                                  NORMAL
..................................................................
TEMPERATURE (F)
 YESTERDAY
  MAXIMUM         83    359 PM 107    1980  86     -3       76
  MINIMUM         63   1159 PM  40    2004  57      6       62
  AVERAGE         73                        71      2       69

PRECIPITATION (IN)
  YESTERDAY        0.10          1.61 2010   0.06   0.04     0.00
  MONTH TO DATE    2.31                      2.04   0.27     1.00
  SINCE JUN 1      4.15                      4.56  -0.41     2.90
  SINCE JAN 1      9.22                      9.17   0.05     6.40

SNOWFALL (IN)
  YESTERDAY       MM
  SNOW DEPTH      MM

DEGREE DAYS
 HEATING
  YESTERDAY        0                         0      0        0
  MONTH TO DATE    1                        21    -20        3
  SINCE JUN 1     17                       141   -124       57
  SINCE JUL 1      1                        21    -20        3

 COOLING
  YESTERDAY        8                         7      1        4
  MONTH TO DATE  156                       126     30      187
  SINCE JUN 1    252                       194     58      290
  SINCE JAN 1    262                       207     55      291
..................................................................


WIND (MPH)
  HIGHEST WIND SPEED    30   HIGHEST WIND DIRECTION    NW (300)
  HIGHEST GUST SPEED    36   HIGHEST GUST DIRECTION    NW (310)
  AVERAGE WIND SPEED    15.1


SKY COVER
  POSSIBLE SUNSHINE  MM
  AVERAGE SKY COVER 0.1


WEATHER CONDITIONS
 THE FOLLOWING WEATHER WAS RECORDED YESTERDAY.
  THUNDERSTORM
  RAIN
  LIGHT RAIN
  FOG


RELATIVE HUMIDITY (PERCENT)
 HIGHEST    87           400 AM
 LOWEST     30          1200 PM
 AVERAGE    59

..........................................................


THE WILLISTON ND CLIMATE NORMALS FOR TODAY
                         NORMAL    RECORD    YEAR
 MAXIMUM TEMPERATURE (F)   86       107      2007
 MINIMUM TEMPERATURE (F)   57        43      1911


SUNRISE AND SUNSET
JULY 24 2016..........SUNRISE   621 AM CDT   SUNSET   941 PM CDT
JULY 25 2016..........SUNRISE   622 AM CDT   SUNSET   939 PM CDT


-  INDICATES NEGATIVE NUMBERS.
R  INDICATES RECORD WAS SET OR TIED.
MM INDICATES DATA IS MISSING.
T  INDICATES TRACE AMOUNT.




$$
