000
CDUS43 KBIS 200725
CLIISN


CLIMATE REPORT
NATIONAL WEATHER SERVICE BISMARCK ND
224 AM CDT FRI OCT 20 2017


...................................

...THE WILLISTON ND CLIMATE SUMMARY FOR OCTOBER 19 2017...

CLIMATE NORMAL PERIOD 1981 TO 2010
CLIMATE RECORD PERIOD 1894 TO 2017


WEATHER ITEM   OBSERVED TIME   RECORD YEAR NORMAL DEPARTURE LAST
                VALUE   (LST)  VALUE       VALUE  FROM      YEAR
                                                  NORMAL
..................................................................
TEMPERATURE (F)
 YESTERDAY
  MAXIMUM         79    414 PM  82    1947  55     24       44
  MINIMUM         34   1216 AM   7    1960  29      5       35
  AVERAGE         57                        42     15       40

PRECIPITATION (IN)
  YESTERDAY        0.00          0.82 1908   0.03  -0.03     0.00
  MONTH TO DATE    0.37                      0.59  -0.22     0.49
  SINCE SEP 1      2.20                      1.65   0.55     4.03
  SINCE JAN 1     11.48                     12.77  -1.29    13.78

DEGREE DAYS
 HEATING
  YESTERDAY        8                        23    -15       25
  MONTH TO DATE  350                       365    -15      362
  SINCE SEP 1    582                       640    -58      553
  SINCE JUL 1    601                       711   -110      563

 COOLING
  YESTERDAY        0                         0      0        0
  MONTH TO DATE    0                         0      0        0
  SINCE SEP 1     38                        26     12       31
  SINCE JAN 1    643                       455    188      521
..................................................................


WIND (MPH)
  HIGHEST WIND SPEED    12   HIGHEST WIND DIRECTION    SW (210)
  HIGHEST GUST SPEED    14   HIGHEST GUST DIRECTION     S (200)
  AVERAGE WIND SPEED     4.6


SKY COVER
  POSSIBLE SUNSHINE  MM
  AVERAGE SKY COVER 0.0


WEATHER CONDITIONS
 THE FOLLOWING WEATHER WAS RECORDED YESTERDAY.
  NO SIGNIFICANT WEATHER WAS OBSERVED.


RELATIVE HUMIDITY (PERCENT)
 HIGHEST    76           800 AM
 LOWEST     19           300 PM
 AVERAGE    48

..........................................................


THE WILLISTON ND CLIMATE NORMALS FOR TODAY
                         NORMAL    RECORD    YEAR
 MAXIMUM TEMPERATURE (F)   54        78      2014
                                             1901
 MINIMUM TEMPERATURE (F)   28        12      1896


SUNRISE AND SUNSET
OCTOBER 20 2017.......SUNRISE   822 AM CDT   SUNSET   656 PM CDT
OCTOBER 21 2017.......SUNRISE   823 AM CDT   SUNSET   654 PM CDT


-  INDICATES NEGATIVE NUMBERS.
R  INDICATES RECORD WAS SET OR TIED.
MM INDICATES DATA IS MISSING.
T  INDICATES TRACE AMOUNT.




$$
