000
CDUS43 KBIS 250025
CLIISN


CLIMATE REPORT
NATIONAL WEATHER SERVICE BISMARCK ND
725 PM CDT THU APR 24 2014


...................................

...THE WILLISTON ND CLIMATE SUMMARY FOR APRIL 24 2014...
VALID TODAY AS OF 0700 PM LOCAL TIME.

CLIMATE NORMAL PERIOD 1981 TO 2010
CLIMATE RECORD PERIOD 1894 TO 2014


WEATHER ITEM   OBSERVED TIME   RECORD YEAR NORMAL DEPARTURE LAST
                VALUE   (LST)  VALUE       VALUE  FROM      YEAR
                                                  NORMAL
..................................................................
TEMPERATURE (F)
 TODAY
  MAXIMUM         61    526 PM  90    2012  61      0       40
                                      1962
  MINIMUM         34    358 AM  17    1907  33      1       26
  AVERAGE         48                        47      1       33

PRECIPITATION (IN)
  TODAY            T             0.82 1950   0.04  -0.04     0.02
  MONTH TO DATE    0.37                      0.74  -0.37     0.83
  SINCE MAR 1      0.69                      1.45  -0.76     2.25
  SINCE JAN 1      1.13                      2.43  -1.30     2.82

SNOWFALL (IN)
  TODAY           MM

DEGREE DAYS
 HEATING
  TODAY           17                        18     -1       32
  MONTH TO DATE  600                       549     51      816
  SINCE MAR 1   1803                      1656    147     2266
  SINCE JUL 1   8752                      8424    328     8854

 COOLING
  TODAY            0                         0      0        0
  MONTH TO DATE    0                         0      0        0
  SINCE MAR 1      0                         0      0        0
  SINCE JAN 1      0                         0      0        0
..................................................................


WIND (MPH)
  HIGHEST WIND SPEED    30   HIGHEST WIND DIRECTION     W (250)
  HIGHEST GUST SPEED    40   HIGHEST GUST DIRECTION     W (250)
  AVERAGE WIND SPEED    11.9


SKY COVER
  POSSIBLE SUNSHINE  MM
  AVERAGE SKY COVER 0.3


WEATHER CONDITIONS
 THE FOLLOWING WEATHER WAS RECORDED TODAY.
  NO SIGNIFICANT WEATHER WAS OBSERVED.


RELATIVE HUMIDITY (PERCENT)
 HIGHEST    70          1200 AM
 LOWEST     27           400 PM
 AVERAGE    49

..........................................................


THE WILLISTON ND CLIMATE NORMALS FOR TOMORROW
                         NORMAL    RECORD    YEAR
 MAXIMUM TEMPERATURE (F)   61        84      1977
 MINIMUM TEMPERATURE (F)   33        15      1907


SUNRISE AND SUNSET
APRIL 24 2014.........SUNRISE   648 AM CDT   SUNSET   858 PM CDT
APRIL 25 2014.........SUNRISE   646 AM CDT   SUNSET   900 PM CDT


-  INDICATES NEGATIVE NUMBERS.
R  INDICATES RECORD WAS SET OR TIED.
MM INDICATES DATA IS MISSING.
T  INDICATES TRACE AMOUNT.




$$
