000
CDUS43 KBIS 190728
CLIISN


CLIMATE REPORT
NATIONAL WEATHER SERVICE BISMARCK ND
226 AM CDT SAT AUG 19 2017


...................................

...THE WILLISTON ND CLIMATE SUMMARY FOR AUGUST 18 2017...

CLIMATE NORMAL PERIOD 1981 TO 2010
CLIMATE RECORD PERIOD 1894 TO 2017


WEATHER ITEM   OBSERVED TIME   RECORD YEAR NORMAL DEPARTURE LAST
                VALUE   (LST)  VALUE       VALUE  FROM      YEAR
                                                  NORMAL
..................................................................
TEMPERATURE (F)
 YESTERDAY
  MAXIMUM         84    540 PM 100    1981  84      0       79
  MINIMUM         55    144 AM  38    2002  54      1       59
                                      1969
  AVERAGE         70                        69      1       69

PRECIPITATION (IN)
  YESTERDAY        0.00          0.80 1913   0.04  -0.04     0.00
  MONTH TO DATE    2.18                      0.86   1.32     0.27
  SINCE JUN 1      4.26                      5.92  -1.66     4.50
  SINCE JAN 1      7.73                     10.53  -2.80     9.57

DEGREE DAYS
 HEATING
  YESTERDAY        0                         1     -1        0
  MONTH TO DATE    8                        18    -10        0
  SINCE JUN 1     39                       162   -123       17
  SINCE JUL 1      8                        42    -34        1

 COOLING
  YESTERDAY        5                         5      0        4
  MONTH TO DATE   40                       116    -76      124
  SINCE JUN 1    506                       366    140      429
  SINCE JAN 1    529                       379    150      439
..................................................................


WIND (MPH)
  HIGHEST WIND SPEED    12   HIGHEST WIND DIRECTION     S (200)
  HIGHEST GUST SPEED    15   HIGHEST GUST DIRECTION    SW (210)
  AVERAGE WIND SPEED     2.8


SKY COVER
  POSSIBLE SUNSHINE  MM
  AVERAGE SKY COVER 0.1


WEATHER CONDITIONS
 THE FOLLOWING WEATHER WAS RECORDED YESTERDAY.
  NO SIGNIFICANT WEATHER WAS OBSERVED.


RELATIVE HUMIDITY (PERCENT)
 HIGHEST    93           200 AM
 LOWEST     29           500 PM
 AVERAGE    61

..........................................................


THE WILLISTON ND CLIMATE NORMALS FOR TODAY
                         NORMAL    RECORD    YEAR
 MAXIMUM TEMPERATURE (F)   84        98      2008
                                             1992
                                             1948
 MINIMUM TEMPERATURE (F)   54        38      1978
                                             1908


SUNRISE AND SUNSET
AUGUST 19 2017........SUNRISE   655 AM CDT   SUNSET   900 PM CDT
AUGUST 20 2017........SUNRISE   656 AM CDT   SUNSET   858 PM CDT


-  INDICATES NEGATIVE NUMBERS.
R  INDICATES RECORD WAS SET OR TIED.
MM INDICATES DATA IS MISSING.
T  INDICATES TRACE AMOUNT.




$$
