000
CDUS41 KOKX 290616
CLIISP


CLIMATE REPORT
NATIONAL WEATHER SERVICE NEW YORK NY
216 AM EDT TUE JUL 29 2014


...................................

...THE ISLIP NY CLIMATE SUMMARY FOR JULY 28 2014...

CLIMATE NORMAL PERIOD 1981 TO 2010
CLIMATE RECORD PERIOD 1986 TO 2014


WEATHER ITEM   OBSERVED TIME   RECORD YEAR NORMAL DEPARTURE LAST
                VALUE   (LST)  VALUE       VALUE  FROM      YEAR
                                                  NORMAL
..................................................................
TEMPERATURE (F)
 YESTERDAY
  MAXIMUM         84    524 PM  96    1999  82      2       78
  MINIMUM         69   1159 PM  56    2001  67      2       66
  AVERAGE         77                        74      3       72

PRECIPITATION (IN)
  YESTERDAY        0.34          2.98 2012   0.12   0.22      T
  MONTH TO DATE    2.96                      3.06  -0.10     2.33
  SINCE JUN 1      4.75                      7.33  -2.58    10.48
  SINCE JAN 1     26.49                     26.79  -0.30    25.83

SNOWFALL (IN)
  YESTERDAY        0.0          MM      MM   0.0    0.0      0.0
  MONTH TO DATE    0.0                       0.0    0.0      0.0
  SINCE OCT 1     63.7                      24.8   38.9     46.9
  SINCE JUL 1      0.0                       0.0    0.0      0.0
  SNOW DEPTH       0

DEGREE DAYS
 HEATING
  YESTERDAY        0                         0      0        0
  MONTH TO DATE    0                         0      0        0
  SINCE JUN 1      2                        38    -36       12
  SINCE JUL 1      0                         0      0        0

 COOLING
  YESTERDAY       12                         9      3        7
  MONTH TO DATE  303                       245     58      383
  SINCE JUN 1    474                       385     89      552
  SINCE JAN 1    503                       409     94      584
..................................................................


WIND (MPH)
  HIGHEST WIND SPEED    25   HIGHEST WIND DIRECTION    SW (220)
  HIGHEST GUST SPEED    32   HIGHEST GUST DIRECTION    SW (220)
  AVERAGE WIND SPEED    11.7


SKY COVER
  AVERAGE SKY COVER 0.6


WEATHER CONDITIONS
 THE FOLLOWING WEATHER WAS RECORDED YESTERDAY.
  THUNDERSTORM
  HEAVY RAIN
  RAIN
  LIGHT RAIN
  FOG


RELATIVE HUMIDITY (PERCENT)
 HIGHEST    87          1200 AM
 LOWEST     43           500 PM
 AVERAGE    65

..........................................................


THE ISLIP NY CLIMATE NORMALS FOR TODAY
                         NORMAL    RECORD    YEAR
 MAXIMUM TEMPERATURE (F)   82        96      2002
 MINIMUM TEMPERATURE (F)   67        58      1984


SUNRISE AND SUNSET
JULY 29 2014..........SUNRISE   546 AM EDT   SUNSET   811 PM EDT
JULY 30 2014..........SUNRISE   547 AM EDT   SUNSET   810 PM EDT


-  INDICATES NEGATIVE NUMBERS.
R  INDICATES RECORD WAS SET OR TIED.
MM INDICATES DATA IS MISSING.
T  INDICATES TRACE AMOUNT.




$$
