000
CDCA42 TJSJ 210445
CLIIST


CLIMATE REPORT
NATIONAL WEATHER SERVICE SAN JUAN, PR
1245 AM AST TUE NOV 21 2017


...................................

...THE CYRIL E. KING AP/ST THOMAS  CLIMATE SUMMARY FOR NOVEMBER 20 2017...

CLIMATE NORMAL PERIOD 1981 TO 2010
CLIMATE RECORD PERIOD 1953 TO 2017


WEATHER ITEM   OBSERVED TIME   RECORD YEAR NORMAL DEPARTURE LAST
                VALUE   (LST)  VALUE       VALUE  FROM      YEAR
                                                  NORMAL
..................................................................
TEMPERATURE (F)
 YESTERDAY
  MAXIMUM         MM        MM  94    1995  87     MM       86
  MINIMUM         MM        MM  69    1982  75     MM       77
  AVERAGE         MM                        81     MM       82

PRECIPITATION (IN)
  YESTERDAY       MM             2.35 2012   0.16  MM        0.01
  MONTH TO DATE   MM                         3.84  MM        6.21
  SINCE SEP 1     17.27                     14.84   2.43    17.15
  SINCE JAN 1     39.43                     34.99   4.44    37.99

SNOWFALL (IN)
  YESTERDAY       MM                         0.0   MM        0.0
  MONTH TO DATE    0.0                       0.0    0.0      0.0
  SINCE SEP 1      0.0                       0.0    0.0      0.0
  SINCE JUL 1      0.0                       0.0    0.0      0.0

DEGREE DAYS
 HEATING
  YESTERDAY       MM                         0     MM        0
  MONTH TO DATE   MM                         0     MM        0
  SINCE SEP 1      0                         0      0        0
  SINCE JUL 1      0                         0      0        0

 COOLING
  YESTERDAY       MM                        16     MM       17
  MONTH TO DATE   MM                       328     MM      349
  SINCE SEP 1    728                      1448   -720     1557
  SINCE JAN 1   4499                      5439   -940     5785
..................................................................


WIND (MPH)
  HIGHEST WIND SPEED    MM   HIGHEST WIND DIRECTION    MM
  HIGHEST GUST SPEED    MM   HIGHEST GUST DIRECTION    MM
  AVERAGE WIND SPEED    MM


SKY COVER
  AVERAGE SKY COVER 0.0


WEATHER CONDITIONS
 THE FOLLOWING WEATHER WAS RECORDED YESTERDAY.
  NO SIGNIFICANT WEATHER WAS OBSERVED.


RELATIVE HUMIDITY (PERCENT)
 HIGHEST    MM
 LOWEST     MM
 AVERAGE    MM

..........................................................


THE CYRIL E. KING AP/ST THOMAS  CLIMATE NORMALS FOR TODAY
                         NORMAL    RECORD    YEAR
 MAXIMUM TEMPERATURE (F)   87        94      1994
 MINIMUM TEMPERATURE (F)   75        68      1954


SUNRISE AND SUNSET
NOVEMBER 21 2017......SUNRISE   630 AM AST   SUNSET   542 PM AST
NOVEMBER 22 2017......SUNRISE   630 AM AST   SUNSET   542 PM AST


-  INDICATES NEGATIVE NUMBERS.
R  INDICATES RECORD WAS SET OR TIED.
MM INDICATES DATA IS MISSING.
T  INDICATES TRACE AMOUNT.




$$
