000
CDCA42 TJSJ 191044
CLIIST


CLIMATE REPORT
NATIONAL WEATHER SERVICE SAN JUAN, PR
643 AM AST THU JAN 19 2017


...................................

...THE CYRIL E. KING AP/ST THOMAS  CLIMATE SUMMARY FOR JANUARY 18 2017...

CLIMATE NORMAL PERIOD 1981 TO 2010
CLIMATE RECORD PERIOD 1953 TO 2017


WEATHER ITEM   OBSERVED TIME   RECORD YEAR NORMAL DEPARTURE LAST
                VALUE   (LST)  VALUE       VALUE  FROM      YEAR
                                                  NORMAL
..................................................................
TEMPERATURE (F)
 YESTERDAY
  MAXIMUM         82    135 PM  89    1991  85     -3       86
  MINIMUM         69   1159 PM  66    1955  72     -3       73
  AVERAGE         76                        79     -3       80

PRECIPITATION (IN)
  YESTERDAY        0.12          0.93 1960   0.08   0.04     0.00
  MONTH TO DATE    0.68                      1.50  -0.82     0.86
  SINCE DEC 1      3.24                      4.46  -1.22     4.70
  SINCE JAN 1      0.68                      1.50  -0.82     0.86

SNOWFALL (IN)
  YESTERDAY        0.0                       0.0    0.0      0.0
  MONTH TO DATE    0.0                       0.0    0.0      0.0
  SINCE DEC 1      0.0                       0.0    0.0      0.0
  SINCE JUL 1      0.0                       0.0    0.0      0.0

DEGREE DAYS
 HEATING
  YESTERDAY        0                         0      0        0
  MONTH TO DATE    0                         0      0        0
  SINCE DEC 1      0                         0      0        0
  SINCE JUL 1      0                         0      0        0

 COOLING
  YESTERDAY       11                        14     -3       15
  MONTH TO DATE  249                       252     -3      248
  SINCE DEC 1    712                       703      9      723
  SINCE JAN 1    249                       252     -3      248
..................................................................


WIND (MPH)
  HIGHEST WIND SPEED    20   HIGHEST WIND DIRECTION    NE (30)
  HIGHEST GUST SPEED    27   HIGHEST GUST DIRECTION    NE (30)
  AVERAGE WIND SPEED    10.4


SKY COVER
  AVERAGE SKY COVER 0.1


WEATHER CONDITIONS
 THE FOLLOWING WEATHER WAS RECORDED YESTERDAY.
  HEAVY RAIN
  RAIN
  LIGHT RAIN
  FOG


RELATIVE HUMIDITY (PERCENT)
 HIGHEST    84
 LOWEST     54
 AVERAGE    69

..........................................................


THE CYRIL E. KING AP/ST THOMAS  CLIMATE NORMALS FOR TODAY
                         NORMAL    RECORD    YEAR
 MAXIMUM TEMPERATURE (F)   85        89      1995
 MINIMUM TEMPERATURE (F)   72        64      2000


SUNRISE AND SUNSET
JANUARY 19 2017.......SUNRISE   655 AM AST   SUNSET   607 PM AST
JANUARY 20 2017.......SUNRISE   655 AM AST   SUNSET   607 PM AST


-  INDICATES NEGATIVE NUMBERS.
R  INDICATES RECORD WAS SET OR TIED.
MM INDICATES DATA IS MISSING.
T  INDICATES TRACE AMOUNT.




$$
