000
CDCA42 TJSJ 282134
CLIISX


CLIMATE REPORT
NATIONAL WEATHER SERVICE SAN JUAN, PR
534 PM AST FRI NOV 28 2014


...................................

...THE HENRY E. ROHLSEN AIRPORT/USVI CLIMATE SUMMARY FOR NOVEMBER 28 2014...
VALID TODAY AS OF 0500 PM LOCAL TIME.

CLIMATE NORMAL PERIOD 1981 TO 2010
CLIMATE RECORD PERIOD 1951 TO 2014


WEATHER ITEM   OBSERVED TIME   RECORD YEAR NORMAL DEPARTURE LAST
                VALUE   (LST)  VALUE       VALUE  FROM      YEAR
                                                  NORMAL
..................................................................
TEMPERATURE (F)
 TODAY
  MAXIMUM         86    246 PM  90    1998  86      0       86
  MINIMUM         69    611 AM  64    1952  74     -5       74
  AVERAGE         78                        80     -2       80

PRECIPITATION (IN)
  TODAY            0.00          1.95 1987   0.13  -0.13     0.09
  MONTH TO DATE    8.23                      5.22   3.01     5.34
  SINCE SEP 1     13.24                     15.33  -2.09    15.49
  SINCE JAN 1     33.85                     35.46  -1.61    37.21

SNOWFALL (IN)
  TODAY            0.0
  MONTH TO DATE    0.0
  SINCE SEP 1      0.0
  SINCE JUL 1      0.0

DEGREE DAYS
 HEATING
  TODAY            0                         0      0        0
  MONTH TO DATE    0                         0      0        0
  SINCE SEP 1      0                         0      0        0
  SINCE JUL 1      0                         0      0        0

 COOLING
  TODAY           13                        15     -2       15
  MONTH TO DATE  360                       437    -77      453
  SINCE SEP 1   1455                      1511    -56     1545
  SINCE JAN 1   5465                      5364    101     5209
..................................................................


WIND (MPH)
  RESULTANT WIND SPEED   6   RESULTANT WIND DIRECTION   E (80)
  HIGHEST WIND SPEED    12   HIGHEST WIND DIRECTION     E (110)
  AVERAGE WIND SPEED     7.7


SKY COVER
  AVERAGE SKY COVER 0.3


WEATHER CONDITIONS
 THE FOLLOWING WEATHER WAS RECORDED TODAY.
  NO SIGNIFICANT WEATHER WAS OBSERVED.


RELATIVE HUMIDITY (PERCENT)
 HIGHEST    90
 LOWEST     61
 AVERAGE    76

..........................................................


THE HENRY E. ROHLSEN AIRPORT/USVI CLIMATE NORMALS FOR TOMORROW
                         NORMAL    RECORD    YEAR
 MAXIMUM TEMPERATURE (F)   86        90      1980
 MINIMUM TEMPERATURE (F)   74        67      2004


SUNRISE AND SUNSET
NOVEMBER 28 2014......SUNRISE   632 AM AST   SUNSET   542 PM AST
NOVEMBER 29 2014......SUNRISE   633 AM AST   SUNSET   542 PM AST


-  INDICATES NEGATIVE NUMBERS.
R  INDICATES RECORD WAS SET OR TIED.
MM INDICATES DATA IS MISSING.
T  INDICATES TRACE AMOUNT.




$$
