064
CDHW43 PHFO 200237
CLIITO


CLIMATE REPORT
NATIONAL WEATHER SERVICE HONOLULU HI
436 PM HST SAT AUG 19 2017


...................................

...THE HILO HI CLIMATE SUMMARY FOR AUGUST 19 2017...
VALID TODAY AS OF 0400 PM LOCAL TIME.

CLIMATE NORMAL PERIOD 1981 TO 2010
CLIMATE RECORD PERIOD 1946 TO 2017


WEATHER ITEM   OBSERVED TIME   RECORD YEAR NORMAL DEPARTURE LAST
                VALUE   (LST)  VALUE       VALUE  FROM      YEAR
                                                  NORMAL
..................................................................
TEMPERATURE (F)
 TODAY
  MAXIMUM         84    336 PM  88    2015  83      1       84
                                      1997
                                      1986
  MINIMUM         71    522 AM  66    1983  70      1       70
                                      1963
  AVERAGE         78                        77      1       77

PRECIPITATION (IN)
  TODAY            0.94          1.72 2005   0.31   0.63     0.61
  MONTH TO DATE    3.60                      6.29  -2.69     4.98
  SINCE JUN 1     13.70                     24.47 -10.77    23.53
  SINCE JAN 1     48.34                     76.38 -28.04    48.39

SNOWFALL (IN)
  TODAY            0.0
  MONTH TO DATE    0.0
  SINCE JUN 1      0.0
  SINCE JUL 1      0.0
  SNOW DEPTH      MM

DEGREE DAYS
 HEATING
  TODAY            0                         0      0        0
  MONTH TO DATE    0                         0      0        0
  SINCE JUN 1      0                         0      0        0
  SINCE JUL 1      0                         0      0        0

 COOLING
  TODAY           13                        11      2       12
  MONTH TO DATE  236                       209     27      263
  SINCE JUN 1    965                       858    107     1058
  SINCE JAN 1   2269                      1926    343     2604
..................................................................


WIND (MPH)
  HIGHEST WIND SPEED    12   HIGHEST WIND DIRECTION    NE (50)
  HIGHEST GUST SPEED    15   HIGHEST GUST DIRECTION    NE (60)
  AVERAGE WIND SPEED    MM


SKY COVER
  POSSIBLE SUNSHINE  MM
  AVERAGE SKY COVER  MM


WEATHER CONDITIONS
 THE FOLLOWING WEATHER WAS RECORDED TODAY.
  FOG


RELATIVE HUMIDITY (PERCENT)
 HIGHEST    MM
 LOWEST     MM
 AVERAGE    MM

..........................................................


THE HILO HI CLIMATE NORMALS FOR TOMORROW
                         NORMAL    RECORD    YEAR
 MAXIMUM TEMPERATURE (F)   83        89      1963
 MINIMUM TEMPERATURE (F)   70        64      1983


SUNRISE AND SUNSET
AUGUST 19 2017........SUNRISE   602 AM HST   SUNSET   645 PM HST
AUGUST 20 2017........SUNRISE   602 AM HST   SUNSET   645 PM HST


-  INDICATES NEGATIVE NUMBERS.
R  INDICATES RECORD WAS SET OR TIED.
MM INDICATES DATA IS MISSING.
T  INDICATES TRACE AMOUNT.




$$
