000
CDHW43 PHFO 291245
CLIITO


CLIMATE REPORT
NATIONAL WEATHER SERVICE HONOLULU HI
245 AM HST SAT AUG 29 2015


...................................

...THE HILO HI CLIMATE SUMMARY FOR AUGUST 28 2015...

CLIMATE NORMAL PERIOD 1981 TO 2010
CLIMATE RECORD PERIOD 1946 TO 2015


WEATHER ITEM   OBSERVED TIME   RECORD YEAR NORMAL DEPARTURE LAST
                VALUE   (LST)  VALUE       VALUE  FROM      YEAR
                                                  NORMAL
..................................................................
TEMPERATURE (F)
 YESTERDAY
  MAXIMUM         90R  1225 PM  89    1971  83      7       85
  MINIMUM         72    556 AM  65    1979  70      2       67
                                      1955
  AVERAGE         81                        76      5       76

PRECIPITATION (IN)
  YESTERDAY        0.00          2.74 1958   0.29  -0.29     0.02
  MONTH TO DATE   16.88                      8.99   7.89    10.69
  SINCE JUN 1     30.17                     27.17   3.00    33.25
  SINCE JAN 1     69.24                     79.08  -9.84    80.99

SNOWFALL (IN)
  YESTERDAY        0.0
  MONTH TO DATE    0.0
  SINCE JUN 1      0.0
  SINCE JUL 1      0.0
  SNOW DEPTH       0

DEGREE DAYS
 HEATING
  YESTERDAY        0                         0      0        0
  MONTH TO DATE    0                         0      0        0
  SINCE JUN 1      0                         0      0        0
  SINCE JUL 1      0                         0      0        0

 COOLING
  YESTERDAY       16                        11      5       11
  MONTH TO DATE  414                       308    106      371
  SINCE JUN 1   1230                       957    273      983
  SINCE JAN 1   2557                      2025    532     2239
..................................................................


WIND (MPH)
  HIGHEST WIND SPEED    14   HIGHEST WIND DIRECTION     E (80)
  HIGHEST GUST SPEED    20   HIGHEST GUST DIRECTION     E (100)
  AVERAGE WIND SPEED     5.5


SKY COVER
  POSSIBLE SUNSHINE  MM
  AVERAGE SKY COVER 0.2


WEATHER CONDITIONS
 THE FOLLOWING WEATHER WAS RECORDED YESTERDAY.
  NO SIGNIFICANT WEATHER WAS OBSERVED.


RELATIVE HUMIDITY (PERCENT)
 HIGHEST    87          1200 AM
 LOWEST     52          1200 PM
 AVERAGE    70

..........................................................


THE HILO HI CLIMATE NORMALS FOR TODAY
                         NORMAL    RECORD    YEAR
 MAXIMUM TEMPERATURE (F)   83        88      2007
                                             1964
 MINIMUM TEMPERATURE (F)   70        64      1974
                                             1971


SUNRISE AND SUNSET
AUGUST 29 2015........SUNRISE   604 AM HST   SUNSET   638 PM HST
AUGUST 30 2015........SUNRISE   604 AM HST   SUNSET   637 PM HST


-  INDICATES NEGATIVE NUMBERS.
R  INDICATES RECORD WAS SET OR TIED.
MM INDICATES DATA IS MISSING.
T  INDICATES TRACE AMOUNT.




$$
