000
CDHW43 PHFO 241245
CLIITO


CLIMATE REPORT
NATIONAL WEATHER SERVICE HONOLULU HI
245 AM HST MON APR 24 2017


...................................

...THE HILO HI CLIMATE SUMMARY FOR APRIL 23 2017...

CLIMATE NORMAL PERIOD 1981 TO 2010
CLIMATE RECORD PERIOD 1946 TO 2017


WEATHER ITEM   OBSERVED TIME   RECORD YEAR NORMAL DEPARTURE LAST
                VALUE   (LST)  VALUE       VALUE  FROM      YEAR
                                                  NORMAL
..................................................................
TEMPERATURE (F)
 YESTERDAY
  MAXIMUM         83    206 PM  86    1997  79      4       80
  MINIMUM         67    624 AM  61    1991  66      1       69
  AVERAGE         75                        72      3       75

PRECIPITATION (IN)
  YESTERDAY        0.00          9.66 1971   0.36  -0.36     0.69
  MONTH TO DATE    4.15                      9.21  -5.06     7.95
  SINCE MAR 1      7.55                     22.64 -15.09    12.84
  SINCE JAN 1     26.04                     41.46 -15.42    17.41

SNOWFALL (IN)
  YESTERDAY        0.0
  MONTH TO DATE    0.0
  SINCE MAR 1      0.0
  SINCE JUL 1      0.0
  SNOW DEPTH      MM

DEGREE DAYS
 HEATING
  YESTERDAY        0                         0      0        0
  MONTH TO DATE    0                         0      0        0
  SINCE MAR 1      0                         0      0        0
  SINCE JUL 1      0                         0      0        0

 COOLING
  YESTERDAY       10                         7      3       10
  MONTH TO DATE  214                       161     53      239
  SINCE MAR 1    516                       372    144      548
  SINCE JAN 1    925                       742    183     1112
..................................................................


WIND (MPH)
  HIGHEST WIND SPEED    20   HIGHEST WIND DIRECTION     E (110)
  HIGHEST GUST SPEED    23   HIGHEST GUST DIRECTION     E (100)
  AVERAGE WIND SPEED     7.1


SKY COVER
  POSSIBLE SUNSHINE  MM
  AVERAGE SKY COVER  MM


WEATHER CONDITIONS
 THE FOLLOWING WEATHER WAS RECORDED YESTERDAY.
  NO SIGNIFICANT WEATHER WAS OBSERVED.


RELATIVE HUMIDITY (PERCENT)
 HIGHEST    MM
 LOWEST     MM
 AVERAGE    MM

..........................................................


THE HILO HI CLIMATE NORMALS FOR TODAY
                         NORMAL    RECORD    YEAR
 MAXIMUM TEMPERATURE (F)   79        85      1980
                                             1965
 MINIMUM TEMPERATURE (F)   66        63      2010
                                             2002
                                             1979


SUNRISE AND SUNSET
APRIL 24 2017.........SUNRISE   556 AM HST   SUNSET   641 PM HST
APRIL 25 2017.........SUNRISE   555 AM HST   SUNSET   642 PM HST


-  INDICATES NEGATIVE NUMBERS.
R  INDICATES RECORD WAS SET OR TIED.
MM INDICATES DATA IS MISSING.
T  INDICATES TRACE AMOUNT.




$$
