000
CDHW43 PHFO 241245
CLIITO


CLIMATE REPORT
NATIONAL WEATHER SERVICE HONOLULU HI
245 AM HST FRI MAR 24 2017


...................................

...THE HILO HI CLIMATE SUMMARY FOR MARCH 23 2017...

CLIMATE NORMAL PERIOD 1981 TO 2010
CLIMATE RECORD PERIOD 1946 TO 2017


WEATHER ITEM   OBSERVED TIME   RECORD YEAR NORMAL DEPARTURE LAST
                VALUE   (LST)  VALUE       VALUE  FROM      YEAR
                                                  NORMAL
..................................................................
TEMPERATURE (F)
 YESTERDAY
  MAXIMUM         83    222 PM  93    1972  79      4       84
  MINIMUM         70    613 AM  59    1956  65      5       68
  AVERAGE         77                        72      5       76

PRECIPITATION (IN)
  YESTERDAY        0.51          7.53 1982   0.45   0.06     0.02
  MONTH TO DATE    1.33                      9.87  -8.54     4.57
  SINCE MAR 1      1.33                      9.87  -8.54     4.57
  SINCE JAN 1     19.82                     28.69  -8.87     9.14

SNOWFALL (IN)
  YESTERDAY        0.0
  MONTH TO DATE    0.0
  SINCE MAR 1      0.0
  SINCE JUL 1      0.0
  SNOW DEPTH       0

DEGREE DAYS
 HEATING
  YESTERDAY        0                         0      0        0
  MONTH TO DATE    0                         0      0        0
  SINCE MAR 1      0                         0      0        0
  SINCE JUL 1      0                         0      0        0

 COOLING
  YESTERDAY       12                         7      5       11
  MONTH TO DATE  228                       158     70      221
  SINCE MAR 1    228                       158     70      221
  SINCE JAN 1    637                       528    109      785
..................................................................


WIND (MPH)
  HIGHEST WIND SPEED    16   HIGHEST WIND DIRECTION     E (100)
  HIGHEST GUST SPEED    24   HIGHEST GUST DIRECTION     E (110)
  AVERAGE WIND SPEED     6.6


SKY COVER
  POSSIBLE SUNSHINE  MM
  AVERAGE SKY COVER 0.7


WEATHER CONDITIONS
 THE FOLLOWING WEATHER WAS RECORDED YESTERDAY.
  HEAVY RAIN
  RAIN
  LIGHT RAIN
  FOG
  HAZE


RELATIVE HUMIDITY (PERCENT)
 HIGHEST    93           800 PM
 LOWEST     63           100 PM
 AVERAGE    78

..........................................................


THE HILO HI CLIMATE NORMALS FOR TODAY
                         NORMAL    RECORD    YEAR
 MAXIMUM TEMPERATURE (F)   79        87      1972
 MINIMUM TEMPERATURE (F)   65        58      1965


SUNRISE AND SUNSET
MARCH 24 2017.........SUNRISE   620 AM HST   SUNSET   632 PM HST
MARCH 25 2017.........SUNRISE   620 AM HST   SUNSET   633 PM HST


-  INDICATES NEGATIVE NUMBERS.
R  INDICATES RECORD WAS SET OR TIED.
MM INDICATES DATA IS MISSING.
T  INDICATES TRACE AMOUNT.




$$
