000
CDHW43 PHFO 031247
CLIITO


CLIMATE REPORT
NATIONAL WEATHER SERVICE
1245 PM UTC MON AUG 3 2015


...................................

...THE HILO HI CLIMATE SUMMARY FOR AUGUST 2 2015...

CLIMATE NORMAL PERIOD 1981 TO 2010
CLIMATE RECORD PERIOD 1946 TO 2015


WEATHER ITEM   OBSERVED TIME   RECORD YEAR NORMAL DEPARTURE LAST
                VALUE   (LST)  VALUE       VALUE  FROM      YEAR
                                                  NORMAL
..................................................................
TEMPERATURE (F)
 YESTERDAY
  MAXIMUM         78    106 PM  90    1988  83     -5       85
  MINIMUM         73   1036 PM  64    1979  70      3       73
  AVERAGE         76                        76      0       79

PRECIPITATION (IN)
  YESTERDAY        2.73R         1.78 2007   0.37   2.36     0.19
  MONTH TO DATE    3.02                      0.74   2.28     2.32
  SINCE JUN 1     10.89                     18.92  -8.03    24.88
  SINCE JAN 1     47.91                     70.83 -22.92    72.62

SNOWFALL (IN)
  YESTERDAY        0.0
  MONTH TO DATE    0.0
  SINCE JUN 1      0.0
  SINCE JUL 1      0.0
  SNOW DEPTH      MM

DEGREE DAYS
 HEATING
  YESTERDAY        0                         0      0        0
  MONTH TO DATE    0                         0      0        0
  SINCE JUN 1      0                         0      0        0
  SINCE JUL 1      0                         0      0        0

 COOLING
  YESTERDAY       11                        11      0       14
  MONTH TO DATE   21                        22     -1       24
  SINCE JUN 1    354                       671   -317      636
  SINCE JAN 1   1529                      1739   -210     1892
..................................................................


WIND (MPH)
  HIGHEST WIND SPEED    14   HIGHEST WIND DIRECTION     N (340)
  HIGHEST GUST SPEED    16   HIGHEST GUST DIRECTION    NW (330)
  AVERAGE WIND SPEED     6.5


SKY COVER
  POSSIBLE SUNSHINE  MM
  AVERAGE SKY COVER  MM


WEATHER CONDITIONS
 THE FOLLOWING WEATHER WAS RECORDED YESTERDAY.
  FOG


RELATIVE HUMIDITY (PERCENT)
 HIGHEST    MM
 LOWEST     MM
 AVERAGE    MM

..........................................................


THE HILO HI CLIMATE NORMALS FOR TODAY
                         NORMAL    RECORD    YEAR
 MAXIMUM TEMPERATURE (F)   83        87      1986
 MINIMUM TEMPERATURE (F)   70        66      1985
                                             1970


SUNRISE AND SUNSET
AUGUST  3 2015........SUNRISE   557 AM HST   SUNSET   656 PM HST
AUGUST  4 2015........SUNRISE   557 AM HST   SUNSET   655 PM HST


-  INDICATES NEGATIVE NUMBERS.
R  INDICATES RECORD WAS SET OR TIED.
MM INDICATES DATA IS MISSING.
T  INDICATES TRACE AMOUNT.




$$
