000
CDHW43 PHFO 111245
CLIITO


CLIMATE REPORT
NATIONAL WEATHER SERVICE HONOLULU HI
245 AM HST THU FEB 11 2016


...................................

...THE HILO HI CLIMATE SUMMARY FOR FEBRUARY 10 2016...

CLIMATE NORMAL PERIOD 1981 TO 2010
CLIMATE RECORD PERIOD 1946 TO 2016


WEATHER ITEM   OBSERVED TIME   RECORD YEAR NORMAL DEPARTURE LAST
                VALUE   (LST)  VALUE       VALUE  FROM      YEAR
                                                  NORMAL
..................................................................
TEMPERATURE (F)
 YESTERDAY
  MAXIMUM         83    209 PM  85    2014  79      4       84
                                      2011
  MINIMUM         62    708 AM  57    1953  63     -1       65
  AVERAGE         73                        71      2       75

PRECIPITATION (IN)
  YESTERDAY        0.00          1.59 1974   0.33  -0.33      T
  MONTH TO DATE    1.05                      3.33  -2.28      T
  SINCE DEC 1     16.44                     24.16  -7.72     8.90
  SINCE JAN 1      2.34                     12.59 -10.25     2.80

SNOWFALL (IN)
  YESTERDAY        0.0
  MONTH TO DATE    0.0
  SINCE DEC 1      0.0
  SINCE JUL 1      0.0
  SNOW DEPTH       0

DEGREE DAYS
 HEATING
  YESTERDAY        0                         0      0        0
  MONTH TO DATE    0                         0      0        0
  SINCE DEC 1      0                         0      0        0
  SINCE JUL 1      0                         0      0        0

 COOLING
  YESTERDAY        8                         6      2       10
  MONTH TO DATE   87                        60     27       95
  SINCE DEC 1    680                       483    197      594
  SINCE JAN 1    374                       258    116      353
..................................................................


WIND (MPH)
  HIGHEST WIND SPEED    13   HIGHEST WIND DIRECTION    NE (60)
  HIGHEST GUST SPEED    16   HIGHEST GUST DIRECTION     N (10)
  AVERAGE WIND SPEED     6.9


SKY COVER
  POSSIBLE SUNSHINE  MM
  AVERAGE SKY COVER 0.3


WEATHER CONDITIONS
 THE FOLLOWING WEATHER WAS RECORDED YESTERDAY.
  HAZE


RELATIVE HUMIDITY (PERCENT)
 HIGHEST    87          1200 AM
 LOWEST     46           900 AM
 AVERAGE    67

..........................................................


THE HILO HI CLIMATE NORMALS FOR TODAY
                         NORMAL    RECORD    YEAR
 MAXIMUM TEMPERATURE (F)   79        88      1981
 MINIMUM TEMPERATURE (F)   63        57      1990


SUNRISE AND SUNSET
FEBRUARY 11 2016......SUNRISE   651 AM HST   SUNSET   618 PM HST
FEBRUARY 12 2016......SUNRISE   651 AM HST   SUNSET   618 PM HST


-  INDICATES NEGATIVE NUMBERS.
R  INDICATES RECORD WAS SET OR TIED.
MM INDICATES DATA IS MISSING.
T  INDICATES TRACE AMOUNT.




$$
