000
CDHW43 PHFO 271245
CLIITO


CLIMATE REPORT
NATIONAL WEATHER SERVICE HONOLULU HI
245 AM HST THU NOV 27 2014


...................................

...THE HILO HI CLIMATE SUMMARY FOR NOVEMBER 26 2014...

CLIMATE NORMAL PERIOD 1981 TO 2010
CLIMATE RECORD PERIOD 1946 TO 2014


WEATHER ITEM   OBSERVED TIME   RECORD YEAR NORMAL DEPARTURE LAST
                VALUE   (LST)  VALUE       VALUE  FROM      YEAR
                                                  NORMAL
..................................................................
TEMPERATURE (F)
 YESTERDAY
  MAXIMUM         77    134 PM  86    2005  80     -3       85
                                      1990
                                      1977
  MINIMUM         63    619 AM  62    1989  67     -4       67
                                      1973
                                      1958
  AVERAGE         70                        73     -3       76

PRECIPITATION (IN)
  YESTERDAY        0.27          4.03 1967   0.50  -0.23     0.05
  MONTH TO DATE    7.67                     13.60  -5.93     6.39
  SINCE SEP 1     26.67                     33.31  -6.64    16.83
  SINCE JAN 1    107.78                    113.25  -5.47    81.71

SNOWFALL (IN)
  YESTERDAY        0.0
  MONTH TO DATE    0.0
  SINCE SEP 1      0.0
  SINCE JUL 1      0.0
  SNOW DEPTH       0

DEGREE DAYS
 HEATING
  YESTERDAY        0                         0      0        0
  MONTH TO DATE    0                         0      0        0
  SINCE SEP 1      0                         0      0        0
  SINCE JUL 1      0                         0      0        0

 COOLING
  YESTERDAY        5                         8     -3       11
  MONTH TO DATE  246                       239      7      269
  SINCE SEP 1   1095                       902    193     1028
  SINCE JAN 1   3372                      2974    398     3241
..................................................................


WIND (MPH)
  HIGHEST WIND SPEED    16   HIGHEST WIND DIRECTION     N (340)
  HIGHEST GUST SPEED    20   HIGHEST GUST DIRECTION     N (340)
  AVERAGE WIND SPEED     8.7


SKY COVER
  POSSIBLE SUNSHINE  MM
  AVERAGE SKY COVER 1.0


WEATHER CONDITIONS
 THE FOLLOWING WEATHER WAS RECORDED YESTERDAY.
  RAIN
  LIGHT RAIN
  FOG


RELATIVE HUMIDITY (PERCENT)
 HIGHEST   100          1200 AM
 LOWEST     74          1200 PM
 AVERAGE    87

..........................................................


THE HILO HI CLIMATE NORMALS FOR TODAY
                         NORMAL    RECORD    YEAR
 MAXIMUM TEMPERATURE (F)   80        88      2013
 MINIMUM TEMPERATURE (F)   67        59      1985


SUNRISE AND SUNSET
NOVEMBER 27 2014......SUNRISE   636 AM HST   SUNSET   540 PM HST
NOVEMBER 28 2014......SUNRISE   637 AM HST   SUNSET   540 PM HST


-  INDICATES NEGATIVE NUMBERS.
R  INDICATES RECORD WAS SET OR TIED.
MM INDICATES DATA IS MISSING.
T  INDICATES TRACE AMOUNT.




$$
