000
CDHW43 PHFO 281245
CLIITO


CLIMATE REPORT
NATIONAL WEATHER SERVICE HONOLULU HI
245 AM HST SAT MAR 28 2015


...................................

...THE HILO HI CLIMATE SUMMARY FOR MARCH 27 2015...

CLIMATE NORMAL PERIOD 1981 TO 2010
CLIMATE RECORD PERIOD 1946 TO 2015


WEATHER ITEM   OBSERVED TIME   RECORD YEAR NORMAL DEPARTURE LAST
                VALUE   (LST)  VALUE       VALUE  FROM      YEAR
                                                  NORMAL
..................................................................
TEMPERATURE (F)
 YESTERDAY
  MAXIMUM         81   1256 PM  88    1972  79      2       83
  MINIMUM         66    700 AM  60    2012  65      1       65
                                      1962
  AVERAGE         74                        72      2       74

PRECIPITATION (IN)
  YESTERDAY        0.29          2.43 2005   0.44  -0.15      T
  MONTH TO DATE    8.56                     11.62  -3.06    13.40
  SINCE MAR 1      8.56                     11.62  -3.06    13.40
  SINCE JAN 1     16.65                     30.44 -13.79    21.63

SNOWFALL (IN)
  YESTERDAY        0.0
  MONTH TO DATE    0.0
  SINCE MAR 1      0.0
  SINCE JUL 1      0.0
  SNOW DEPTH       0

DEGREE DAYS
 HEATING
  YESTERDAY        0                         0      0        0
  MONTH TO DATE    0                         0      0        0
  SINCE MAR 1      0                         0      0        0
  SINCE JUL 1      0                         0      0        0

 COOLING
  YESTERDAY        9                         7      2        9
  MONTH TO DATE  201                       186     15      207
  SINCE MAR 1    201                       186     15      207
  SINCE JAN 1    727                       556    171      665
..................................................................


WIND (MPH)
  HIGHEST WIND SPEED    17   HIGHEST WIND DIRECTION     E (80)
  HIGHEST GUST SPEED    26   HIGHEST GUST DIRECTION     E (90)
  AVERAGE WIND SPEED     7.3


SKY COVER
  POSSIBLE SUNSHINE  MM
  AVERAGE SKY COVER 0.6


WEATHER CONDITIONS
 THE FOLLOWING WEATHER WAS RECORDED YESTERDAY.
  HEAVY RAIN
  RAIN
  LIGHT RAIN
  FOG


RELATIVE HUMIDITY (PERCENT)
 HIGHEST    93           300 AM
 LOWEST     62           100 PM
 AVERAGE    78

..........................................................


THE HILO HI CLIMATE NORMALS FOR TODAY
                         NORMAL    RECORD    YEAR
 MAXIMUM TEMPERATURE (F)   79        87      1974
 MINIMUM TEMPERATURE (F)   65        60      1962


SUNRISE AND SUNSET
MARCH 28 2015.........SUNRISE   617 AM HST   SUNSET   633 PM HST
MARCH 29 2015.........SUNRISE   617 AM HST   SUNSET   634 PM HST


-  INDICATES NEGATIVE NUMBERS.
R  INDICATES RECORD WAS SET OR TIED.
MM INDICATES DATA IS MISSING.
T  INDICATES TRACE AMOUNT.




$$
