000
CDUS43 KGLD 290100
CLIITR

CLIMATE REPORT
NATIONAL WEATHER SERVICE GOODLAND
556 PM MST SUN DEC 28 2014

...................................

...THE BURLINGTON CO CLIMATE SUMMARY FOR DECEMBER 28 2014...
VALID TODAY AS OF 0500 PM LOCAL TIME.

CLIMATE NORMAL PERIOD 1981 TO 2010
CLIMATE RECORD PERIOD 1896 TO 2014

WEATHER ITEM   OBSERVED TIME   RECORD YEAR NORMAL DEPARTURE LAST
                VALUE   (LST)  VALUE       VALUE  FROM      YEAR
                                                  NORMAL
..................................................................
TEMPERATURE (F)
 TODAY
  MAXIMUM         34    210 PM  69    1928  41     -7       64
  MINIMUM          7    722 AM -10    1924  16     -9       17
  AVERAGE         21                        28     -7       41

PRECIPITATION (IN)
  TODAY            0.00                      0.01  -0.01     0.00
  MONTH TO DATE    1.93                      0.40   1.53     0.09
  SINCE DEC 1      1.93                      0.40   1.53     0.09
  SINCE JAN 1     13.61                     17.43  -3.82    16.80

..................................................................

THE BURLINGTON CO CLIMATE NORMALS FOR TOMORROW
                         NORMAL    RECORD    YEAR
 MAXIMUM TEMPERATURE (F)   41        67      2011
 MINIMUM TEMPERATURE (F)   16        -8      1946

-  INDICATES NEGATIVE NUMBERS.
R  INDICATES RECORD WAS SET OR TIED.
MM INDICATES DATA IS MISSING.
T  INDICATES TRACE AMOUNT.

$$
