000
CDUS44 KJAN 012208
CLIJAN


CLIMATE REPORT
NATIONAL WEATHER SERVICE JACKSON MS
508 PM CDT FRI AUG 1 2014


...................................

...THE JACKSON CLIMATE SUMMARY FOR AUGUST 1 2014...
VALID AS OF 0500 PM LOCAL TIME.

CLIMATE NORMAL PERIOD 1981 TO 2010
CLIMATE RECORD PERIOD 1896 TO 2014


WEATHER ITEM   OBSERVED TIME   RECORD YEAR NORMAL DEPARTURE LAST
                VALUE   (LST)  VALUE       VALUE  FROM      YEAR
                                                  NORMAL
..................................................................
TEMPERATURE (F)
 TODAY
  MAXIMUM         80    359 PM 104    1896  92    -12       96
  MINIMUM         70            60    1965  72     -2       75
  AVERAGE         75

PRECIPITATION (IN)
  TODAY            T             3.25 1982   0.16  -0.16     0.00
  MONTH TO DATE    T                         0.16  -0.16     0.00
  SINCE JUN 1      8.57                      9.09  -0.52     7.64
  SINCE JAN 1     40.17                     33.20   6.97    40.70

SNOWFALL (IN)
  TODAY            0.0

..................................................................










-  INDICATES NEGATIVE NUMBERS.
R  INDICATES RECORD WAS SET OR TIED.
MM INDICATES DATA IS MISSING.
T  INDICATES TRACE AMOUNT.




$$
