000
CDUS44 KJAN 280817
CLIJAN


CLIMATE REPORT
NATIONAL WEATHER SERVICE JACKSON MS
315 AM CDT SAT MAY 28 2016


...................................

...THE JACKSON CLIMATE SUMMARY FOR MAY 27 2016...

CLIMATE NORMAL PERIOD 1981 TO 2010
CLIMATE RECORD PERIOD 1896 TO 2016


WEATHER ITEM   OBSERVED TIME   RECORD YEAR NORMAL DEPARTURE LAST
                VALUE   (LST)  VALUE       VALUE  FROM      YEAR
                                                  NORMAL
..................................................................
TEMPERATURE (F)
 YESTERDAY
  MAXIMUM         85    128 PM  98    1953  86     -1       82
                                      1911
  MINIMUM         71   1159 PM  46    1961  65      6       69
  AVERAGE         78                        75      3       76

PRECIPITATION (IN)
  YESTERDAY        T             2.70 1976   0.15  -0.15     0.18
  MONTH TO DATE    1.31                      3.81  -2.50     4.82
  SINCE MAR 1     20.80                     13.81   6.99    15.84
  SINCE JAN 1     32.40                     23.54   8.86    26.04

SNOWFALL (IN)
  YESTERDAY        0.0           0.0    MM   0.0    0.0      0.0
  MONTH TO DATE    0.0                       0.0    0.0      0.0
  SINCE MAR 1      0.0                       0.1   -0.1      0.3
  SINCE JUL 1      T                         0.8   -0.8      0.3

DEGREE DAYS
 HEATING
  YESTERDAY        0                         0      0        0
  MONTH TO DATE    7                        10     -3        2
  SINCE MAR 1    196                       397   -201      227
  SINCE JUL 1   1587                      2389   -802     2353

 COOLING
  YESTERDAY       13                        10      3       11
  MONTH TO DATE  174                       196    -22      225
  SINCE MAR 1    324                       304     20      401
  SINCE JAN 1    333                       314     19      401
..................................................................


WIND (MPH)
  HIGHEST WIND SPEED    23   HIGHEST WIND DIRECTION    SE (150)
  HIGHEST GUST SPEED    32   HIGHEST GUST DIRECTION    SE (130)
  AVERAGE WIND SPEED    11.6


SKY COVER
  POSSIBLE SUNSHINE  MM
  AVERAGE SKY COVER 0.5


WEATHER CONDITIONS
 THE FOLLOWING WEATHER WAS RECORDED YESTERDAY.
  LIGHT RAIN


RELATIVE HUMIDITY (PERCENT)
 HIGHEST    87           400 AM
 LOWEST     51           400 PM
 AVERAGE    69

..........................................................


THE JACKSON CLIMATE NORMALS FOR TODAY
                         NORMAL    RECORD    YEAR
 MAXIMUM TEMPERATURE (F)   86       100      1911
 MINIMUM TEMPERATURE (F)   65        43      1961


SUNRISE AND SUNSET
MAY 28 2016...........SUNRISE   555 AM CDT   SUNSET   800 PM CDT
MAY 29 2016...........SUNRISE   555 AM CDT   SUNSET   801 PM CDT


-  INDICATES NEGATIVE NUMBERS.
R  INDICATES RECORD WAS SET OR TIED.
MM INDICATES DATA IS MISSING.
T  INDICATES TRACE AMOUNT.

&&

AT 3 AM...

THE PEARL RIVER STAGE AT JACKSON WAS 3.8 FEET. THE RIVER LEVEL WAS
UNCHANGED OVER THE PAST 24 HOURS.

THE MISSISSIPPI RIVER STAGE AT VICKSBURG WAS 33.9 FEET. THE RIVER
FELL 0.5 FEET OVER THE PAST 24 HOURS.

$$
