000
CDUS44 KJAN 240627
CLIJAN


CLIMATE REPORT
NATIONAL WEATHER SERVICE JACKSON MS
124 AM CDT SUN MAY 24 2015


...................................

...THE JACKSON CLIMATE SUMMARY FOR MAY 23 2015...

CLIMATE NORMAL PERIOD 1981 TO 2010
CLIMATE RECORD PERIOD 1896 TO 2015


WEATHER ITEM   OBSERVED TIME   RECORD YEAR NORMAL DEPARTURE LAST
                VALUE   (LST)  VALUE       VALUE  FROM      YEAR
                                                  NORMAL
..................................................................
TEMPERATURE (F)
 YESTERDAY
  MAXIMUM         87    413 PM  95    1950  85      2       90
                                      1948
                                      1941
  MINIMUM         59    521 AM  49    2002  64     -5       63
  AVERAGE         73                        74     -1       77

PRECIPITATION (IN)
  YESTERDAY        0.00          1.61 1955   0.14  -0.14     0.00
  MONTH TO DATE    2.28                      3.24  -0.96     2.60
  SINCE MAR 1     13.30                     13.24   0.06    20.77
  SINCE JAN 1     23.50                     22.97   0.53    27.82

SNOWFALL (IN)
  YESTERDAY        0.0           0.0    MM   0.0    0.0      0.0
  MONTH TO DATE    0.0                       0.0    0.0      0.0
  SINCE MAR 1      0.3                       0.1    0.2       T
  SINCE JUL 1      0.3                       0.8   -0.5      0.8

DEGREE DAYS
 HEATING
  YESTERDAY        0                         0      0        0
  MONTH TO DATE    2                        10     -8       20
  SINCE MAR 1    227                       397   -170      478
  SINCE JUL 1   2353                      2389    -36     2744

 COOLING
  YESTERDAY        8                         9     -1       12
  MONTH TO DATE  178                       156     22      155
  SINCE MAR 1    354                       264     90      238
  SINCE JAN 1    354                       274     80      244
..................................................................


WIND (MPH)
  HIGHEST WIND SPEED    12   HIGHEST WIND DIRECTION    SE (140)
  HIGHEST GUST SPEED    15   HIGHEST GUST DIRECTION    SE (140)
  AVERAGE WIND SPEED     4.6


SKY COVER
  POSSIBLE SUNSHINE  MM
  AVERAGE SKY COVER 0.3


WEATHER CONDITIONS
 THE FOLLOWING WEATHER WAS RECORDED YESTERDAY.
  NO SIGNIFICANT WEATHER WAS OBSERVED.


RELATIVE HUMIDITY (PERCENT)
 HIGHEST    87           500 AM
 LOWEST     47          1100 AM
 AVERAGE    67

..........................................................


THE JACKSON CLIMATE NORMALS FOR TODAY
                         NORMAL    RECORD    YEAR
 MAXIMUM TEMPERATURE (F)   85        95      1996
                                             1953
 MINIMUM TEMPERATURE (F)   64        46      1931


SUNRISE AND SUNSET
MAY 24 2015...........SUNRISE   557 AM CDT   SUNSET   757 PM CDT
MAY 25 2015...........SUNRISE   557 AM CDT   SUNSET   758 PM CDT


-  INDICATES NEGATIVE NUMBERS.
R  INDICATES RECORD WAS SET OR TIED.
MM INDICATES DATA IS MISSING.
T  INDICATES TRACE AMOUNT.


&&

AT 2 AM:

THE PEARL RIVER STAGE AT JACKSON WAS 3.9 FEET. THE RIVER HAS FALLEN 1.2 FEET
OVER THE LAST 24 HOURS.

THE MISSISSIPPI RIVER STAGE AT VICKSBURG WAS 30.6 FEET. THE RIVER HAS RISEN
0.2 FEET OVER THE LAST 24 HOURS.

$$
