000
CDUS44 KJAN 240632
CLIJAN


CLIMATE REPORT
NATIONAL WEATHER SERVICE JACKSON MS
1229 AM CST SAT FEB 24 2018


...................................

...THE JACKSON CLIMATE SUMMARY FOR FEBRUARY 23 2018...

CLIMATE NORMAL PERIOD 1981 TO 2010
CLIMATE RECORD PERIOD 1896 TO 2018


WEATHER ITEM   OBSERVED TIME   RECORD YEAR NORMAL DEPARTURE LAST
                VALUE   (LST)  VALUE       VALUE  FROM      YEAR
                                                  NORMAL
..................................................................
TEMPERATURE (F)
 YESTERDAY
  MAXIMUM         75   1144 AM  84    2012  63     12       80
  MINIMUM         59    628 AM  17    1964  40     19       48
  AVERAGE         67                        52     15       64

PRECIPITATION (IN)
  YESTERDAY        0.32          3.26 1979   0.17   0.15     0.00
  MONTH TO DATE    7.44                      3.95   3.49     1.09
  SINCE DEC 1     14.19                     14.07   0.12    14.73
  SINCE JAN 1     10.52                      8.92   1.60     8.99

SNOWFALL (IN)
  YESTERDAY        0.0           4.0  1901   0.0    0.0      0.0
  MONTH TO DATE    0.0                       0.1   -0.1      0.0
  SINCE DEC 1      5.9                       0.7    5.2      0.8
  SINCE JUL 1      5.9                       0.7    5.2      0.8

DEGREE DAYS
 HEATING
  YESTERDAY        0                        14    -14        1
  MONTH TO DATE  201                       373   -172      157
  SINCE DEC 1   1399                      1517   -118      881
  SINCE JUL 1   1658                      1925   -267     1085

 COOLING
  YESTERDAY        2                         0      2        0
  MONTH TO DATE   46                         0     46       22
  SINCE DEC 1     57                        12     45       75
  SINCE JAN 1     46                         4     42       45
..................................................................


WIND (MPH)
  HIGHEST WIND SPEED    20   HIGHEST WIND DIRECTION     S (160)
  HIGHEST GUST SPEED    23   HIGHEST GUST DIRECTION     S (160)
  AVERAGE WIND SPEED     8.0


SKY COVER
  POSSIBLE SUNSHINE  MM
  AVERAGE SKY COVER 0.7


WEATHER CONDITIONS
 THE FOLLOWING WEATHER WAS RECORDED YESTERDAY.
  RAIN
  LIGHT RAIN
  FOG


RELATIVE HUMIDITY (PERCENT)
 HIGHEST   100           400 AM
 LOWEST     73          1100 AM
 AVERAGE    87

..........................................................


THE JACKSON CLIMATE NORMALS FOR TODAY
                         NORMAL    RECORD    YEAR
 MAXIMUM TEMPERATURE (F)   63        83      1927
                                             1918
 MINIMUM TEMPERATURE (F)   41        18      1968


SUNRISE AND SUNSET
FEBRUARY 24 2018......SUNRISE   633 AM CST   SUNSET   554 PM CST
FEBRUARY 25 2018......SUNRISE   632 AM CST   SUNSET   555 PM CST


-  INDICATES NEGATIVE NUMBERS.
R  INDICATES RECORD WAS SET OR TIED.
MM INDICATES DATA IS MISSING.
T  INDICATES TRACE AMOUNT.

&&

AT 1 AM:

THE PEARL RIVER STAGE AT JACKSON WAS 10.1 FEET. THE RIVER HAS FALLEN 2.3
FEET OVER THE PAST 24 HOURS.

THE MISSISSIPPI RIVER STAGE AT VICKSBURG WAS 35.8 FEET. THE RIVER
HAS RISEN 2.6 FEET OVER THE PAST 24 HOURS.



$$
