000
CDUS44 KJAN 260710
CLIJAN


CLIMATE REPORT
NATIONAL WEATHER SERVICE JACKSON MS
208 AM CDT MON JUN 26 2017


...................................

...THE JACKSON CLIMATE SUMMARY FOR JUNE 25 2017...

CLIMATE NORMAL PERIOD 1981 TO 2010
CLIMATE RECORD PERIOD 1896 TO 2017


WEATHER ITEM   OBSERVED TIME   RECORD YEAR NORMAL DEPARTURE LAST
                VALUE   (LST)  VALUE       VALUE  FROM      YEAR
                                                  NORMAL
..................................................................
TEMPERATURE (F)
 YESTERDAY
  MAXIMUM         83    238 PM 101    1969  91     -8       97
                                      1930
  MINIMUM         65   1159 PM  56    1974  70     -5       75
  AVERAGE         74                        80     -6       86

PRECIPITATION (IN)
  YESTERDAY        T             1.94 1999   0.14  -0.14     0.00
  MONTH TO DATE    8.08                      3.37   4.71     1.98
  SINCE JUN 1      8.08                      3.37   4.71     1.98
  SINCE JAN 1     39.57                     27.48  12.09    34.43

SNOWFALL (IN)
  YESTERDAY        0.0           0.0    MM   0.0    0.0      0.0
  MONTH TO DATE    0.0                       0.0    0.0      0.0
  SINCE JUN 1      0.0                       0.0    0.0      0.0
  SINCE JUL 1      0.8                       0.8    0.0       T

DEGREE DAYS
 HEATING
  YESTERDAY        0                         0      0        0
  MONTH TO DATE    0                         0      0        0
  SINCE JUN 1      0                         0      0        0
  SINCE JUL 1   1328                      2391  -1063     1587

 COOLING
  YESTERDAY        9                        16     -7       21
  MONTH TO DATE  312                       341    -29      422
  SINCE JUN 1    312                       341    -29      422
  SINCE JAN 1    808                       699    109      810
..................................................................


WIND (MPH)
  HIGHEST WIND SPEED    15   HIGHEST WIND DIRECTION     N (10)
  HIGHEST GUST SPEED    19   HIGHEST GUST DIRECTION     N (10)
  AVERAGE WIND SPEED     6.1


SKY COVER
  POSSIBLE SUNSHINE  MM
  AVERAGE SKY COVER 0.7


WEATHER CONDITIONS
 THE FOLLOWING WEATHER WAS RECORDED YESTERDAY.
  NO SIGNIFICANT WEATHER WAS OBSERVED.


RELATIVE HUMIDITY (PERCENT)
 HIGHEST    87          1000 PM
 LOWEST     54           300 PM
 AVERAGE    71

..........................................................


THE JACKSON CLIMATE NORMALS FOR TODAY
                         NORMAL    RECORD    YEAR
 MAXIMUM TEMPERATURE (F)   91       102      1930
                                             1914
 MINIMUM TEMPERATURE (F)   70        55      1974


SUNRISE AND SUNSET
JUNE 26 2017..........SUNRISE   555 AM CDT   SUNSET   811 PM CDT
JUNE 27 2017..........SUNRISE   556 AM CDT   SUNSET   811 PM CDT


-  INDICATES NEGATIVE NUMBERS.
R  INDICATES RECORD WAS SET OR TIED.
MM INDICATES DATA IS MISSING.
T  INDICATES TRACE AMOUNT.


&&

AT 1 AM:

THE PEARL RIVER STAGE AT JACKSON WAS 27.2 FEET. THE RIVER HAS RISEN
1.6 FEET OVER THE PAST 24 HOURS.

THE MISSISSIPPI RIVER STAGE AT VICKSBURG WAS 30.5 FEET. THE RIVER
HAS FALLEN 0.2 FEET OVER THE PAST 24 HOURS.

$$
