000
CDUS44 KJAN 250911
CLIJAN

CLIMATE REPORT
NATIONAL WEATHER SERVICE JACKSON MS
308 AM CST SUN JAN 25 2015

...................................

...THE JACKSON CLIMATE SUMMARY FOR JANUARY 24 2015...

CLIMATE NORMAL PERIOD 1981 TO 2010
CLIMATE RECORD PERIOD 1896 TO 2015


WEATHER ITEM   OBSERVED TIME   RECORD YEAR NORMAL DEPARTURE LAST
                VALUE   (LST)  VALUE       VALUE  FROM      YEAR
                                                  NORMAL
..................................................................
TEMPERATURE (F)
 YESTERDAY
  MAXIMUM         56    249 PM  82    1972  57     -1       37
  MINIMUM         32    720 AM   1    1948  35     -3       20
  AVERAGE         44                        46     -2       29

PRECIPITATION (IN)
  YESTERDAY        0.00          2.30 1990   0.17  -0.17     0.00
  MONTH TO DATE    4.72                      3.73   0.99     1.54
  SINCE DEC 1      8.65                      8.88  -0.23     6.04
  SINCE JAN 1      4.72                      3.73   0.99     1.54

SNOWFALL (IN)
  YESTERDAY        0.0           T    1966   0.1   -0.1      0.0
                                      1955
  MONTH TO DATE    0.0                       0.3   -0.3       T
  SINCE DEC 1      0.0                       0.6   -0.6       T
  SINCE JUL 1      0.0                       0.6   -0.6       T

DEGREE DAYS
 HEATING
  YESTERDAY       21                        19      2       36
  MONTH TO DATE  513                       475     38      564
  SINCE DEC 1    941                      1017    -76     1124
  SINCE JUL 1   1441                      1425     16     1586

 COOLING
  YESTERDAY        0                         0      0        0
  MONTH TO DATE    0                         0      0        0
  SINCE DEC 1      2                         8     -6       12
  SINCE JAN 1      0                         0      0        0
..................................................................


WIND (MPH)
  HIGHEST WIND SPEED    14   HIGHEST WIND DIRECTION     W (250)
  HIGHEST GUST SPEED    22   HIGHEST GUST DIRECTION    SW (240)
  AVERAGE WIND SPEED     5.8


SKY COVER
  POSSIBLE SUNSHINE  MM
  AVERAGE SKY COVER 0.1


WEATHER CONDITIONS
 THE FOLLOWING WEATHER WAS RECORDED YESTERDAY.
  FOG


RELATIVE HUMIDITY (PERCENT)
 HIGHEST   100           400 AM
 LOWEST     35           300 PM
 AVERAGE    68

..........................................................

THE JACKSON CLIMATE NORMALS FOR TODAY
                         NORMAL    RECORD    YEAR
 MAXIMUM TEMPERATURE (F)   57        79      1909
 MINIMUM TEMPERATURE (F)   35         2      1940


SUNRISE AND SUNSET
JANUARY 25 2015.......SUNRISE   659 AM CST   SUNSET   527 PM CST
JANUARY 26 2015.......SUNRISE   658 AM CST   SUNSET   528 PM CST


-  INDICATES NEGATIVE NUMBERS.
R  INDICATES RECORD WAS SET OR TIED.
MM INDICATES DATA IS MISSING.
T  INDICATES TRACE AMOUNT.

&&

AT 3 AM:

THE PEARL RIVER STAGE AT JACKSON WAS 13.3 FEET. THE RIVER HAS RISEN 1.7 FEET
OVER THE PAST 24 HOURS.

THE MISSISSIPPI RIVER STAGE AT VICKSBURG WAS 18.0 FEET. THE RIVER HAS
FALLEN 0.2 FEET OVER THE PAST 24 HOURS.

$$
