585
CDUS44 KJAN 220627
CLIJAN


CLIMATE REPORT
NATIONAL WEATHER SERVICE JACKSON MS
1225 AM CST SUN JAN 22 2017


...................................

...THE JACKSON CLIMATE SUMMARY FOR JANUARY 21 2017...

CLIMATE NORMAL PERIOD 1981 TO 2010
CLIMATE RECORD PERIOD 1896 TO 2017


WEATHER ITEM   OBSERVED TIME   RECORD YEAR NORMAL DEPARTURE LAST
                VALUE   (LST)  VALUE       VALUE  FROM      YEAR
                                                  NORMAL
..................................................................
TEMPERATURE (F)
 YESTERDAY
  MAXIMUM         73    328 PM  80    1938  56     17       68
  MINIMUM         58    746 AM   2    1985  35     23       51
  AVERAGE         66                        46     20       60

PRECIPITATION (IN)
  YESTERDAY        2.12          2.59 1998   0.17   1.95     0.71
  MONTH TO DATE    7.32                      3.23   4.09     1.97
  SINCE DEC 1     13.06                      8.38   4.68     7.84
  SINCE JAN 1      7.32                      3.23   4.09     1.97

SNOWFALL (IN)
  YESTERDAY        0.0           T    1987   0.0    0.0      0.0
                                      1979
                                      1978
  MONTH TO DATE    0.8                       0.2    0.6      0.0
  SINCE DEC 1      0.8                       0.5    0.3      0.0
  SINCE JUL 1      0.8                       0.5    0.3      0.0

DEGREE DAYS
 HEATING
  YESTERDAY        0                        19    -19        5
  MONTH TO DATE  196                       418   -222      395
  SINCE DEC 1    600                       960   -360      665
  SINCE JUL 1    804                      1368   -564      857

 COOLING
  YESTERDAY        1                         0      1        0
  MONTH TO DATE   23                         0     23        0
  SINCE DEC 1     53                         8     45       69
  SINCE JAN 1     23                         0     23        0
..................................................................


WIND (MPH)
  HIGHEST WIND SPEED    21   HIGHEST WIND DIRECTION     W (270)
  HIGHEST GUST SPEED    33   HIGHEST GUST DIRECTION    SW (240)
  AVERAGE WIND SPEED     8.3


SKY COVER
  POSSIBLE SUNSHINE  MM
  AVERAGE SKY COVER 0.6


WEATHER CONDITIONS
 THE FOLLOWING WEATHER WAS RECORDED YESTERDAY.
  THUNDERSTORM
  HEAVY RAIN
  RAIN
  LIGHT RAIN
  FOG


RELATIVE HUMIDITY (PERCENT)
 HIGHEST    93           600 AM
 LOWEST     57           300 PM
 AVERAGE    75

..........................................................


THE JACKSON CLIMATE NORMALS FOR TODAY
                         NORMAL    RECORD    YEAR
 MAXIMUM TEMPERATURE (F)   56        81      1937
 MINIMUM TEMPERATURE (F)   35        12      1984


SUNRISE AND SUNSET
JANUARY 22 2017.......SUNRISE   700 AM CST   SUNSET   525 PM CST
JANUARY 23 2017.......SUNRISE   659 AM CST   SUNSET   526 PM CST


-  INDICATES NEGATIVE NUMBERS.
R  INDICATES RECORD WAS SET OR TIED.
MM INDICATES DATA IS MISSING.
T  INDICATES TRACE AMOUNT.

&&

AT 1 AM:

THE PEARL RIVER STAGE AT JACKSON WAS 17.3 FEET. THE RIVER HAS
RISEN 5.4 FEET IN THE PAST PAST 24 HOURS.

THE MISSISSIPPI RIVER STAGE AT VICKSBURG WAS 23.2 FEET. THE RIVER
HAS RISEN 1.2 FEET IN THE PAST 24 HOURS.

$$
