000
CDUS42 KJAX 280531
CLIJAX


CLIMATE REPORT
NATIONAL WEATHER SERVICE JACKSONVILLE FL
130 AM EDT SAT MAR 28 2015


...................................

...THE JACKSONVILLE CLIMATE SUMMARY FOR MARCH 27 2015...

CLIMATE NORMAL PERIOD 1981 TO 2010
CLIMATE RECORD PERIOD 1871 TO 2015


WEATHER ITEM   OBSERVED TIME   RECORD YEAR NORMAL DEPARTURE LAST
                VALUE   (LST)  VALUE       VALUE  FROM      YEAR
                                                  NORMAL
..................................................................
TEMPERATURE (F)
 YESTERDAY
  MAXIMUM         76   1229 PM  89    1991  76      0       68
                                      1929
  MINIMUM         51   1131 PM  32    1894  51      0       41
  AVERAGE         64                        64      0       55

PRECIPITATION (IN)
  YESTERDAY        0.28          3.91 1984   0.13   0.15     0.00
  MONTH TO DATE    2.29                      3.47  -1.18     3.83
  SINCE MAR 1      2.29                      3.47  -1.18     3.83
  SINCE JAN 1      8.69                      9.96  -1.27    13.54

SNOWFALL (IN)
  YESTERDAY        0.0           0.0  2002   0.0    0.0      0.0
                                      2001
  MONTH TO DATE    0.0                       0.0    0.0      0.0
  SINCE MAR 1      0.0                       0.0    0.0      0.0
  SINCE JUL 1      T                         T      0.0      0.0
  SNOW DEPTH       0

DEGREE DAYS
 HEATING
  YESTERDAY        1                         4     -3       10
  MONTH TO DATE   55                       144    -89      188
  SINCE MAR 1     55                       144    -89      188
  SINCE JUL 1   1303                      1277     26     1265

 COOLING
  YESTERDAY        0                         2     -2        0
  MONTH TO DATE  100                        46     54       20
  SINCE MAR 1    100                        46     54       20
  SINCE JAN 1    113                        75     38       50
..................................................................


WIND (MPH)
  HIGHEST WIND SPEED    23   HIGHEST WIND DIRECTION     W (290)
  HIGHEST GUST SPEED    28   HIGHEST GUST DIRECTION     W (290)
  AVERAGE WIND SPEED    11.5


SKY COVER
  POSSIBLE SUNSHINE  MM
  AVERAGE SKY COVER 0.8


WEATHER CONDITIONS
 THE FOLLOWING WEATHER WAS RECORDED YESTERDAY.
  HEAVY RAIN
  RAIN
  LIGHT RAIN
  FOG


RELATIVE HUMIDITY (PERCENT)
 HIGHEST   100           200 AM
 LOWEST     67           800 PM
 AVERAGE    84

..........................................................


THE JACKSONVILLE CLIMATE NORMALS FOR TODAY
                         NORMAL    RECORD    YEAR
 MAXIMUM TEMPERATURE (F)   76        89      2009
                                             1994
 MINIMUM TEMPERATURE (F)   52        35      2013


SUNRISE AND SUNSET
MARCH 28 2015.........SUNRISE   721 AM EDT   SUNSET   743 PM EDT
MARCH 29 2015.........SUNRISE   720 AM EDT   SUNSET   744 PM EDT


-  INDICATES NEGATIVE NUMBERS.
R  INDICATES RECORD WAS SET OR TIED.
MM INDICATES DATA IS MISSING.
T  INDICATES TRACE AMOUNT.




$$
