000
CDUS42 KJAX 180532
CLIJAX


CLIMATE REPORT
NATIONAL WEATHER SERVICE JACKSONVILLE FL
1232 AM EST WED JAN 18 2017


...................................

...THE JACKSONVILLE CLIMATE SUMMARY FOR JANUARY 17 2017...

CLIMATE NORMAL PERIOD 1981 TO 2010
CLIMATE RECORD PERIOD 1871 TO 2017


WEATHER ITEM   OBSERVED TIME   RECORD YEAR NORMAL DEPARTURE LAST
                VALUE   (LST)  VALUE       VALUE  FROM      YEAR
                                                  NORMAL
..................................................................
TEMPERATURE (F)
 YESTERDAY
  MAXIMUM         80    240 PM  84    1943  65     15       62
  MINIMUM         53    806 AM  21    1977  41     12       44
  AVERAGE         67                        53     14       53

PRECIPITATION (IN)
  YESTERDAY        0.00          2.43 1964   0.11  -0.11     1.30
  MONTH TO DATE    2.52                      1.69   0.83     2.36
  SINCE DEC 1      4.81                      4.49   0.32     2.92
  SINCE JAN 1      2.52                      1.69   0.83     2.36

SNOWFALL (IN)
  YESTERDAY        0.0           0.0  2002   0.0    0.0      0.0
  MONTH TO DATE    0.0                       0.0    0.0      0.0
  SINCE DEC 1      0.0                       T      0.0      0.0
  SINCE JUL 1      0.0                       T      0.0      0.0
  SNOW DEPTH       0

DEGREE DAYS
 HEATING
  YESTERDAY        0                        12    -12       12
  MONTH TO DATE  103                       217   -114      216
  SINCE DEC 1    283                       540   -257      303
  SINCE JUL 1    413                       713   -300      357

 COOLING
  YESTERDAY        2                         0      2        0
  MONTH TO DATE   16                         0     16        0
  SINCE DEC 1     59                        21     38      141
  SINCE JAN 1     16                         0     16        0
..................................................................


WIND (MPH)
  HIGHEST WIND SPEED    12   HIGHEST WIND DIRECTION     W (260)
  HIGHEST GUST SPEED    15   HIGHEST GUST DIRECTION    SW (240)
  AVERAGE WIND SPEED     2.7


SKY COVER
  POSSIBLE SUNSHINE  MM
  AVERAGE SKY COVER 0.8


WEATHER CONDITIONS
 THE FOLLOWING WEATHER WAS RECORDED YESTERDAY.
  FOG
  FOG W/VISIBILITY <= 1/4 MILE


RELATIVE HUMIDITY (PERCENT)
 HIGHEST   100          1200 AM
 LOWEST     42           200 PM
 AVERAGE    71

..........................................................


THE JACKSONVILLE CLIMATE NORMALS FOR TODAY
                         NORMAL    RECORD    YEAR
 MAXIMUM TEMPERATURE (F)   65        83      1937
 MINIMUM TEMPERATURE (F)   41        21      1977


SUNRISE AND SUNSET
JANUARY 18 2017.......SUNRISE   724 AM EST   SUNSET   551 PM EST
JANUARY 19 2017.......SUNRISE   723 AM EST   SUNSET   552 PM EST


-  INDICATES NEGATIVE NUMBERS.
R  INDICATES RECORD WAS SET OR TIED.
MM INDICATES DATA IS MISSING.
T  INDICATES TRACE AMOUNT.




$$
