000
CDUS42 KJAX 200536
CLIJAX


CLIMATE REPORT
NATIONAL WEATHER SERVICE JACKSONVILLE FL
1234 AM EST SAT DEC 20 2014


...................................

...THE JACKSONVILLE CLIMATE SUMMARY FOR DECEMBER 19 2014...

CLIMATE NORMAL PERIOD 1981 TO 2010
CLIMATE RECORD PERIOD 1871 TO 2014


WEATHER ITEM   OBSERVED TIME   RECORD YEAR NORMAL DEPARTURE LAST
                VALUE   (LST)  VALUE       VALUE  FROM      YEAR
                                                  NORMAL
..................................................................
TEMPERATURE (F)
 YESTERDAY
  MAXIMUM         70    402 PM  83    1967  66      4       71
  MINIMUM         41    302 AM  23    1981  43     -2       33
                                      1975
  AVERAGE         56                        54      2       52

PRECIPITATION (IN)
  YESTERDAY        T             2.14 1965   0.10  -0.10     0.00
  MONTH TO DATE    0.01                      1.69  -1.68     0.68
  SINCE DEC 1      0.01                      1.69  -1.68     0.68
  SINCE JAN 1     51.73                     51.28   0.45    45.04

SNOWFALL (IN)
  YESTERDAY        0.0           0.0  2001   0.0    0.0      0.0
  MONTH TO DATE    0.0                       0.0    0.0      0.0
  SINCE DEC 1      0.0                       0.0    0.0      0.0
  SINCE JUL 1      0.0                       0.0    0.0      0.0
  SNOW DEPTH       0

DEGREE DAYS
 HEATING
  YESTERDAY        9                        11     -2       13
  MONTH TO DATE  173                       180     -7      119
  SINCE DEC 1    173                       180     -7      119
  SINCE JUL 1    457                       353    104      275

 COOLING
  YESTERDAY        0                         1     -1        0
  MONTH TO DATE    7                        19    -12       29
  SINCE DEC 1      7                        19    -12       29
  SINCE JAN 1   2586                      2663    -77     2628
..................................................................


WIND (MPH)
  HIGHEST WIND SPEED    10   HIGHEST WIND DIRECTION     E (70)
  HIGHEST GUST SPEED    11   HIGHEST GUST DIRECTION    NE (60)
  AVERAGE WIND SPEED     2.3


SKY COVER
  POSSIBLE SUNSHINE  MM
  AVERAGE SKY COVER 0.7


WEATHER CONDITIONS
 THE FOLLOWING WEATHER WAS RECORDED YESTERDAY.
  LIGHT RAIN


RELATIVE HUMIDITY (PERCENT)
 HIGHEST   100          1200 AM
 LOWEST     28           300 PM
 AVERAGE    64

..........................................................


THE JACKSONVILLE CLIMATE NORMALS FOR TODAY
                         NORMAL    RECORD    YEAR
 MAXIMUM TEMPERATURE (F)   66        82      1990
 MINIMUM TEMPERATURE (F)   43        19      1981


SUNRISE AND SUNSET
DECEMBER 20 2014......SUNRISE   719 AM EST   SUNSET   530 PM EST
DECEMBER 21 2014......SUNRISE   720 AM EST   SUNSET   530 PM EST


-  INDICATES NEGATIVE NUMBERS.
R  INDICATES RECORD WAS SET OR TIED.
MM INDICATES DATA IS MISSING.
T  INDICATES TRACE AMOUNT.




$$
