000
CDUS42 KJAX 162242
CLIJAX


CLIMATE REPORT
NATIONAL WEATHER SERVICE JACKSONVILLE FL
541 PM EST TUE JAN 16 2018


...................................

...THE JACKSONVILLE CLIMATE SUMMARY FOR JANUARY 16 2018...
VALID TODAY AS OF 0500 PM LOCAL TIME.

CLIMATE NORMAL PERIOD 1981 TO 2010
CLIMATE RECORD PERIOD 1871 TO 2018


WEATHER ITEM   OBSERVED TIME   RECORD YEAR NORMAL DEPARTURE LAST
                VALUE   (LST)  VALUE       VALUE  FROM      YEAR
                                                  NORMAL
..................................................................
TEMPERATURE (F)
 TODAY
  MAXIMUM         63    323 PM  84    1947  65     -2       79
  MINIMUM         33    434 AM  22    1927  41     -8       52
  AVERAGE         48                        53     -5       66

PRECIPITATION (IN)
  TODAY            0.00          1.67 1895   0.10  -0.10     0.00
  MONTH TO DATE    1.43                      1.58  -0.15     2.52
  SINCE DEC 1      3.85                      4.38  -0.53     4.81
  SINCE JAN 1      1.43                      1.58  -0.15     2.52

SNOWFALL (IN)
  TODAY            0.0           0.0  2002   0.0    0.0      0.0
  MONTH TO DATE    0.0                       0.0    0.0      0.0
  SINCE DEC 1      0.0                       T      0.0      0.0
  SINCE JUL 1      0.0                       T      0.0      0.0
  SNOW DEPTH       0

DEGREE DAYS
 HEATING
  TODAY           17                        12      5        0
  MONTH TO DATE  269                       205     64      103
  SINCE DEC 1    519                       528     -9      283
  SINCE JUL 1    615                       701    -86      413

 COOLING
  TODAY            0                         0      0        1
  MONTH TO DATE    9                         0      9       14
  SINCE DEC 1     53                        21     32       57
  SINCE JAN 1      9                         0      9       14
..................................................................


WIND (MPH)
  HIGHEST WIND SPEED    12   HIGHEST WIND DIRECTION    NE (30)
  HIGHEST GUST SPEED    15   HIGHEST GUST DIRECTION     N (360)
  AVERAGE WIND SPEED     5.2


SKY COVER
  POSSIBLE SUNSHINE  MM
  AVERAGE SKY COVER 0.3


WEATHER CONDITIONS
 THE FOLLOWING WEATHER WAS RECORDED TODAY.
  NO SIGNIFICANT WEATHER WAS OBSERVED.


RELATIVE HUMIDITY (PERCENT)
 HIGHEST    92           400 AM
 LOWEST     51           100 PM
 AVERAGE    72

..........................................................


THE JACKSONVILLE CLIMATE NORMALS FOR TOMORROW
                         NORMAL    RECORD    YEAR
 MAXIMUM TEMPERATURE (F)   65        84      1943
 MINIMUM TEMPERATURE (F)   41        21      1977


SUNRISE AND SUNSET
JANUARY 16 2018.......SUNRISE   724 AM EST   SUNSET   549 PM EST
JANUARY 17 2018.......SUNRISE   724 AM EST   SUNSET   550 PM EST


-  INDICATES NEGATIVE NUMBERS.
R  INDICATES RECORD WAS SET OR TIED.
MM INDICATES DATA IS MISSING.
T  INDICATES TRACE AMOUNT.




$$
