000
CDUS44 KMEG 232156
CLIJBR


CLIMATE REPORT
NATIONAL WEATHER SERVICE MEMPHIS TN
455 PM CDT SUN APR 23 2017


...................................

...THE JONESBORO CLIMATE SUMMARY FOR APRIL 23 2017...
VALID TODAY AS OF 0400 PM LOCAL TIME.

CLIMATE NORMAL PERIOD 1981 TO 2010
CLIMATE RECORD PERIOD 1897 TO 2017


WEATHER ITEM   OBSERVED TIME   RECORD YEAR NORMAL DEPARTURE LAST
                VALUE   (LST)  VALUE       VALUE  FROM      YEAR
                                                  NORMAL
..................................................................
TEMPERATURE (F)
 TODAY
  MAXIMUM         69    352 PM  91    1965  73     -4       81
  MINIMUM         49    605 AM  34    1909  52     -3       53
  AVERAGE         59                        62     -3       67

PRECIPITATION (IN)
  TODAY            0.02          2.95 2004   0.18  -0.16     0.00
  MONTH TO DATE    1.72                      3.71  -1.99     0.89
  SINCE MAR 1      7.99                      8.21  -0.22    14.11
  SINCE JAN 1     13.60                     15.36  -1.76    18.04

DEGREE DAYS
 HEATING
  TODAY            6                         4      2        0
  MONTH TO DATE   84                       172    -88      115
  SINCE MAR 1    448                       636   -188      461
  SINCE JUL 1   2581                      3592  -1011     2950

 COOLING
  TODAY            0                         2     -2        2
  MONTH TO DATE   49                        27     22       16
  SINCE MAR 1     55                        33     22       20
  SINCE JAN 1     59                        33     26       20
..................................................................


WIND (MPH)
  HIGHEST WIND SPEED    21   HIGHEST WIND DIRECTION    NE (30)
  HIGHEST GUST SPEED    30   HIGHEST GUST DIRECTION    NE (40)
  AVERAGE WIND SPEED     9.9


SKY COVER
  POSSIBLE SUNSHINE  MM
  AVERAGE SKY COVER 0.4


WEATHER CONDITIONS
 THE FOLLOWING WEATHER WAS RECORDED TODAY.
  LIGHT RAIN
  FOG


RELATIVE HUMIDITY (PERCENT)
 HIGHEST    93           300 AM
 LOWEST     33           300 PM
 AVERAGE    63

..........................................................


THE JONESBORO CLIMATE NORMALS FOR TOMORROW
                         NORMAL    RECORD    YEAR
 MAXIMUM TEMPERATURE (F)   73        90      1965
 MINIMUM TEMPERATURE (F)   52        30      1910


SUNRISE AND SUNSET
APRIL 23 2017.........SUNRISE   619 AM CDT   SUNSET   743 PM CDT
APRIL 24 2017.........SUNRISE   618 AM CDT   SUNSET   744 PM CDT


-  INDICATES NEGATIVE NUMBERS.
R  INDICATES RECORD WAS SET OR TIED.
MM INDICATES DATA IS MISSING.
T  INDICATES TRACE AMOUNT.




$$
