000
CDUS44 KMEG 250635
CLIJBR


CLIMATE REPORT
NATIONAL WEATHER SERVICE MEMPHIS TN
135 AM CDT MON MAY 25 2015


...................................

...THE JONESBORO CLIMATE SUMMARY FOR MAY 24 2015...

CLIMATE NORMAL PERIOD 1981 TO 2010
CLIMATE RECORD PERIOD 1897 TO 2015


WEATHER ITEM   OBSERVED TIME   RECORD YEAR NORMAL DEPARTURE LAST
                VALUE   (LST)  VALUE       VALUE  FROM      YEAR
                                                  NORMAL
..................................................................
TEMPERATURE (F)
 YESTERDAY
  MAXIMUM         85    230 PM  98    1921  83      2       90
  MINIMUM         65    120 AM  45    1919  61      4       70
                                      1913
  AVERAGE         75                        72      3       80

PRECIPITATION (IN)
  YESTERDAY        0.19          2.77 2009   0.13   0.06     0.00
  MONTH TO DATE    6.01                      3.89   2.12     3.50
  SINCE MAR 1     19.15                     13.41   5.74    15.49
  SINCE JAN 1     23.98                     20.56   3.42    20.20

SNOWFALL (IN)
  YESTERDAY        0.0          MM      MM   0.0    0.0      0.0
  MONTH TO DATE    0.0                       0.0    0.0      0.0
  SINCE MAR 1      7.6                       0.7    6.9      3.2
  SINCE JUL 1      9.4                       4.8    4.6      5.2
  SNOW DEPTH       0

DEGREE DAYS
 HEATING
  YESTERDAY        0                         0      0        0
  MONTH TO DATE   48                        35     13       64
  SINCE MAR 1    765                       694     71      885
  SINCE JUL 1   4013                      3650    363     4150

 COOLING
  YESTERDAY       10                         7      3       15
  MONTH TO DATE  101                       108     -7      150
  SINCE MAR 1    129                       155    -26      171
  SINCE JAN 1    129                       155    -26      171
..................................................................


WIND (MPH)
  HIGHEST WIND SPEED    31   HIGHEST WIND DIRECTION    SE (140)
  HIGHEST GUST SPEED    37   HIGHEST GUST DIRECTION    SE (140)
  AVERAGE WIND SPEED    13.2


SKY COVER
  POSSIBLE SUNSHINE  MM
  AVERAGE SKY COVER 0.5


WEATHER CONDITIONS
 THE FOLLOWING WEATHER WAS RECORDED YESTERDAY.
  THUNDERSTORM
  RAIN
  LIGHT RAIN
  FOG


RELATIVE HUMIDITY (PERCENT)
 HIGHEST    97          1100 PM
 LOWEST     62          1000 AM
 AVERAGE    80

..........................................................


THE JONESBORO CLIMATE NORMALS FOR TODAY
                         NORMAL    RECORD    YEAR
 MAXIMUM TEMPERATURE (F)   83        98      1911
 MINIMUM TEMPERATURE (F)   61        34      1897


SUNRISE AND SUNSET
MAY 25 2015...........SUNRISE   551 AM CDT   SUNSET   809 PM CDT
MAY 26 2015...........SUNRISE   550 AM CDT   SUNSET   809 PM CDT


-  INDICATES NEGATIVE NUMBERS.
R  INDICATES RECORD WAS SET OR TIED.
MM INDICATES DATA IS MISSING.
T  INDICATES TRACE AMOUNT.




$$
