000
CDUS44 KMEG 240633
CLIJBR


CLIMATE REPORT
NATIONAL WEATHER SERVICE MEMPHIS TN
133 AM CDT WED AUG 24 2016


...................................

...THE JONESBORO CLIMATE SUMMARY FOR AUGUST 23 2016...

CLIMATE NORMAL PERIOD 1981 TO 2010
CLIMATE RECORD PERIOD 1897 TO 2016


WEATHER ITEM   OBSERVED TIME   RECORD YEAR NORMAL DEPARTURE LAST
                VALUE   (LST)  VALUE       VALUE  FROM      YEAR
                                                  NORMAL
..................................................................
TEMPERATURE (F)
 YESTERDAY
  MAXIMUM         88    312 PM 101    1938  89     -1       85
                                      1921
  MINIMUM         69    421 AM  55    1956  69      0       68
  AVERAGE         79                        79      0       77

PRECIPITATION (IN)
  YESTERDAY        0.22          2.51 1942   0.07   0.15     0.07
  MONTH TO DATE    5.19                      1.87   3.32     5.62
  SINCE JUN 1      8.58                      9.16  -0.58    14.31
  SINCE JAN 1     41.01                     30.44  10.57    40.09

SNOWFALL (IN)
  YESTERDAY        0.0          MM      MM   0.0    0.0      0.0
  MONTH TO DATE    0.0                       0.0    0.0      0.0
  SINCE JUN 1      0.0                       0.0    0.0      0.0
  SINCE JUL 1      0.0                       0.0    0.0      0.0
  SNOW DEPTH       0

DEGREE DAYS
 HEATING
  YESTERDAY        0                         0      0        0
  MONTH TO DATE    0                         0      0        0
  SINCE JUN 1      0                         1     -1        0
  SINCE JUL 1      0                         0      0        0

 COOLING
  YESTERDAY       14                        14      0       12
  MONTH TO DATE  358                       354      4      277
  SINCE JUN 1   1411                      1228    183     1239
  SINCE JAN 1   1610                      1441    169     1414
..................................................................


WIND (MPH)
  HIGHEST WIND SPEED    16   HIGHEST WIND DIRECTION    SW (230)
  HIGHEST GUST SPEED    19   HIGHEST GUST DIRECTION    SW (230)
  AVERAGE WIND SPEED     4.8


SKY COVER
  POSSIBLE SUNSHINE  MM
  AVERAGE SKY COVER 0.4


WEATHER CONDITIONS
 THE FOLLOWING WEATHER WAS RECORDED YESTERDAY.
  RAIN
  LIGHT RAIN
  FOG


RELATIVE HUMIDITY (PERCENT)
 HIGHEST   100           500 AM
 LOWEST     65           200 PM
 AVERAGE    83

..........................................................


THE JONESBORO CLIMATE NORMALS FOR TODAY
                         NORMAL    RECORD    YEAR
 MAXIMUM TEMPERATURE (F)   89       103      1943
 MINIMUM TEMPERATURE (F)   69        55      1916


SUNRISE AND SUNSET
AUGUST 24 2016........SUNRISE   629 AM CDT   SUNSET   740 PM CDT
AUGUST 25 2016........SUNRISE   630 AM CDT   SUNSET   739 PM CDT


-  INDICATES NEGATIVE NUMBERS.
R  INDICATES RECORD WAS SET OR TIED.
MM INDICATES DATA IS MISSING.
T  INDICATES TRACE AMOUNT.




$$
