000
CDUS45 KGGW 090740
CLIJDN


CLIMATE REPORT
NATIONAL WEATHER SERVICE GLASGOW MT
1240 AM MST TUE FEB 9 2016


...................................

...THE JORDAN  ASOS MT CLIMATE SUMMARY FOR FEBRUARY 8 2016...

CLIMATE NORMAL PERIOD 1981 TO 2010
CLIMATE RECORD PERIOD 9999 TO 9999


WEATHER ITEM   OBSERVED TIME   RECORD YEAR NORMAL DEPARTURE LAST
                VALUE   (LST)  VALUE       VALUE  FROM      YEAR
                                                  NORMAL
..................................................................
TEMPERATURE (F)
 YESTERDAY
  MAXIMUM         46    214 PM  MM      MM  33     13       56
  MINIMUM         22    709 AM  MM      MM   9     13       27
  AVERAGE         34                        21     13       42

PRECIPITATION (IN)
  YESTERDAY        0.00         MM      MM   0.01  -0.01     0.00
  MONTH TO DATE    0.13                      0.06   0.07     0.28
  SINCE OCT 1      4.26                      1.83   2.43     2.27
  SINCE JAN 1      0.57                      0.29   0.28     1.08

SNOWFALL (IN)
  YESTERDAY        0.0          MM      MM  MM     MM        0.0
  MONTH TO DATE    0.0                      MM     MM        0.0
  SINCE DEC 1      0.0                      MM     MM        0.0
  SINCE JUL 1      0.0                      MM     MM        0.0
  SNOW DEPTH       0

DEGREE DAYS
 HEATING
  YESTERDAY       31                        44    -13       23
  MONTH TO DATE  294                       361    -67      345
  SINCE DEC 1   3071                      3273   -202     2905
  SINCE JUL 1   4776                      5291   -515     4975

 COOLING
  YESTERDAY        0                         0      0        0
  MONTH TO DATE    0                         0      0        0
  SINCE DEC 1      0                         0      0        0
  SINCE JAN 1      0                         0      0        0
..................................................................


WIND (MPH)
  HIGHEST WIND SPEED    12   HIGHEST WIND DIRECTION     W (260)
  HIGHEST GUST SPEED    14   HIGHEST GUST DIRECTION     W (260)
  AVERAGE WIND SPEED     5.4


SKY COVER
  POSSIBLE SUNSHINE  MM
  AVERAGE SKY COVER 0.0


WEATHER CONDITIONS
 THE FOLLOWING WEATHER WAS RECORDED YESTERDAY.
  NO SIGNIFICANT WEATHER WAS OBSERVED.


RELATIVE HUMIDITY (PERCENT)
 HIGHEST    92          1100 PM
 LOWEST     45          1200 PM
 AVERAGE    69

..........................................................


THE JORDAN  ASOS MT CLIMATE NORMALS FOR TODAY
                         NORMAL    RECORD    YEAR
 MAXIMUM TEMPERATURE (F)   33        MM        MM
 MINIMUM TEMPERATURE (F)    9        MM        MM


SUNRISE AND SUNSET
FEBRUARY  9 2016......SUNRISE   722 AM MST   SUNSET   521 PM MST
FEBRUARY 10 2016......SUNRISE   721 AM MST   SUNSET   523 PM MST


-  INDICATES NEGATIVE NUMBERS.
R  INDICATES RECORD WAS SET OR TIED.
MM INDICATES DATA IS MISSING.
T  INDICATES TRACE AMOUNT.




$$
