000
CDUS45 KGGW 301232
CLIJDN


CLIMATE REPORT
NATIONAL WEATHER SERVICE GLASGOW MT
632 AM MDT TUE JUN 30 2015


...................................

...THE JORDAN  ASOS MT CLIMATE SUMMARY FOR JUNE 30 2015...
VALID AS OF 0600 AM LOCAL TIME.

CLIMATE NORMAL PERIOD 1981 TO 2010
CLIMATE RECORD PERIOD 9999 TO 9999


WEATHER ITEM   OBSERVED TIME   RECORD YEAR NORMAL DEPARTURE LAST
                VALUE   (LST)  VALUE       VALUE  FROM      YEAR
                                                  NORMAL
..................................................................
TEMPERATURE (F)
 TODAY
  MAXIMUM         73   1200 AM  MM      MM  82     -9       71
  MINIMUM         68    500 AM  MM      MM  51     17       51
  AVERAGE         71                        67      4       61

PRECIPITATION (IN)
  TODAY            0.00         MM      MM   0.06  -0.06     0.08
  MONTH TO DATE    4.05                      2.49   1.56     1.00
  SINCE OCT 1      8.80                      8.40   0.40     7.37
  SINCE JAN 1      7.61                      6.86   0.75     4.96

SNOWFALL (IN)
  TODAY            0.0          MM      MM  MM     MM        0.0
  MONTH TO DATE    0.0                      MM     MM        0.0
  SINCE JUN 1      0.0                      MM     MM        0.0
  SINCE JUL 1      0.0                      MM     MM        0.0
  SNOW DEPTH      MM

DEGREE DAYS
 HEATING
  TODAY            0                         2     -2        4
  MONTH TO DATE   44                       125    -81      130
  SINCE JUN 1     44                       125    -81      130
  SINCE JUL 1   7542                      8246   -704     8557

 COOLING
  TODAY            6                         3      3        0
  MONTH TO DATE  107                        48     59       25
  SINCE JUN 1    107                        48     59       25
  SINCE JAN 1    107                        54     53       50
..................................................................


WIND (MPH)
  HIGHEST WIND SPEED    12   HIGHEST WIND DIRECTION    NE (30)
  HIGHEST GUST SPEED    MM   HIGHEST GUST DIRECTION    MM
  AVERAGE WIND SPEED     6.5


SKY COVER
  POSSIBLE SUNSHINE  MM
  AVERAGE SKY COVER 0.0


WEATHER CONDITIONS
 THE FOLLOWING WEATHER WAS RECORDED TODAY.
  NO SIGNIFICANT WEATHER WAS OBSERVED.


RELATIVE HUMIDITY (PERCENT)
 HIGHEST    49           400 AM
 LOWEST     38          1200 AM
 AVERAGE    44

..........................................................


THE JORDAN  ASOS MT CLIMATE NORMALS FOR TOMORROW
                         NORMAL    RECORD    YEAR
 MAXIMUM TEMPERATURE (F)   82        MM        MM
 MINIMUM TEMPERATURE (F)   52        MM        MM


SUNRISE AND SUNSET
JUNE 30 2015..........SUNRISE   514 AM MDT   SUNSET   908 PM MDT
JULY  1 2015..........SUNRISE   515 AM MDT   SUNSET   907 PM MDT


-  INDICATES NEGATIVE NUMBERS.
R  INDICATES RECORD WAS SET OR TIED.
MM INDICATES DATA IS MISSING.
T  INDICATES TRACE AMOUNT.




$$
