000
CDUS45 KGGW 030018
CLIJDN


CLIMATE REPORT
NATIONAL WEATHER SERVICE GLASGOW MT
618 PM MDT TUE SEP 2 2014


...................................

...THE JORDAN  ASOS MT CLIMATE SUMMARY FOR SEPTEMBER 2 2014...
VALID TODAY AS OF 0500 PM LOCAL TIME.

CLIMATE NORMAL PERIOD 1981 TO 2010
CLIMATE RECORD PERIOD 9999 TO 9999


WEATHER ITEM   OBSERVED TIME   RECORD YEAR NORMAL DEPARTURE LAST
                VALUE   (LST)  VALUE       VALUE  FROM      YEAR
                                                  NORMAL
..................................................................
TEMPERATURE (F)
 TODAY
  MAXIMUM         75        MM  MM      MM  80     -5       96
  MINIMUM         47        MM  MM      MM  47      0       48
  AVERAGE         61                        63     -2       72

PRECIPITATION (IN)
  TODAY            0.00         MM      MM   0.04  -0.04     0.00
  MONTH TO DATE    0.00                      0.07  -0.07     0.00
  SINCE OCT 1     14.30                     11.53   2.77    16.56
  SINCE JAN 1     11.89                      9.99   1.90    14.30

SNOWFALL (IN)
  TODAY            0.0          MM      MM  MM     MM        0.0
  MONTH TO DATE    0.0                      MM     MM        0.0
  SINCE SEP 1      0.0                      MM     MM        0.0
  SINCE JUL 1      0.0                      MM     MM        0.0
  SNOW DEPTH       0

DEGREE DAYS
 HEATING
  TODAY            4                         4      0        0
  MONTH TO DATE    8                         8      0        0
  SINCE SEP 1      8                         8      0        0
  SINCE JUL 1     57                        73    -16       13

 COOLING
  TODAY            0                         2     -2        7
  MONTH TO DATE    0                         4     -4        7
  SINCE SEP 1      0                         4     -4        7
  SINCE JAN 1    451                       397     54      450
..................................................................


WIND (MPH)
  HIGHEST WIND SPEED    13   HIGHEST WIND DIRECTION     W (270)
  HIGHEST GUST SPEED    MM   HIGHEST GUST DIRECTION    MM
  AVERAGE WIND SPEED     7.4


SKY COVER
  POSSIBLE SUNSHINE  MM
  AVERAGE SKY COVER 0.0


WEATHER CONDITIONS
 THE FOLLOWING WEATHER WAS RECORDED TODAY.
  NO SIGNIFICANT WEATHER WAS OBSERVED.


RELATIVE HUMIDITY (PERCENT)
 HIGHEST    86           500 AM
 LOWEST     27           400 PM
 AVERAGE    57

..........................................................


THE JORDAN  ASOS MT CLIMATE NORMALS FOR TOMORROW
                         NORMAL    RECORD    YEAR
 MAXIMUM TEMPERATURE (F)   80        MM        MM
 MINIMUM TEMPERATURE (F)   46        MM        MM


SUNRISE AND SUNSET
SEPTEMBER  2 2014.....SUNRISE   628 AM MDT   SUNSET   745 PM MDT
SEPTEMBER  3 2014.....SUNRISE   629 AM MDT   SUNSET   743 PM MDT


-  INDICATES NEGATIVE NUMBERS.
R  INDICATES RECORD WAS SET OR TIED.
MM INDICATES DATA IS MISSING.
T  INDICATES TRACE AMOUNT.




$$
