000
CDUS45 KGGW 281232
CLIJDN


CLIMATE REPORT
NATIONAL WEATHER SERVICE GLASGOW MT
631 AM MDT SUN MAY 28 2017


...................................

...THE JORDAN  ASOS MT CLIMATE SUMMARY FOR MAY 28 2017...
VALID AS OF 0600 AM LOCAL TIME.

CLIMATE NORMAL PERIOD 1981 TO 2010
CLIMATE RECORD PERIOD 9999 TO 9999


WEATHER ITEM   OBSERVED TIME   RECORD YEAR NORMAL DEPARTURE LAST
                VALUE   (LST)  VALUE       VALUE  FROM      YEAR
                                                  NORMAL
..................................................................
TEMPERATURE (F)
 TODAY
  MAXIMUM         58   1200 AM  MM      MM  70    -12       69
  MINIMUM         45    400 AM  MM      MM  43      2       44
  AVERAGE         52                        56     -4       57

PRECIPITATION (IN)
  TODAY            0.00         MM      MM   0.12  -0.12     0.13
  MONTH TO DATE    0.29                      1.90  -1.61     1.77
  SINCE OCT 1      5.72                      5.52   0.20     9.67
  SINCE JAN 1      2.51                      3.98  -1.47     5.98

SNOWFALL (IN)
  TODAY            0.0          MM      MM  MM     MM       MM
  MONTH TO DATE    0.0                      MM     MM        0.0
  SINCE MAR 1      0.0                      MM     MM        0.0
  SINCE JUL 1      0.0                      MM     MM        0.0
  SNOW DEPTH      MM

DEGREE DAYS
 HEATING
  TODAY           13                         9      4        8
  MONTH TO DATE  298                       362    -64      304
  SINCE MAR 1   1743                      1978   -235     1660
  SINCE JUL 1   7489                      8096   -607     7009

 COOLING
  TODAY            0                         0      0        0
  MONTH TO DATE   12                         0     12        3
  SINCE MAR 1     12                         0     12        3
  SINCE JAN 1     12                         0     12        3
..................................................................


WIND (MPH)
  HIGHEST WIND SPEED    12   HIGHEST WIND DIRECTION     W (270)
  HIGHEST GUST SPEED    MM   HIGHEST GUST DIRECTION    MM
  AVERAGE WIND SPEED     6.5


SKY COVER
  POSSIBLE SUNSHINE  MM
  AVERAGE SKY COVER 0.0


WEATHER CONDITIONS
 THE FOLLOWING WEATHER WAS RECORDED TODAY.
  NO SIGNIFICANT WEATHER WAS OBSERVED.


RELATIVE HUMIDITY (PERCENT)
 HIGHEST    83           400 AM
 LOWEST     57          1200 AM
 AVERAGE    70

..........................................................


THE JORDAN  ASOS MT CLIMATE NORMALS FOR TOMORROW
                         NORMAL    RECORD    YEAR
 MAXIMUM TEMPERATURE (F)   70        MM        MM
 MINIMUM TEMPERATURE (F)   43        MM        MM


SUNRISE AND SUNSET
MAY 28 2017...........SUNRISE   517 AM MDT   SUNSET   853 PM MDT
MAY 29 2017...........SUNRISE   517 AM MDT   SUNSET   854 PM MDT


-  INDICATES NEGATIVE NUMBERS.
R  INDICATES RECORD WAS SET OR TIED.
MM INDICATES DATA IS MISSING.
T  INDICATES TRACE AMOUNT.




$$
