000
CDUS45 KGGW 101349
CLIJDN


CLIMATE REPORT
NATIONAL WEATHER SERVICE GLASGOW MT
649 AM MST SAT DEC 10 2016


...................................

...THE JORDAN  ASOS MT CLIMATE SUMMARY FOR DECEMBER 10 2016...
VALID AS OF 0600 AM LOCAL TIME.

CLIMATE NORMAL PERIOD 1981 TO 2010
CLIMATE RECORD PERIOD 9999 TO 9999


WEATHER ITEM   OBSERVED TIME   RECORD YEAR NORMAL DEPARTURE LAST
                VALUE   (LST)  VALUE       VALUE  FROM      YEAR
                                                  NORMAL
..................................................................
TEMPERATURE (F)
 TODAY
  MAXIMUM          4    600 AM  MM      MM  33    -29       44
  MINIMUM          0   1200 AM  MM      MM   7     -7       30
  AVERAGE          2                        20    -18       37

PRECIPITATION (IN)
  TODAY            0.00         MM      MM   0.01  -0.01     0.10
  MONTH TO DATE    0.01                      0.09  -0.08     0.15
  SINCE OCT 1      2.90                      1.34   1.56     3.09
  SINCE JAN 1     14.62                     12.47   2.15    13.83

SNOWFALL (IN)
  TODAY            0.0          MM      MM  MM     MM       MM
  MONTH TO DATE    0.0                      MM     MM        0.0
  SINCE DEC 1      0.0                      MM     MM        0.0
  SINCE JUL 1      0.0                      MM     MM        0.0
  SNOW DEPTH      MM

DEGREE DAYS
 HEATING
  TODAY           63                        45     18       28
  MONTH TO DATE  507                       437     70      287
  SINCE DEC 1    507                       437     70      287
  SINCE JUL 1   2070                      2455   -385     1992

 COOLING
  TODAY            0                         0      0        0
  MONTH TO DATE    0                         0      0        0
  SINCE DEC 1      0                         0      0        0
  SINCE JAN 1    473                       421     52      541
..................................................................


WIND (MPH)
  HIGHEST WIND SPEED    12   HIGHEST WIND DIRECTION     E (110)
  HIGHEST GUST SPEED    MM   HIGHEST GUST DIRECTION    MM
  AVERAGE WIND SPEED    10.2


SKY COVER
  POSSIBLE SUNSHINE  MM
  AVERAGE SKY COVER 0.0


WEATHER CONDITIONS
 THE FOLLOWING WEATHER WAS RECORDED TODAY.
  NO SIGNIFICANT WEATHER WAS OBSERVED.


RELATIVE HUMIDITY (PERCENT)
 HIGHEST    87           200 AM
 LOWEST     79           100 AM
 AVERAGE    83

..........................................................


THE JORDAN  ASOS MT CLIMATE NORMALS FOR TOMORROW
                         NORMAL    RECORD    YEAR
 MAXIMUM TEMPERATURE (F)   32        MM        MM
 MINIMUM TEMPERATURE (F)    7        MM        MM


SUNRISE AND SUNSET
DECEMBER 10 2016......SUNRISE   744 AM MST   SUNSET   417 PM MST
DECEMBER 11 2016......SUNRISE   745 AM MST   SUNSET   417 PM MST


-  INDICATES NEGATIVE NUMBERS.
R  INDICATES RECORD WAS SET OR TIED.
MM INDICATES DATA IS MISSING.
T  INDICATES TRACE AMOUNT.




$$
