000
CDUS45 KBOI 220931
CLIJER


CLIMATE REPORT
NATIONAL WEATHER SERVICE BOISE ID
231 AM MST MON JAN 22 2018


...................................

...THE JEROME ID CLIMATE SUMMARY FOR JANUARY 21 2018...

CLIMATE NORMAL PERIOD 1981 TO 2010
CLIMATE RECORD PERIOD 1915 TO 2018


WEATHER ITEM   OBSERVED TIME   RECORD YEAR NORMAL DEPARTURE LAST
                VALUE   (LST)  VALUE       VALUE  FROM      YEAR
                                                  NORMAL
..................................................................
TEMPERATURE (F)
 YESTERDAY
  MAXIMUM         39    231 PM  55    1981  34      5       36
                                      1943
  MINIMUM         23    536 AM -16    1922  20      3       28
  AVERAGE         31                        27      4       32

PRECIPITATION (IN)
  YESTERDAY        0.00          0.81 2012   0.02  -0.02      T
  MONTH TO DATE    1.04                      0.83   0.21     1.06
  SINCE OCT 1      3.59                      4.35  -0.76     5.58
  SINCE JAN 1      1.04                      0.83   0.21     1.06

DEGREE DAYS
 HEATING
  YESTERDAY       34                        38     -4       33
  MONTH TO DATE  613                       816   -203      838
  SINCE DEC 1   1776                      1995   -219     2127
  SINCE JUL 1   3232                      3546   -314     3353

 COOLING
  YESTERDAY        0                         0      0        0
  MONTH TO DATE    0                         0      0        0
  SINCE DEC 1      0                         0      0        0
  SINCE JAN 1      0                         0      0        0
..................................................................


WIND (MPH)
  HIGHEST WIND SPEED    15   HIGHEST WIND DIRECTION    SW (230)
  HIGHEST GUST SPEED    19   HIGHEST GUST DIRECTION    SW (230)
  AVERAGE WIND SPEED     6.3


SKY COVER
  AVERAGE SKY COVER 0.0


WEATHER CONDITIONS
 THE FOLLOWING WEATHER WAS RECORDED YESTERDAY.
  NO SIGNIFICANT WEATHER WAS OBSERVED.


RELATIVE HUMIDITY (PERCENT)
 HIGHEST    92          1200 AM
 LOWEST     52           400 PM
 AVERAGE    72

..........................................................


THE JEROME ID CLIMATE NORMALS FOR TODAY
                         NORMAL    RECORD    YEAR
 MAXIMUM TEMPERATURE (F)   34        53      1934
 MINIMUM TEMPERATURE (F)   20       -20      1962


SUNRISE AND SUNSET
JANUARY 22 2018.......SUNRISE   801 AM MST   SUNSET   538 PM MST
JANUARY 23 2018.......SUNRISE   800 AM MST   SUNSET   539 PM MST


-  INDICATES NEGATIVE NUMBERS.
R  INDICATES RECORD WAS SET OR TIED.
MM INDICATES DATA IS MISSING.
T  INDICATES TRACE AMOUNT.




$$
