000
CDUS45 KBOI 220931
CLIJER


CLIMATE REPORT
NATIONAL WEATHER SERVICE BOISE ID
331 AM MDT MON SEP 22 2014


...................................

...THE JEROME ID CLIMATE SUMMARY FOR SEPTEMBER 21 2014...

CLIMATE NORMAL PERIOD 1981 TO 2010
CLIMATE RECORD PERIOD 1919 TO 2014


WEATHER ITEM   OBSERVED TIME   RECORD YEAR NORMAL DEPARTURE LAST
                VALUE   (LST)  VALUE       VALUE  FROM      YEAR
                                                  NORMAL
..................................................................
TEMPERATURE (F)
 YESTERDAY
  MAXIMUM         69    124 PM  94    1966  73     -4       78
  MINIMUM         56   1159 PM  30    1978  45     11       50
  AVERAGE         63                        59      4       64

PRECIPITATION (IN)
  YESTERDAY        0.07          0.39 1968   0.03   0.04     0.00
  MONTH TO DATE    0.07                      0.24  -0.17     0.23
  SINCE OCT 1      9.24                     10.62  -1.38     6.05
  SINCE JAN 1      8.64                      7.10   1.54     2.75

DEGREE DAYS
 HEATING
  YESTERDAY        2                         7     -5        1
  MONTH TO DATE   59                        92    -33       29
  SINCE SEP 1     59                        92    -33       29
  SINCE JUL 1     86                       125    -39       29

 COOLING
  YESTERDAY        0                         1     -1        0
  MONTH TO DATE   37                        41     -4       86
  SINCE SEP 1     37                        41     -4       86
  SINCE JAN 1    629                       506    123      904
..................................................................


WIND (MPH)
  HIGHEST WIND SPEED    15   HIGHEST WIND DIRECTION     E (70)
  HIGHEST GUST SPEED    19   HIGHEST GUST DIRECTION     E (70)
  AVERAGE WIND SPEED     8.7


SKY COVER
  AVERAGE SKY COVER 0.5


WEATHER CONDITIONS
 THE FOLLOWING WEATHER WAS RECORDED YESTERDAY.
  LIGHT RAIN


RELATIVE HUMIDITY (PERCENT)
 HIGHEST    93           900 PM
 LOWEST     43           500 AM
 AVERAGE    68

..........................................................


THE JEROME ID CLIMATE NORMALS FOR TODAY
                         NORMAL    RECORD    YEAR
 MAXIMUM TEMPERATURE (F)   72        96      1966
 MINIMUM TEMPERATURE (F)   44        27      1961


SUNRISE AND SUNSET
SEPTEMBER 22 2014.....SUNRISE   725 AM MDT   SUNSET   735 PM MDT
SEPTEMBER 23 2014.....SUNRISE   726 AM MDT   SUNSET   733 PM MDT


-  INDICATES NEGATIVE NUMBERS.
R  INDICATES RECORD WAS SET OR TIED.
MM INDICATES DATA IS MISSING.
T  INDICATES TRACE AMOUNT.




$$
