000
CDUS45 KBOI 240931
CLIJER


CLIMATE REPORT
NATIONAL WEATHER SERVICE BOISE ID
331 AM MDT MON APR 24 2017


...................................

...THE JEROME ID CLIMATE SUMMARY FOR APRIL 23 2017...

CLIMATE NORMAL PERIOD 1981 TO 2010
CLIMATE RECORD PERIOD 1915 TO 2017


WEATHER ITEM   OBSERVED TIME   RECORD YEAR NORMAL DEPARTURE LAST
                VALUE   (LST)  VALUE       VALUE  FROM      YEAR
                                                  NORMAL
..................................................................
TEMPERATURE (F)
 YESTERDAY
  MAXIMUM         64    403 PM  87    2012  60      4       49
  MINIMUM         44    612 AM  24    1968  36      8       42
  AVERAGE         54                        48      6       46

PRECIPITATION (IN)
  YESTERDAY        0.03          0.45 2007   0.04  -0.01     0.12
  MONTH TO DATE    0.77                      1.01  -0.24     0.33
  SINCE OCT 1      9.31                      7.55   1.76     8.29
  SINCE JAN 1      4.79                      4.03   0.76     3.70

DEGREE DAYS
 HEATING
  YESTERDAY       11                        17     -6       19
  MONTH TO DATE  434                       437     -3      271
  SINCE MAR 1   1060                      1206   -146      949
  SINCE JUL 1   5483                      6093   -610     5488

 COOLING
  YESTERDAY        0                         0      0        0
  MONTH TO DATE    0                         0      0        1
  SINCE MAR 1      0                         0      0        1
  SINCE JAN 1      0                         0      0        1
..................................................................


WIND (MPH)
  HIGHEST WIND SPEED    21   HIGHEST WIND DIRECTION     N (20)
  HIGHEST GUST SPEED    28   HIGHEST GUST DIRECTION    SW (240)
  AVERAGE WIND SPEED    10.4


SKY COVER
  AVERAGE SKY COVER 0.3


WEATHER CONDITIONS
 THE FOLLOWING WEATHER WAS RECORDED YESTERDAY.
  LIGHT RAIN


RELATIVE HUMIDITY (PERCENT)
 HIGHEST    89           700 AM
 LOWEST     36           400 PM
 AVERAGE    63

..........................................................


THE JEROME ID CLIMATE NORMALS FOR TODAY
                         NORMAL    RECORD    YEAR
 MAXIMUM TEMPERATURE (F)   61        88      1977
 MINIMUM TEMPERATURE (F)   36        17      1950


SUNRISE AND SUNSET
APRIL 24 2017.........SUNRISE   642 AM MDT   SUNSET   831 PM MDT
APRIL 25 2017.........SUNRISE   640 AM MDT   SUNSET   832 PM MDT


-  INDICATES NEGATIVE NUMBERS.
R  INDICATES RECORD WAS SET OR TIED.
MM INDICATES DATA IS MISSING.
T  INDICATES TRACE AMOUNT.




$$
