000
CDUS45 KBOI 020931
CLIJER


CLIMATE REPORT
NATIONAL WEATHER SERVICE BOISE ID
331 AM MDT THU JUL 2 2015


...................................

...THE JEROME ID CLIMATE SUMMARY FOR JULY 1 2015...

CLIMATE NORMAL PERIOD 1981 TO 2010
CLIMATE RECORD PERIOD 1919 TO 2015


WEATHER ITEM   OBSERVED TIME   RECORD YEAR NORMAL DEPARTURE LAST
                VALUE   (LST)  VALUE       VALUE  FROM      YEAR
                                                  NORMAL
..................................................................
TEMPERATURE (F)
 YESTERDAY
  MAXIMUM         97    525 PM 105    1924  83     14       91
  MINIMUM         68    557 AM  44    1992  53     15       49
  AVERAGE         83                        68     15       70

PRECIPITATION (IN)
  YESTERDAY        0.00          0.48 1965   0.01  -0.01     0.00
  MONTH TO DATE    0.00                      0.01  -0.01     0.00
  SINCE OCT 1      8.21                      9.90  -1.69     5.63
  SINCE JAN 1      5.31                      6.38  -1.07     5.03

DEGREE DAYS
 HEATING
  YESTERDAY        0                         1     -1        0
  MONTH TO DATE    0                         1     -1        0
  SINCE JUN 1     15                       108    -93       74
  SINCE JUL 1      0                         1     -1        0

 COOLING
  YESTERDAY       18                         4     14        5
  MONTH TO DATE   18                         4     14        5
  SINCE JUN 1    232                        72    160       50
  SINCE JAN 1    242                        85    157       60
..................................................................


WIND (MPH)
  HIGHEST WIND SPEED    15   HIGHEST WIND DIRECTION     W (250)
  HIGHEST GUST SPEED    20   HIGHEST GUST DIRECTION     W (250)
  AVERAGE WIND SPEED     8.1


SKY COVER
  AVERAGE SKY COVER 0.0


WEATHER CONDITIONS
 THE FOLLOWING WEATHER WAS RECORDED YESTERDAY.
  NO SIGNIFICANT WEATHER WAS OBSERVED.


RELATIVE HUMIDITY (PERCENT)
 HIGHEST    68           200 AM
 LOWEST     16           600 PM
 AVERAGE    42

..........................................................


THE JEROME ID CLIMATE NORMALS FOR TODAY
                         NORMAL    RECORD    YEAR
 MAXIMUM TEMPERATURE (F)   83       104      1924
 MINIMUM TEMPERATURE (F)   54        38      1955


SUNRISE AND SUNSET
JULY  2 2015..........SUNRISE   604 AM MDT   SUNSET   920 PM MDT
JULY  3 2015..........SUNRISE   604 AM MDT   SUNSET   919 PM MDT


-  INDICATES NEGATIVE NUMBERS.
R  INDICATES RECORD WAS SET OR TIED.
MM INDICATES DATA IS MISSING.
T  INDICATES TRACE AMOUNT.




$$
