872
CDUS45 KBOI 180931
CLIJER


CLIMATE REPORT
NATIONAL WEATHER SERVICE BOISE ID
231 AM MST SAT NOV 18 2017


...................................

...THE JEROME ID CLIMATE SUMMARY FOR NOVEMBER 17 2017...

CLIMATE NORMAL PERIOD 1981 TO 2010
CLIMATE RECORD PERIOD 1915 TO 2017


WEATHER ITEM   OBSERVED TIME   RECORD YEAR NORMAL DEPARTURE LAST
                VALUE   (LST)  VALUE       VALUE  FROM      YEAR
                                                  NORMAL
..................................................................
TEMPERATURE (F)
 YESTERDAY
  MAXIMUM         40    332 PM  67    2001  45     -5       41
  MINIMUM         29   1004 PM   5    1958  27      2       23
  AVERAGE         35                        36     -1       32

PRECIPITATION (IN)
  YESTERDAY        0.11          0.42 2003   0.04   0.07     0.00
  MONTH TO DATE    1.08                      0.57   0.51      T
  SINCE OCT 1      1.68                      1.38   0.30     2.66
  SINCE JAN 1      9.21                      8.67   0.54     9.67

DEGREE DAYS
 HEATING
  YESTERDAY       30                        29      1       33
  MONTH TO DATE  413                       433    -20      270
  SINCE SEP 1   1166                      1099     67      843
  SINCE JUL 1   1167                      1132     35      865

 COOLING
  YESTERDAY        0                         0      0        0
  MONTH TO DATE    0                         0      0        0
  SINCE SEP 1    121                        45     76       30
  SINCE JAN 1    929                       510    419      612
..................................................................


WIND (MPH)
  HIGHEST WIND SPEED    31   HIGHEST WIND DIRECTION     W (260)
  HIGHEST GUST SPEED    42   HIGHEST GUST DIRECTION     W (260)
  AVERAGE WIND SPEED    14.0


SKY COVER
  AVERAGE SKY COVER 0.5


WEATHER CONDITIONS
 THE FOLLOWING WEATHER WAS RECORDED YESTERDAY.
  SNOW
  LIGHT SNOW
  FOG
  FOG W/VISIBILITY <= 1/4 MILE


RELATIVE HUMIDITY (PERCENT)
 HIGHEST   100           500 AM
 LOWEST     54           300 PM
 AVERAGE    77

..........................................................


THE JEROME ID CLIMATE NORMALS FOR TODAY
                         NORMAL    RECORD    YEAR
 MAXIMUM TEMPERATURE (F)   44        65      2008
                                             1949
 MINIMUM TEMPERATURE (F)   27        10      2014


SUNRISE AND SUNSET
NOVEMBER 18 2017......SUNRISE   734 AM MST   SUNSET   512 PM MST
NOVEMBER 19 2017......SUNRISE   735 AM MST   SUNSET   511 PM MST


-  INDICATES NEGATIVE NUMBERS.
R  INDICATES RECORD WAS SET OR TIED.
MM INDICATES DATA IS MISSING.
T  INDICATES TRACE AMOUNT.




$$
