000
CDUS45 KBOI 300932
CLIJER


CLIMATE REPORT
NATIONAL WEATHER SERVICE BOISE ID
332 AM MDT SAT MAY 30 2015


...................................

...THE JEROME ID CLIMATE SUMMARY FOR MAY 29 2015...

CLIMATE NORMAL PERIOD 1981 TO 2010
CLIMATE RECORD PERIOD 1919 TO 2015


WEATHER ITEM   OBSERVED TIME   RECORD YEAR NORMAL DEPARTURE LAST
                VALUE   (LST)  VALUE       VALUE  FROM      YEAR
                                                  NORMAL
..................................................................
TEMPERATURE (F)
 YESTERDAY
  MAXIMUM         78    437 PM 103    2003  72      6       67
  MINIMUM         53    607 AM  33    1979  46      7       41
  AVERAGE         66                        59      7       54

PRECIPITATION (IN)
  YESTERDAY        0.00          0.84 1953   0.03  -0.03     0.00
  MONTH TO DATE    3.17                      1.19   1.98     0.34
  SINCE OCT 1      8.08                      9.07  -0.99     5.28
  SINCE JAN 1      5.18                      5.55  -0.37     4.68

DEGREE DAYS
 HEATING
  YESTERDAY        0                         7     -7       11
  MONTH TO DATE  225                       310    -85      222
  SINCE MAR 1   1287                      1626   -339     1441
  SINCE JUL 1   5329                      6513  -1184     6109

 COOLING
  YESTERDAY        1                         1      0        0
  MONTH TO DATE    1                         8     -7       10
  SINCE MAR 1      1                         8     -7       10
  SINCE JAN 1      1                         8     -7       10
..................................................................


WIND (MPH)
  HIGHEST WIND SPEED    21   HIGHEST WIND DIRECTION    NE (60)
  HIGHEST GUST SPEED    24   HIGHEST GUST DIRECTION    NE (60)
  AVERAGE WIND SPEED    12.2


SKY COVER
  AVERAGE SKY COVER 0.0


WEATHER CONDITIONS
 THE FOLLOWING WEATHER WAS RECORDED YESTERDAY.
  NO SIGNIFICANT WEATHER WAS OBSERVED.


RELATIVE HUMIDITY (PERCENT)
 HIGHEST    77           200 AM
 LOWEST     26           300 PM
 AVERAGE    52

..........................................................


THE JEROME ID CLIMATE NORMALS FOR TODAY
                         NORMAL    RECORD    YEAR
 MAXIMUM TEMPERATURE (F)   72        99      2003
 MINIMUM TEMPERATURE (F)   46        31      1919


SUNRISE AND SUNSET
MAY 30 2015...........SUNRISE   604 AM MDT   SUNSET   908 PM MDT
MAY 31 2015...........SUNRISE   603 AM MDT   SUNSET   908 PM MDT


-  INDICATES NEGATIVE NUMBERS.
R  INDICATES RECORD WAS SET OR TIED.
MM INDICATES DATA IS MISSING.
T  INDICATES TRACE AMOUNT.




$$
