000
CDUS45 KBOI 250935
CLIJER


CLIMATE REPORT
NATIONAL WEATHER SERVICE BOISE ID
234 AM MST THU DEC 25 2014


...................................

...THE JEROME ID CLIMATE SUMMARY FOR DECEMBER 24 2014...

CLIMATE NORMAL PERIOD 1981 TO 2010
CLIMATE RECORD PERIOD 1919 TO 2014


WEATHER ITEM   OBSERVED TIME   RECORD YEAR NORMAL DEPARTURE LAST
                VALUE   (LST)  VALUE       VALUE  FROM      YEAR
                                                  NORMAL
..................................................................
TEMPERATURE (F)
 YESTERDAY
  MAXIMUM         40    715 PM  51    2005  33      7       39
  MINIMUM         27    713 AM -19    1990  19      8       24
  AVERAGE         34                        26      8       32

PRECIPITATION (IN)
  YESTERDAY        0.18          1.00 1968   0.04   0.14     0.03
  MONTH TO DATE    1.53                      1.22   0.31     0.27
  SINCE OCT 1      2.77                      3.25  -0.48     0.60
  SINCE JAN 1     11.84                     10.54   1.30     3.62

DEGREE DAYS
 HEATING
  YESTERDAY       31                        39     -8       33
  MONTH TO DATE  627                       905   -278     1043
  SINCE DEC 1    627                       905   -278     1043
  SINCE JUL 1   1963                      2456   -493     2526

 COOLING
  YESTERDAY        0                         0      0        0
  MONTH TO DATE    0                         0      0        0
  SINCE DEC 1      0                         0      0        0
  SINCE JAN 1    652                       510    142      904
..................................................................


WIND (MPH)
  HIGHEST WIND SPEED    39   HIGHEST WIND DIRECTION     W (250)
  HIGHEST GUST SPEED    50   HIGHEST GUST DIRECTION     W (250)
  AVERAGE WIND SPEED    18.6


SKY COVER
  AVERAGE SKY COVER 0.5


WEATHER CONDITIONS
 THE FOLLOWING WEATHER WAS RECORDED YESTERDAY.
  LIGHT RAIN
  SNOW
  LIGHT SNOW
  FOG
  FOG W/VISIBILITY <= 1/4 MILE


RELATIVE HUMIDITY (PERCENT)
 HIGHEST   100          1100 PM
 LOWEST     72          1100 AM
 AVERAGE    86

..........................................................


THE JEROME ID CLIMATE NORMALS FOR TODAY
                         NORMAL    RECORD    YEAR
 MAXIMUM TEMPERATURE (F)   33        53      1955
 MINIMUM TEMPERATURE (F)   19       -14      1990


SUNRISE AND SUNSET
DECEMBER 25 2014......SUNRISE   807 AM MST   SUNSET   509 PM MST
DECEMBER 26 2014......SUNRISE   807 AM MST   SUNSET   510 PM MST


-  INDICATES NEGATIVE NUMBERS.
R  INDICATES RECORD WAS SET OR TIED.
MM INDICATES DATA IS MISSING.
T  INDICATES TRACE AMOUNT.




$$
