000
CDUS41 KOKX 210618
CLIJFK


CLIMATE REPORT
NATIONAL WEATHER SERVICE NEW YORK NY
217 AM EDT TUE OCT 21 2014


...................................

...THE KENNEDY NY CLIMATE SUMMARY FOR OCTOBER 20 2014...

CLIMATE NORMAL PERIOD 1981 TO 2010
CLIMATE RECORD PERIOD 1949 TO 2014


WEATHER ITEM   OBSERVED TIME   RECORD YEAR NORMAL DEPARTURE LAST
                VALUE   (LST)  VALUE       VALUE  FROM      YEAR
                                                  NORMAL
..................................................................
TEMPERATURE (F)
 YESTERDAY
  MAXIMUM         61    421 PM  81    1969  63     -2       64
  MINIMUM         42    154 AM  33    1974  48     -6       50
  AVERAGE         52                        56     -4       57

PRECIPITATION (IN)
  YESTERDAY        0.00          2.69 1989   0.11  -0.11     0.00
  MONTH TO DATE    2.06                      2.40  -0.34     0.28
  SINCE SEP 1      3.49                      5.90  -2.41     2.20
  SINCE JAN 1     37.60                     34.86   2.74    28.39

SNOWFALL (IN)
  YESTERDAY        0.0          MM      MM   0.0    0.0      0.0
  MONTH TO DATE    0.0                       0.0    0.0      0.0
  SINCE OCT 1      0.0                       0.0    0.0      0.0
  SINCE JUL 1      0.0                       0.0    0.0      0.0
  SNOW DEPTH       0

DEGREE DAYS
 HEATING
  YESTERDAY       13                        10      3        8
  MONTH TO DATE   88                       136    -48       51
  SINCE SEP 1    107                       174    -67       96
  SINCE JUL 1    107                       175    -68       96

 COOLING
  YESTERDAY        0                         0      0        0
  MONTH TO DATE   23                        12     11       39
  SINCE SEP 1    187                       142     45      152
  SINCE JAN 1   1050                      1003     47     1111
..................................................................


WIND (MPH)
  HIGHEST WIND SPEED    20   HIGHEST WIND DIRECTION    SW (210)
  HIGHEST GUST SPEED    24   HIGHEST GUST DIRECTION     S (200)
  AVERAGE WIND SPEED    10.1


SKY COVER
  POSSIBLE SUNSHINE  MM
  AVERAGE SKY COVER 0.8


WEATHER CONDITIONS
 THE FOLLOWING WEATHER WAS RECORDED YESTERDAY.
  NO SIGNIFICANT WEATHER WAS OBSERVED.


RELATIVE HUMIDITY (PERCENT)
 HIGHEST    62           900 PM
 LOWEST     40           100 PM
 AVERAGE    51

..........................................................


THE KENNEDY NY CLIMATE NORMALS FOR TODAY
                         NORMAL    RECORD    YEAR
 MAXIMUM TEMPERATURE (F)   63        81      1963
 MINIMUM TEMPERATURE (F)   48        32      1974


SUNRISE AND SUNSET
OCTOBER 21 2014.......SUNRISE   713 AM EDT   SUNSET   606 PM EDT
OCTOBER 22 2014.......SUNRISE   714 AM EDT   SUNSET   605 PM EDT


-  INDICATES NEGATIVE NUMBERS.
R  INDICATES RECORD WAS SET OR TIED.
MM INDICATES DATA IS MISSING.
T  INDICATES TRACE AMOUNT.




$$
