000
CDUS41 KOKX 012143
CLIJFK


CLIMATE REPORT
NATIONAL WEATHER SERVICE NEW YORK NY
443 PM EST SUN FEB 1 2015


...................................

...THE KENNEDY NY CLIMATE SUMMARY FOR FEBRUARY 1 2015...
VALID TODAY AS OF 0400 PM LOCAL TIME.

CLIMATE NORMAL PERIOD 1981 TO 2010
CLIMATE RECORD PERIOD 1949 TO 2015


WEATHER ITEM   OBSERVED TIME   RECORD YEAR NORMAL DEPARTURE LAST
                VALUE   (LST)  VALUE       VALUE  FROM      YEAR
                                                  NORMAL
..................................................................
TEMPERATURE (F)
 TODAY
  MAXIMUM         36    324 PM  64    2012  40     -4       43
  MINIMUM         21    115 AM   4    1961  27     -6       30
  AVERAGE         29                        33     -4       37

PRECIPITATION (IN)
  TODAY            0.00          1.51 2008   0.09  -0.09     0.00
  MONTH TO DATE    0.00                      0.09  -0.09     0.00
  SINCE DEC 1     12.35                      6.64   5.71     7.51
  SINCE JAN 1      5.31                      3.25   2.06     3.01

SNOWFALL (IN)
  TODAY            0.0           1.7  1950   0.3   -0.3      0.0
  MONTH TO DATE    0.0                       0.3   -0.3      0.0
  SINCE OCT 1     17.5                      11.5    6.0     23.9
  SINCE JUL 1     17.5                      11.5    6.0     23.9
  SNOW DEPTH       7

DEGREE DAYS
 HEATING
  TODAY           36                        32      4       28
  MONTH TO DATE   36                        32      4       28
  SINCE DEC 1   1816                      1878    -62     1980
  SINCE JUL 1   2600                      2702   -102     2794

 COOLING
  TODAY            0                         0      0        0
  MONTH TO DATE    0                         0      0        0
  SINCE DEC 1      0                         0      0        0
  SINCE JAN 1      0                         0      0        0
..................................................................


WIND (MPH)
  HIGHEST WIND SPEED    17   HIGHEST WIND DIRECTION     W (270)
  HIGHEST GUST SPEED    20   HIGHEST GUST DIRECTION     W (270)
  AVERAGE WIND SPEED    10.6


SKY COVER
  AVERAGE SKY COVER 0.7


WEATHER CONDITIONS
 THE FOLLOWING WEATHER WAS RECORDED TODAY.
  NO SIGNIFICANT WEATHER WAS OBSERVED.


RELATIVE HUMIDITY (PERCENT)
 HIGHEST    59           600 AM
 LOWEST     52          1200 AM
 AVERAGE    56

..........................................................


THE KENNEDY NY CLIMATE NORMALS FOR TOMORROW
                         NORMAL    RECORD    YEAR
 MAXIMUM TEMPERATURE (F)   40        56      1973
 MINIMUM TEMPERATURE (F)   27        -1      1961


SUNRISE AND SUNSET
FEBRUARY  1 2015......SUNRISE   705 AM EST   SUNSET   513 PM EST
FEBRUARY  2 2015......SUNRISE   704 AM EST   SUNSET   514 PM EST


-  INDICATES NEGATIVE NUMBERS.
R  INDICATES RECORD WAS SET OR TIED.
MM INDICATES DATA IS MISSING.
T  INDICATES TRACE AMOUNT.




$$
