000
CDUS41 KOKX 230617
CLIJFK


CLIMATE REPORT
NATIONAL WEATHER SERVICE NEW YORK NY
217 AM EDT WED AUG 23 2017


...................................

...THE KENNEDY NY CLIMATE SUMMARY FOR AUGUST 22 2017...

CLIMATE NORMAL PERIOD 1981 TO 2010
CLIMATE RECORD PERIOD 1948 TO 2017


WEATHER ITEM   OBSERVED TIME   RECORD YEAR NORMAL DEPARTURE LAST
                VALUE   (LST)  VALUE       VALUE  FROM      YEAR
                                                  NORMAL
..................................................................
TEMPERATURE (F)
 YESTERDAY
  MAXIMUM         86    228 PM  93    1976  81      5       81
  MINIMUM         74   1159 PM  56    1982  67      7       68
  AVERAGE         80                        74      6       75

PRECIPITATION (IN)
  YESTERDAY        0.17          2.00 1994   0.12   0.05     0.00
  MONTH TO DATE    1.82                      2.72  -0.90     0.62
  SINCE JUN 1     10.67                     10.66   0.01     8.29
  SINCE JAN 1     32.57                     28.00   4.57    23.27

SNOWFALL (IN)
  YESTERDAY        0.0          MM      MM   0.0    0.0      0.0
  MONTH TO DATE    0.0                       0.0    0.0      0.0
  SINCE OCT 1     30.9                      23.8    7.1     41.4
  SINCE JUL 1      0.0                       0.0    0.0      0.0
  SNOW DEPTH       0

DEGREE DAYS
 HEATING
  YESTERDAY        0                         0      0        0
  MONTH TO DATE    0                         0      0        0
  SINCE JUN 1     20                        21     -1        3
  SINCE JUL 1      0                         0      0        0

 COOLING
  YESTERDAY       15                         9      6       10
  MONTH TO DATE  243                       230     13      320
  SINCE JUN 1    812                       750     62      966
  SINCE JAN 1    862                       785     77     1017
..................................................................


WIND (MPH)
  HIGHEST WIND SPEED    31   HIGHEST WIND DIRECTION     S (180)
  HIGHEST GUST SPEED    36   HIGHEST GUST DIRECTION     S (190)
  AVERAGE WIND SPEED    14.5


SKY COVER
  POSSIBLE SUNSHINE  MM
  AVERAGE SKY COVER 0.7


WEATHER CONDITIONS
 THE FOLLOWING WEATHER WAS RECORDED YESTERDAY.
  THUNDERSTORM
  LIGHT RAIN
  FOG


RELATIVE HUMIDITY (PERCENT)
 HIGHEST   100           100 AM
 LOWEST     74          1200 PM
 AVERAGE    87

..........................................................


THE KENNEDY NY CLIMATE NORMALS FOR TODAY
                         NORMAL    RECORD    YEAR
 MAXIMUM TEMPERATURE (F)   81        91      1978
 MINIMUM TEMPERATURE (F)   67        57      1994


SUNRISE AND SUNSET
AUGUST 23 2017........SUNRISE   614 AM EDT   SUNSET   741 PM EDT
AUGUST 24 2017........SUNRISE   615 AM EDT   SUNSET   739 PM EDT


-  INDICATES NEGATIVE NUMBERS.
R  INDICATES RECORD WAS SET OR TIED.
MM INDICATES DATA IS MISSING.
T  INDICATES TRACE AMOUNT.




$$
