264
CDUS43 KSGF 260642
CLIJLN


CLIMATE REPORT
NATIONAL WEATHER SERVICE SPRINGFIELD MO
142 AM CDT MON JUN 26 2017


...................................

...THE JOPLIN MO CLIMATE SUMMARY FOR JUNE 25 2017...

CLIMATE NORMAL PERIOD 1981 TO 2010
CLIMATE RECORD PERIOD 1902 TO 2017


WEATHER ITEM   OBSERVED TIME   RECORD YEAR NORMAL DEPARTURE LAST
                VALUE   (LST)  VALUE       VALUE  FROM      YEAR
                                                  NORMAL
..................................................................
TEMPERATURE (F)
 YESTERDAY
  MAXIMUM         86    413 PM 101    2012  88     -2       92
  MINIMUM         62    539 AM  50    1974  68     -6       74
  AVERAGE         74                        78     -4       83

PRECIPITATION (IN)
  YESTERDAY        0.00          1.87 2003   0.17  -0.17     0.00
  MONTH TO DATE    3.01                      5.01  -2.00     3.54
  SINCE JUN 1      3.01                      5.01  -2.00     3.54
  SINCE JAN 1     28.94                     22.96   5.98    17.64

DEGREE DAYS
 HEATING
  YESTERDAY        0                         0      0        0
  MONTH TO DATE    0                         2     -2        0
  SINCE JUN 1      0                         2     -2        0
  SINCE JUL 1   3169                      4071   -902     3389

 COOLING
  YESTERDAY        9                        13     -4       18
  MONTH TO DATE  267                       251     16      347
  SINCE JUN 1    267                       251     16      347
  SINCE JAN 1    474                       431     43      461
..................................................................


WIND (MPH)
  HIGHEST WIND SPEED    14   HIGHEST WIND DIRECTION     N (20)
  HIGHEST GUST SPEED    21   HIGHEST GUST DIRECTION    NE (30)
  AVERAGE WIND SPEED     4.5


SKY COVER
  AVERAGE SKY COVER 0.2


WEATHER CONDITIONS
 THE FOLLOWING WEATHER WAS RECORDED YESTERDAY.
  NO SIGNIFICANT WEATHER WAS OBSERVED.


RELATIVE HUMIDITY (PERCENT)
 HIGHEST    93           300 AM
 LOWEST     37           100 PM
 AVERAGE    65

..........................................................


THE JOPLIN MO CLIMATE NORMALS FOR TODAY
                         NORMAL    RECORD    YEAR
 MAXIMUM TEMPERATURE (F)   88       100      1952
 MINIMUM TEMPERATURE (F)   68        50      1958


SUNRISE AND SUNSET
JUNE 26 2017..........SUNRISE   600 AM CDT   SUNSET   842 PM CDT
JUNE 27 2017..........SUNRISE   600 AM CDT   SUNSET   842 PM CDT


-  INDICATES NEGATIVE NUMBERS.
R  INDICATES RECORD WAS SET OR TIED.
MM INDICATES DATA IS MISSING.
T  INDICATES TRACE AMOUNT.




$$
