000
CDUS43 KSGF 220645
CLIJLN


CLIMATE REPORT
NATIONAL WEATHER SERVICE SPRINGFIELD MO
145 AM CDT TUE AUG 22 2017


...................................

...THE JOPLIN MO CLIMATE SUMMARY FOR AUGUST 21 2017...

CLIMATE NORMAL PERIOD 1981 TO 2010
CLIMATE RECORD PERIOD 1902 TO 2017


WEATHER ITEM   OBSERVED TIME   RECORD YEAR NORMAL DEPARTURE LAST
                VALUE   (LST)  VALUE       VALUE  FROM      YEAR
                                                  NORMAL
..................................................................
TEMPERATURE (F)
 YESTERDAY
  MAXIMUM         92    337 PM 102    2003  91      1       81
  MINIMUM         75    604 AM  46    1950  68      7       55
  AVERAGE         84                        80      4       68

PRECIPITATION (IN)
  YESTERDAY        0.00          1.43 1972   0.11  -0.11     0.00
  MONTH TO DATE    4.05                      2.15   1.90     2.89
  SINCE JUN 1     11.34                     11.82  -0.48    14.31
  SINCE JAN 1     37.27                     29.77   7.50    28.41

DEGREE DAYS
 HEATING
  YESTERDAY        0                         0      0        0
  MONTH TO DATE    0                         0      0        0
  SINCE JUN 1      0                         5     -5        0
  SINCE JUL 1      0                         0      0        0

 COOLING
  YESTERDAY       19                        15      4        3
  MONTH TO DATE  269                       326    -57      314
  SINCE JUN 1   1135                      1117     18     1232
  SINCE JAN 1   1342                      1297     45     1346
..................................................................


WIND (MPH)
  HIGHEST WIND SPEED    20   HIGHEST WIND DIRECTION     S (200)
  HIGHEST GUST SPEED    26   HIGHEST GUST DIRECTION     S (190)
  AVERAGE WIND SPEED    11.1


SKY COVER
  AVERAGE SKY COVER 0.0


WEATHER CONDITIONS
 THE FOLLOWING WEATHER WAS RECORDED YESTERDAY.
  NO SIGNIFICANT WEATHER WAS OBSERVED.


RELATIVE HUMIDITY (PERCENT)
 HIGHEST    94           500 AM
 LOWEST     59           500 PM
 AVERAGE    77

..........................................................


THE JOPLIN MO CLIMATE NORMALS FOR TODAY
                         NORMAL    RECORD    YEAR
 MAXIMUM TEMPERATURE (F)   91       103      1983
                                             2003
 MINIMUM TEMPERATURE (F)   68        53      2009
                                             1949


SUNRISE AND SUNSET
AUGUST 22 2017........SUNRISE   641 AM CDT   SUNSET   800 PM CDT
AUGUST 23 2017........SUNRISE   641 AM CDT   SUNSET   759 PM CDT


-  INDICATES NEGATIVE NUMBERS.
R  INDICATES RECORD WAS SET OR TIED.
MM INDICATES DATA IS MISSING.
T  INDICATES TRACE AMOUNT.




$$
