000
CDUS43 KSGF 050628
CLIJLN


CLIMATE REPORT
NATIONAL WEATHER SERVICE SPRINGFIELD MO
1227 AM CST THU MAR 5 2015


...................................

...THE JOPLIN MO CLIMATE SUMMARY FOR MARCH 4 2015...

CLIMATE NORMAL PERIOD 1981 TO 2010
CLIMATE RECORD PERIOD 1902 TO 2015


WEATHER ITEM   OBSERVED TIME   RECORD YEAR NORMAL DEPARTURE LAST
                VALUE   (LST)  VALUE       VALUE  FROM      YEAR
                                                  NORMAL
..................................................................
TEMPERATURE (F)
 YESTERDAY
  MAXIMUM         37   1219 AM  77    1961  56    -19       42
  MINIMUM         21   1106 AM   0    2002  34    -13       10
  AVERAGE         29                        45    -16       26

PRECIPITATION (IN)
  YESTERDAY        0.06          1.85 1959   0.11  -0.05     0.00
  MONTH TO DATE    0.06                      0.40  -0.34     0.21
  SINCE MAR 1      0.06                      0.40  -0.34     0.21
  SINCE JAN 1      1.58                      4.75  -3.17     1.06

DEGREE DAYS
 HEATING
  YESTERDAY       36                        20     16       39
  MONTH TO DATE  131                        82     49      177
  SINCE MAR 1    131                        82     49      177
  SINCE JUL 1   3667                      3336    331     4026

 COOLING
  YESTERDAY        0                         0      0        0
  MONTH TO DATE    0                         0      0        0
  SINCE MAR 1      0                         0      0        0
  SINCE JAN 1      0                         1     -1        0
..................................................................


WIND (MPH)
  HIGHEST WIND SPEED    24   HIGHEST WIND DIRECTION     N (360)
  HIGHEST GUST SPEED    30   HIGHEST GUST DIRECTION     N (360)
  AVERAGE WIND SPEED    12.6


SKY COVER
  AVERAGE SKY COVER 0.9


WEATHER CONDITIONS
 THE FOLLOWING WEATHER WAS RECORDED YESTERDAY.
  LT FREEZING RAIN
  LIGHT SNOW
  FOG
  HAZE


RELATIVE HUMIDITY (PERCENT)
 HIGHEST    84           900 AM
 LOWEST     46           900 PM
 AVERAGE    65

..........................................................


THE JOPLIN MO CLIMATE NORMALS FOR TODAY
                         NORMAL    RECORD    YEAR
 MAXIMUM TEMPERATURE (F)   56        81      1961
 MINIMUM TEMPERATURE (F)   35         6      1960


SUNRISE AND SUNSET
MARCH  5 2015.........SUNRISE   644 AM CST   SUNSET   616 PM CST
MARCH  6 2015.........SUNRISE   642 AM CST   SUNSET   617 PM CST


-  INDICATES NEGATIVE NUMBERS.
R  INDICATES RECORD WAS SET OR TIED.
MM INDICATES DATA IS MISSING.
T  INDICATES TRACE AMOUNT.




$$
