384
CDUS43 KSGF 040628
CLIJLN


CLIMATE REPORT
NATIONAL WEATHER SERVICE SPRINGFIELD MO
126 AM CDT WED MAY 4 2016


...................................

...THE JOPLIN MO CLIMATE SUMMARY FOR MAY 3 2016...

CLIMATE NORMAL PERIOD 1981 TO 2010
CLIMATE RECORD PERIOD 1902 TO 2016


WEATHER ITEM   OBSERVED TIME   RECORD YEAR NORMAL DEPARTURE LAST
                VALUE   (LST)  VALUE       VALUE  FROM      YEAR
                                                  NORMAL
..................................................................
TEMPERATURE (F)
 YESTERDAY
  MAXIMUM         68    328 PM  91    1952  75     -7       81
  MINIMUM         39    459 AM  31    1976  53    -14       59
  AVERAGE         54                        64    -10       70

PRECIPITATION (IN)
  YESTERDAY        0.00          0.87 1979   0.20  -0.20      T
  MONTH TO DATE    T                         0.58  -0.58      T
  SINCE MAR 1      7.12                      8.47  -1.35     5.78
  SINCE JAN 1      7.79                     12.82  -5.03     7.30

DEGREE DAYS
 HEATING
  YESTERDAY       11                         4      7        0
  MONTH TO DATE   36                        12     24        6
  SINCE MAR 1    552                       761   -209      693
  SINCE JUL 1   3302                      4015   -713     4229

 COOLING
  YESTERDAY        0                         2     -2        5
  MONTH TO DATE    0                         6     -6        5
  SINCE MAR 1     22                        59    -37       40
  SINCE JAN 1     23                        60    -37       40
..................................................................


WIND (MPH)
  HIGHEST WIND SPEED    12   HIGHEST WIND DIRECTION    NW (320)
  HIGHEST GUST SPEED    19   HIGHEST GUST DIRECTION     W (280)
  AVERAGE WIND SPEED     3.8


SKY COVER
  AVERAGE SKY COVER 0.2


WEATHER CONDITIONS
 THE FOLLOWING WEATHER WAS RECORDED YESTERDAY.
  FOG
  FOG W/VISIBILITY <= 1/4 MILE


RELATIVE HUMIDITY (PERCENT)
 HIGHEST   100           200 AM
 LOWEST     40          1200 PM
 AVERAGE    70

..........................................................


THE JOPLIN MO CLIMATE NORMALS FOR TODAY
                         NORMAL    RECORD    YEAR
 MAXIMUM TEMPERATURE (F)   75        94      2014
 MINIMUM TEMPERATURE (F)   53        33      2013
                                             1954


SUNRISE AND SUNSET
MAY  4 2016...........SUNRISE   620 AM CDT   SUNSET   810 PM CDT
MAY  5 2016...........SUNRISE   618 AM CDT   SUNSET   811 PM CDT


-  INDICATES NEGATIVE NUMBERS.
R  INDICATES RECORD WAS SET OR TIED.
MM INDICATES DATA IS MISSING.
T  INDICATES TRACE AMOUNT.




$$
