000
CDUS43 KBIS 250801
CLIJMS


CLIMATE REPORT
NATIONAL WEATHER SERVICE BISMARCK ND
301 AM CDT TUE APR 25 2017


...................................

...THE JAMESTOWN ND CLIMATE SUMMARY FOR APRIL 24 2017...

CLIMATE NORMAL PERIOD 1981 TO 2010
CLIMATE RECORD PERIOD 1891 TO 2017


WEATHER ITEM   OBSERVED TIME   RECORD YEAR NORMAL DEPARTURE LAST
                VALUE   (LST)  VALUE       VALUE  FROM      YEAR
                                                  NORMAL
..................................................................
TEMPERATURE (F)
 YESTERDAY
  MAXIMUM         36    403 PM  88    1962  60    -24       48
  MINIMUM         32   1159 PM  16    1909  34     -2       41
  AVERAGE         34                        47    -13       45

PRECIPITATION (IN)
  YESTERDAY        0.13          1.85 1953   0.06   0.07     0.94
  MONTH TO DATE    1.40                      0.85   0.55     1.92
  SINCE MAR 1      1.48                      1.69  -0.21     2.28
  SINCE JAN 1      1.90                      2.54  -0.64     2.39

DEGREE DAYS
 HEATING
  YESTERDAY       31                        18     13       20
  MONTH TO DATE  491                       576    -85      565
  SINCE MAR 1   1646                      1737    -91     1423
  SINCE JUL 1   7655                      8496   -841     7165

 COOLING
  YESTERDAY        0                         0      0        0
  MONTH TO DATE    0                         0      0        0
  SINCE MAR 1      0                         0      0        0
  SINCE JAN 1      0                         0      0        0
..................................................................


WIND (MPH)
  HIGHEST WIND SPEED    22   HIGHEST WIND DIRECTION     N (360)
  HIGHEST GUST SPEED    28   HIGHEST GUST DIRECTION     E (70)
  AVERAGE WIND SPEED    14.9


SKY COVER
  POSSIBLE SUNSHINE  MM
  AVERAGE SKY COVER 1.0


WEATHER CONDITIONS
 THE FOLLOWING WEATHER WAS RECORDED YESTERDAY.
  LIGHT RAIN
  FOG


RELATIVE HUMIDITY (PERCENT)
 HIGHEST   100          1100 AM
 LOWEST     89           100 AM
 AVERAGE    95

..........................................................


THE JAMESTOWN ND CLIMATE NORMALS FOR TODAY
                         NORMAL    RECORD    YEAR
 MAXIMUM TEMPERATURE (F)   60        83      1962
 MINIMUM TEMPERATURE (F)   34        17      1907


SUNRISE AND SUNSET
APRIL 25 2017.........SUNRISE   629 AM CDT   SUNSET   837 PM CDT
APRIL 26 2017.........SUNRISE   627 AM CDT   SUNSET   839 PM CDT


-  INDICATES NEGATIVE NUMBERS.
R  INDICATES RECORD WAS SET OR TIED.
MM INDICATES DATA IS MISSING.
T  INDICATES TRACE AMOUNT.




$$
