000
CDUS43 KBIS 240028
CLIJMS


CLIMATE REPORT
NATIONAL WEATHER SERVICE BISMARCK ND
727 PM CDT WED JUL 23 2014


...................................

...THE JAMESTOWN ND CLIMATE SUMMARY FOR JULY 23 2014...
VALID TODAY AS OF 0700 PM LOCAL TIME.

CLIMATE NORMAL PERIOD 1981 TO 2010
CLIMATE RECORD PERIOD 1891 TO 2014


WEATHER ITEM   OBSERVED TIME   RECORD YEAR NORMAL DEPARTURE LAST
                VALUE   (LST)  VALUE       VALUE  FROM      YEAR
                                                  NORMAL
..................................................................
TEMPERATURE (F)
 TODAY
  MAXIMUM         79    437 PM 104    1931  83     -4       75
  MINIMUM         59    403 AM  43    1914  58      1       49
  AVERAGE         69                        70     -1       62

PRECIPITATION (IN)
  TODAY            0.01          1.67 2008   0.10  -0.09     0.00
  MONTH TO DATE    0.71                      2.67  -1.96     0.35
  SINCE JUN 1      7.07                      5.86   1.21     2.08
  SINCE JAN 1     15.51                     11.41   4.10     7.67

DEGREE DAYS
 HEATING
  TODAY            0                         0      0        3
  MONTH TO DATE   24                        19      5        7
  SINCE JUN 1     83                       116    -33       92
  SINCE JUL 1     24                        19      5        7

 COOLING
  TODAY            4                         6     -2        0
  MONTH TO DATE  100                       127    -27      173
  SINCE JUN 1    156                       207    -51      273
  SINCE JAN 1    210                       227    -17      284
..................................................................


WIND (MPH)
  RESULTANT WIND SPEED   5   RESULTANT WIND DIRECTION  SE (140)
  HIGHEST WIND SPEED    12   HIGHEST WIND DIRECTION    SE (130)
  HIGHEST GUST SPEED    16   HIGHEST GUST DIRECTION     S (170)
  AVERAGE WIND SPEED     4.9


SKY COVER
  POSSIBLE SUNSHINE  MM
  AVERAGE SKY COVER 0.4


WEATHER CONDITIONS
 THE FOLLOWING WEATHER WAS RECORDED TODAY.
  LIGHT RAIN


RELATIVE HUMIDITY (PERCENT)
 HIGHEST    93          1200 AM
 LOWEST     47           200 PM
 AVERAGE    70

..........................................................


THE JAMESTOWN ND CLIMATE NORMALS FOR TOMORROW
                         NORMAL    RECORD    YEAR
 MAXIMUM TEMPERATURE (F)   83       109      1931
 MINIMUM TEMPERATURE (F)   58        37      1916


SUNRISE AND SUNSET
JULY 23 2014..........SUNRISE   604 AM CDT   SUNSET   918 PM CDT
JULY 24 2014..........SUNRISE   605 AM CDT   SUNSET   917 PM CDT


-  INDICATES NEGATIVE NUMBERS.
R  INDICATES RECORD WAS SET OR TIED.
MM INDICATES DATA IS MISSING.
T  INDICATES TRACE AMOUNT.




$$
