000
CDUS43 KBIS 220726
CLIJMS


CLIMATE REPORT
NATIONAL WEATHER SERVICE BISMARCK ND
126 AM CST MON DEC 22 2014


...................................

...THE JAMESTOWN ND CLIMATE SUMMARY FOR DECEMBER 21 2014...

CLIMATE NORMAL PERIOD 1981 TO 2010
CLIMATE RECORD PERIOD 1891 TO 2014


WEATHER ITEM   OBSERVED TIME   RECORD YEAR NORMAL DEPARTURE LAST
                VALUE   (LST)  VALUE       VALUE  FROM      YEAR
                                                  NORMAL
..................................................................
TEMPERATURE (F)
 YESTERDAY
  MAXIMUM         33    315 PM  49    1907  22     11        0
  MINIMUM         21    651 AM -40    1916   4     17      -12
  AVERAGE         27                        12     15       -6

PRECIPITATION (IN)
  YESTERDAY        0.00          0.10 1980   0.01  -0.01     0.00
  MONTH TO DATE    T                         0.26  -0.26     0.20
  SINCE DEC 1      T                         0.26  -0.26     0.20
  SINCE JAN 1     21.00                     18.63   2.37    16.07

DEGREE DAYS
 HEATING
  YESTERDAY       38                        53    -15       71
  MONTH TO DATE  960                      1041    -81     1272
  SINCE DEC 1    960                      1041    -81     1272
  SINCE JUL 1   3123                      3125     -2     3280

 COOLING
  YESTERDAY        0                         0      0        0
  MONTH TO DATE    0                         0      0        0
  SINCE DEC 1      0                         0      0        0
  SINCE JAN 1    367                       446    -79      521
..................................................................


WIND (MPH)
  HIGHEST WIND SPEED    17   HIGHEST WIND DIRECTION    SE (150)
  HIGHEST GUST SPEED    22   HIGHEST GUST DIRECTION    SE (140)
  AVERAGE WIND SPEED    10.1


SKY COVER
  POSSIBLE SUNSHINE  MM
  AVERAGE SKY COVER 0.9


WEATHER CONDITIONS
 THE FOLLOWING WEATHER WAS RECORDED YESTERDAY.
  FOG
  FOG W/VISIBILITY <= 1/4 MILE


RELATIVE HUMIDITY (PERCENT)
 HIGHEST   100           900 PM
 LOWEST     84           500 AM
 AVERAGE    92

..........................................................


THE JAMESTOWN ND CLIMATE NORMALS FOR TODAY
                         NORMAL    RECORD    YEAR
 MAXIMUM TEMPERATURE (F)   21        50      1954
 MINIMUM TEMPERATURE (F)    3       -34      1916


SUNRISE AND SUNSET
DECEMBER 22 2014......SUNRISE   818 AM CST   SUNSET   449 PM CST
DECEMBER 23 2014......SUNRISE   818 AM CST   SUNSET   449 PM CST


-  INDICATES NEGATIVE NUMBERS.
R  INDICATES RECORD WAS SET OR TIED.
MM INDICATES DATA IS MISSING.
T  INDICATES TRACE AMOUNT.




$$
