000
CDUS43 KBIS 200728
CLIJMS


CLIMATE REPORT
NATIONAL WEATHER SERVICE BISMARCK ND
128 AM CST MON FEB 20 2017


...................................

...THE JAMESTOWN ND CLIMATE SUMMARY FOR FEBRUARY 19 2017...

CLIMATE NORMAL PERIOD 1981 TO 2010
CLIMATE RECORD PERIOD 1891 TO 2017


WEATHER ITEM   OBSERVED TIME   RECORD YEAR NORMAL DEPARTURE LAST
                VALUE   (LST)  VALUE       VALUE  FROM      YEAR
                                                  NORMAL
..................................................................
TEMPERATURE (F)
 YESTERDAY
  MAXIMUM         48    450 PM  52    1981  26     22       49
  MINIMUM         35    604 AM -36    1929   7     28       32
  AVERAGE         42                        16     26       41

PRECIPITATION (IN)
  YESTERDAY        0.00          0.65 1924   0.02  -0.02     0.01
                                      1998
  MONTH TO DATE    T                         0.23  -0.23     0.06
  SINCE DEC 1      1.51                      1.08   0.43     0.20
  SINCE JAN 1      0.22                      0.68  -0.46     0.06

DEGREE DAYS
 HEATING
  YESTERDAY       23                        49    -26       24
  MONTH TO DATE  847                       978   -131      832
  SINCE DEC 1   4098                      4256   -158     3750
  SINCE JUL 1   5659                      6340   -681     5398

 COOLING
  YESTERDAY        0                         0      0        0
  MONTH TO DATE    0                         0      0        0
  SINCE DEC 1      0                         0      0        0
  SINCE JAN 1      0                         0      0        0
..................................................................


WIND (MPH)
  HIGHEST WIND SPEED    22   HIGHEST WIND DIRECTION    SE (130)
  HIGHEST GUST SPEED    27   HIGHEST GUST DIRECTION    SE (130)
  AVERAGE WIND SPEED    12.3


SKY COVER
  POSSIBLE SUNSHINE  MM
  AVERAGE SKY COVER 0.1


WEATHER CONDITIONS
 THE FOLLOWING WEATHER WAS RECORDED YESTERDAY.
  FOG


RELATIVE HUMIDITY (PERCENT)
 HIGHEST   100          1000 PM
 LOWEST     76          1200 PM
 AVERAGE    88

..........................................................


THE JAMESTOWN ND CLIMATE NORMALS FOR TODAY
                         NORMAL    RECORD    YEAR
 MAXIMUM TEMPERATURE (F)   26        55      1981
 MINIMUM TEMPERATURE (F)    7       -35      1929


SUNRISE AND SUNSET
FEBRUARY 20 2017......SUNRISE   730 AM CST   SUNSET   607 PM CST
FEBRUARY 21 2017......SUNRISE   728 AM CST   SUNSET   609 PM CST


-  INDICATES NEGATIVE NUMBERS.
R  INDICATES RECORD WAS SET OR TIED.
MM INDICATES DATA IS MISSING.
T  INDICATES TRACE AMOUNT.




$$
