000
CDUS43 KBIS 240034
CLIJMS


CLIMATE REPORT
NATIONAL WEATHER SERVICE BISMARCK ND
734 PM CDT THU MAR 23 2017


...................................

...THE JAMESTOWN ND CLIMATE SUMMARY FOR MARCH 23 2017...
VALID TODAY AS OF 0700 PM LOCAL TIME.

CLIMATE NORMAL PERIOD 1981 TO 2010
CLIMATE RECORD PERIOD 1891 TO 2017


WEATHER ITEM   OBSERVED TIME   RECORD YEAR NORMAL DEPARTURE LAST
                VALUE   (LST)  VALUE       VALUE  FROM      YEAR
                                                  NORMAL
..................................................................
TEMPERATURE (F)
 TODAY
  MAXIMUM         44    158 PM  79    1963  41      3       40
  MINIMUM         28    410 AM -23    1899  21      7       21
  AVERAGE         36                        31      5       31

PRECIPITATION (IN)
  TODAY            0.06          0.82 1931   0.03   0.03     0.00
  MONTH TO DATE    0.08                      0.59  -0.51     0.32
  SINCE MAR 1      0.08                      0.59  -0.51     0.32
  SINCE JAN 1      0.50                      1.44  -0.94     0.43

DEGREE DAYS
 HEATING
  TODAY           29                        34     -5       34
  MONTH TO DATE  966                       906     60      650
  SINCE MAR 1    966                       906     60      650
  SINCE JUL 1   6975                      7665   -690     6392

 COOLING
  TODAY            0                         0      0        0
  MONTH TO DATE    0                         0      0        0
  SINCE MAR 1      0                         0      0        0
  SINCE JAN 1      0                         0      0        0
..................................................................


WIND (MPH)
  RESULTANT WIND SPEED   9   RESULTANT WIND DIRECTION   S (160)
  HIGHEST WIND SPEED    18   HIGHEST WIND DIRECTION     S (180)
  HIGHEST GUST SPEED    23   HIGHEST GUST DIRECTION     S (180)
  AVERAGE WIND SPEED     9.0


SKY COVER
  POSSIBLE SUNSHINE  MM
  AVERAGE SKY COVER 0.6


WEATHER CONDITIONS
 THE FOLLOWING WEATHER WAS RECORDED TODAY.
  LIGHT RAIN
  FOG


RELATIVE HUMIDITY (PERCENT)
 HIGHEST    92           500 AM
 LOWEST     78          1200 AM
 AVERAGE    85

..........................................................


THE JAMESTOWN ND CLIMATE NORMALS FOR TOMORROW
                         NORMAL    RECORD    YEAR
 MAXIMUM TEMPERATURE (F)   41        79      1939
 MINIMUM TEMPERATURE (F)   21       -11      1974


SUNRISE AND SUNSET
MARCH 23 2017.........SUNRISE   731 AM CDT   SUNSET   752 PM CDT
MARCH 24 2017.........SUNRISE   729 AM CDT   SUNSET   753 PM CDT


-  INDICATES NEGATIVE NUMBERS.
R  INDICATES RECORD WAS SET OR TIED.
MM INDICATES DATA IS MISSING.
T  INDICATES TRACE AMOUNT.




$$
