000
CDAK47 PAJK 021331
CLIJNU
AKZ025-030100-
CLIMATE REPORT
NATIONAL WEATHER SERVICE JUNEAU, AK
503 AM AKDT THU JUL 2 2015


...................................

...THE JUNEAU CLIMATE SUMMARY FOR JULY 1 2015...

CLIMATE NORMAL PERIOD 1981 TO 2010
CLIMATE RECORD PERIOD 1943 TO 2015


WEATHER ITEM   OBSERVED TIME   RECORD YEAR NORMAL DEPARTURE LAST
                VALUE   (LST)  VALUE       VALUE  FROM      YEAR
                                                  NORMAL
..................................................................
TEMPERATURE (F)
 YESTERDAY
  MAXIMUM         64    433 PM  77    1989  63      1       65
  MINIMUM         46    347 AM  41    1950  49     -3       47
  AVERAGE         55                        56     -1       56

PRECIPITATION (IN)
  YESTERDAY        0.42          1.25 1981   0.13   0.29     0.00
  MONTH TO DATE    0.42                      0.13   0.29     0.00
  SINCE JUN 1      5.08                      3.37   1.71     7.48
  SINCE JAN 1     32.90                     22.97   9.93    27.40

DEGREE DAYS
 HEATING
  YESTERDAY       10                         9      1        9
  MONTH TO DATE   10                         9      1        9
  SINCE JUN 1    244                       324    -80      363
  SINCE JUL 1     10                         9      1        9

 COOLING
  YESTERDAY        0                         0      0        0
  MONTH TO DATE    0                         0      0        0
  SINCE JUN 1      2                         1      1        0
  SINCE JAN 1      2                         1      1        0
..................................................................


WIND (MPH)
  HIGHEST WIND SPEED    26   HIGHEST WIND DIRECTION    SE (120)
  HIGHEST GUST SPEED    36   HIGHEST GUST DIRECTION    SE (140)
  AVERAGE WIND SPEED     7.2


SKY COVER
  AVERAGE SKY COVER 0.8


WEATHER CONDITIONS
 THE FOLLOWING WEATHER WAS RECORDED YESTERDAY.
  RAIN
  LIGHT RAIN
  FOG


RELATIVE HUMIDITY (PERCENT)
 HIGHEST    93           200 AM
 LOWEST     56          1200 PM
 AVERAGE    75

..........................................................


THE JUNEAU CLIMATE NORMALS FOR TODAY
                         NORMAL    RECORD    YEAR
 MAXIMUM TEMPERATURE (F)   63        77      1999
 MINIMUM TEMPERATURE (F)   49        40      1972


SUNRISE AND SUNSET
JULY  2 2015..........SUNRISE   358 AM AKDT  SUNSET  1006 PM AKDT
JULY  3 2015..........SUNRISE   359 AM AKDT  SUNSET  1005 PM AKDT


-  INDICATES NEGATIVE NUMBERS.
R  INDICATES RECORD WAS SET OR TIED.
MM INDICATES DATA IS MISSING.
T  INDICATES TRACE AMOUNT.




$$


&&
----------------------------
AMOUNT OF DAYLIGHT TODAY  (HOUR:MIN)........18:08
GAIN/LOSS SINCE YESTERDAY (HOUR:MIN:SEC)....-0:01:37
