000
CDAK47 PAJK 231325
CLIJNU
AKZ025-240100-
CLIMATE REPORT
NATIONAL WEATHER SERVICE JUNEAU, AK
308 AM AKST SUN NOV 23 2014


...................................

...THE JUNEAU CLIMATE SUMMARY FOR NOVEMBER 22 2014...

CLIMATE NORMAL PERIOD 1981 TO 2010
CLIMATE RECORD PERIOD 1943 TO 2014


WEATHER ITEM   OBSERVED TIME   RECORD YEAR NORMAL DEPARTURE LAST
                VALUE   (LST)  VALUE       VALUE  FROM      YEAR
                                                  NORMAL
..................................................................
TEMPERATURE (F)
 YESTERDAY
  MAXIMUM         42    306 PM  52    2005  36      6       42
  MINIMUM         39   1103 PM  -2    1973  28     11       24
  AVERAGE         41                        32      9       33

PRECIPITATION (IN)
  YESTERDAY        0.06          1.79 2005   0.20  -0.14     1.14
  MONTH TO DATE    3.36                      4.38  -1.02     4.59
  SINCE SEP 1     20.13                     21.65  -1.52    22.31
  SINCE JAN 1     64.32                     54.82   9.50    63.22

SNOWFALL (IN)
  YESTERDAY        0.0          10.4  1994   0.6   -0.6      0.5
  MONTH TO DATE    T                         8.5   -8.5     13.5
  SINCE SEP 1      T                         9.3   -9.3     13.5
  SINCE JUL 1      T                         9.3   -9.3     13.5
  SNOW DEPTH       0

DEGREE DAYS
 HEATING
  YESTERDAY       24                        33     -9       32
  MONTH TO DATE  619                       679    -60      774
  SINCE SEP 1   1657                      1829   -172     1782
  SINCE JUL 1   2133                      2364   -231     2217
..................................................................


WIND (MPH)
  HIGHEST WIND SPEED    21   HIGHEST WIND DIRECTION    SE (140)
  HIGHEST GUST SPEED    26   HIGHEST GUST DIRECTION    SE (140)
  AVERAGE WIND SPEED    11.0


SKY COVER
  POSSIBLE SUNSHINE  MM
  AVERAGE SKY COVER 1.0


WEATHER CONDITIONS
 THE FOLLOWING WEATHER WAS RECORDED YESTERDAY.
  LIGHT RAIN
  FOG


RELATIVE HUMIDITY (PERCENT)
 HIGHEST   100          1200 AM
 LOWEST     86           600 AM
 AVERAGE    93

..........................................................


THE JUNEAU CLIMATE NORMALS FOR TODAY
                         NORMAL    RECORD    YEAR
 MAXIMUM TEMPERATURE (F)   36        53      2005
 MINIMUM TEMPERATURE (F)   28        -2      2006


SUNRISE AND SUNSET
NOVEMBER 23 2014......SUNRISE   805 AM AKST  SUNSET   324 PM AKST
NOVEMBER 24 2014......SUNRISE   807 AM AKST  SUNSET   322 PM AKST


-  INDICATES NEGATIVE NUMBERS.
R  INDICATES RECORD WAS SET OR TIED.
MM INDICATES DATA IS MISSING.
T  INDICATES TRACE AMOUNT.




$$


&&
----------------------------
AMOUNT OF DAYLIGHT TODAY  (HOUR:MIN)........ 7:19
GAIN/LOSS SINCE YESTERDAY (HOUR:MIN:SEC)....-0:03:43
