000
CDAK47 PAJK 171136
CLIJNU
CLIMATE REPORT
NATIONAL WEATHER SERVICE JUNEAU, AK
333 AM AKDT TUE OCT 17 2017


...................................

...THE JUNEAU CLIMATE SUMMARY FOR OCTOBER 16 2017...

CLIMATE NORMAL PERIOD 1981 TO 2010
CLIMATE RECORD PERIOD 1936 TO 2017


WEATHER ITEM   OBSERVED RECORD YEAR NORMAL DEPARTURE LAST
                VALUE   VALUE       VALUE  FROM      YEAR
                                           NORMAL
...........................................................
TEMPERATURE (F)
 YESTERDAY
  MAXIMUM         44     54    2015  47     -3       36
  MINIMUM         38     23    1992  38      0       32
  AVERAGE         41                 43     -2       34

PRECIPITATION (IN)
  YESTERDAY        0.22   2.06 1936   0.28  -0.06     1.02
  MONTH TO DATE    2.49               4.77  -2.28     1.39
  SINCE JAN 1     52.32              46.58   5.74    49.55

SNOWFALL (IN)
  YESTERDAY        0.0    5.1  2016   0.0    0.0      5.1
  MONTH TO DATE    0.0                0.1   -0.1      5.7
  SINCE JUL 1      0.0                0.1   -0.1      5.7
  SNOW DEPTH       0

DEGREE DAYS
 HEATING
  YESTERDAY       24                 22      2       31
  MONTH TO DATE  228                321    -93      384
...........................................................


WIND (MPH)
  HIGHEST WIND SPEED    20   HIGHEST WIND DIRECTION    SE (120)
  HIGHEST GUST SPEED    24   HIGHEST GUST DIRECTION    SE (120)
  AVERAGE WIND SPEED     8.8


SKY COVER
  AVERAGE SKY COVER 1.0


WEATHER CONDITIONS
 THE FOLLOWING WEATHER WAS RECORDED YESTERDAY.
  LIGHT RAIN
  FOG


..........................................................


THE JUNEAU CLIMATE NORMALS FOR TODAY
                         NORMAL    RECORD    YEAR
 MAXIMUM TEMPERATURE (F)   47        54      2015
 MINIMUM TEMPERATURE (F)   38        20      1992


SUNRISE AND SUNSET
OCTOBER 17 2017.......SUNRISE   740 AM AKDT  SUNSET   546 PM AKDT
OCTOBER 18 2017.......SUNRISE   742 AM AKDT  SUNSET   544 PM AKDT


-  INDICATES NEGATIVE NUMBERS.
R  INDICATES RECORD WAS SET OR TIED.
MM INDICATES DATA IS MISSING.
T  INDICATES TRACE AMOUNT.




$$
--------------------------------------------------------------

AMOUNT OF DAYLIGHT TODAY (HOUR:MIN)......... 10 HOURS 06 MINUTES
GAIN/LOSS SINCE YESTERDAY (HOUR:MIN:SEC).... -0:04:59

$$
