000
CDAK47 PAJK 021147
CLIJNU
AKZ025-022300-
CLIMATE REPORT
NATIONAL WEATHER SERVICE JUNEAU, AK
346 AM AKDT THU OCT 2 2014


...................................

...THE JUNEAU CLIMATE SUMMARY FOR OCTOBER 1 2014...

CLIMATE NORMAL PERIOD 1981 TO 2010
CLIMATE RECORD PERIOD 1943 TO 2014


WEATHER ITEM   OBSERVED TIME   RECORD YEAR NORMAL DEPARTURE LAST
                VALUE   (LST)  VALUE       VALUE  FROM      YEAR
                                                  NORMAL
..................................................................
TEMPERATURE (F)
 YESTERDAY
  MAXIMUM         52    322 PM  61    1987  52      0       51
  MINIMUM         31   1159 PM  25    2000  42    -11       46
  AVERAGE         42                        47     -5       49

PRECIPITATION (IN)
  YESTERDAY        0.00          2.03 1958   0.31  -0.31     0.13
  MONTH TO DATE    0.00                      0.31  -0.31     0.13
  SINCE SEP 1      9.31                      8.95   0.36     7.66
  SINCE JAN 1     53.41                     42.12  11.29    48.57

DEGREE DAYS
 HEATING
  YESTERDAY       23                        18      5       16
  MONTH TO DATE   23                        18      5       16
  SINCE SEP 1    414                       467    -53      403
  SINCE JUL 1    890                      1002   -112      838

 COOLING
  YESTERDAY        0                         0      0        0
  MONTH TO DATE    0                         0      0        0
  SINCE SEP 1      0                         0      0        0
  SINCE JAN 1      0                         2     -2        9
..................................................................


WIND (MPH)
  HIGHEST WIND SPEED     8   HIGHEST WIND DIRECTION    SW (240)
  HIGHEST GUST SPEED    10   HIGHEST GUST DIRECTION    SW (230)
  AVERAGE WIND SPEED     1.3


SKY COVER
  POSSIBLE SUNSHINE  MM
  AVERAGE SKY COVER 0.4


WEATHER CONDITIONS
 THE FOLLOWING WEATHER WAS RECORDED YESTERDAY.
  FOG
  FOG W/VISIBILITY <= 1/4 MILE
  HAZE


RELATIVE HUMIDITY (PERCENT)
 HIGHEST   100          1200 AM
 LOWEST     30           200 PM
 AVERAGE    65

..........................................................


THE JUNEAU CLIMATE NORMALS FOR TODAY
                         NORMAL    RECORD    YEAR
 MAXIMUM TEMPERATURE (F)   51        60      2003
                                             1967
 MINIMUM TEMPERATURE (F)   42        24      2000


SUNRISE AND SUNSET
OCTOBER  2 2014.......SUNRISE   705 AM AKDT  SUNSET   629 PM AKDT
OCTOBER  3 2014.......SUNRISE   707 AM AKDT  SUNSET   626 PM AKDT


-  INDICATES NEGATIVE NUMBERS.
R  INDICATES RECORD WAS SET OR TIED.
MM INDICATES DATA IS MISSING.
T  INDICATES TRACE AMOUNT.




$$


&&
----------------------------
AMOUNT OF DAYLIGHT TODAY  (HOUR:MIN)........11:23
GAIN/LOSS SINCE YESTERDAY (HOUR:MIN:SEC)....-0:05:03
