000
CDAK47 PAJK 171129
CLIJNU
AKZ025-172300-
CLIMATE REPORT
NATIONAL WEATHER SERVICE JUNEAU, AK
326 AM AKDT WED SEP 17 2014


...................................

...THE JUNEAU CLIMATE SUMMARY FOR SEPTEMBER 16 2014...

CLIMATE NORMAL PERIOD 1981 TO 2010
CLIMATE RECORD PERIOD 1943 TO 2014


WEATHER ITEM   OBSERVED TIME   RECORD YEAR NORMAL DEPARTURE LAST
                VALUE   (LST)  VALUE       VALUE  FROM      YEAR
                                                  NORMAL
..................................................................
TEMPERATURE (F)
 YESTERDAY
  MAXIMUM         59    309 PM  70    2010  56      3       58
  MINIMUM         49   1056 PM  29    1969  44      5       50
  AVERAGE         54                        50      4       54

PRECIPITATION (IN)
  YESTERDAY        0.09          1.51 2000   0.30  -0.21     0.17
  MONTH TO DATE    3.50                      4.38  -0.88     3.92
  SINCE SEP 1      3.50                      4.38  -0.88     3.92
  SINCE JAN 1     47.60                     37.55  10.05    44.83

DEGREE DAYS
 HEATING
  YESTERDAY       11                        15     -4       11
  MONTH TO DATE  202                       217    -15      154
  SINCE SEP 1    202                       217    -15      154
  SINCE JUL 1    678                       752    -74      589

 COOLING
  YESTERDAY        0                         0      0        0
  MONTH TO DATE    0                         0      0        0
  SINCE SEP 1      0                         0      0        0
  SINCE JAN 1      0                         2     -2        9
..................................................................


WIND (MPH)
  HIGHEST WIND SPEED    10   HIGHEST WIND DIRECTION     E (70)
  HIGHEST GUST SPEED    12   HIGHEST GUST DIRECTION     E (110)
  AVERAGE WIND SPEED     5.0


SKY COVER
  POSSIBLE SUNSHINE  MM
  AVERAGE SKY COVER 0.9


WEATHER CONDITIONS
 THE FOLLOWING WEATHER WAS RECORDED YESTERDAY.
  LIGHT RAIN
  FOG


RELATIVE HUMIDITY (PERCENT)
 HIGHEST   100           900 PM
 LOWEST     80           300 PM
 AVERAGE    90

..........................................................


THE JUNEAU CLIMATE NORMALS FOR TODAY
                         NORMAL    RECORD    YEAR
 MAXIMUM TEMPERATURE (F)   55        70      1995
 MINIMUM TEMPERATURE (F)   44        31      1973


SUNRISE AND SUNSET
SEPTEMBER 17 2014.....SUNRISE   632 AM AKDT  SUNSET   712 PM AKDT
SEPTEMBER 18 2014.....SUNRISE   635 AM AKDT  SUNSET   709 PM AKDT


-  INDICATES NEGATIVE NUMBERS.
R  INDICATES RECORD WAS SET OR TIED.
MM INDICATES DATA IS MISSING.
T  INDICATES TRACE AMOUNT.




$$


&&
----------------------------
AMOUNT OF DAYLIGHT TODAY  (HOUR:MIN)........12:39
GAIN/LOSS SINCE YESTERDAY (HOUR:MIN:SEC)....-0:05:02
