000
CDUS41 KCTP 290635
CLIJST


CLIMATE REPORT
NATIONAL WEATHER SERVICE STATE COLLEGE PA
135 AM EST SAT NOV 29 2014


...................................

...THE JOHNSTOWN CLIMATE SUMMARY FOR NOVEMBER 28 2014...

CLIMATE NORMAL PERIOD 1981 TO 2010
CLIMATE RECORD PERIOD 2000 TO 2014


WEATHER ITEM   OBSERVED TIME   RECORD YEAR NORMAL DEPARTURE LAST
                VALUE   (LST)  VALUE       VALUE  FROM      YEAR
                                                  NORMAL
..................................................................
TEMPERATURE (F)
 YESTERDAY
  MAXIMUM         24    405 AM  77    1990  40    -16       22
  MINIMUM         18    700 PM   9    1930  28    -10       14
  AVERAGE         21                        34    -13       18

PRECIPITATION (IN)
  YESTERDAY        0.01          1.89 1921   0.13  -0.12      T
  MONTH TO DATE    1.61                      3.43  -1.82     2.34
  SINCE SEP 1      5.72                      6.49  -0.77     9.04
  SINCE JAN 1     31.62                     30.78   0.84    33.99

DEGREE DAYS
 HEATING
  YESTERDAY       44                        31     13       47
  MONTH TO DATE  819                       701    118      837
  SINCE SEP 1   1374                      1356     18     1475
  SINCE JUL 1   1457                      1394     63     1546

 COOLING
  YESTERDAY        0                         0      0        0
  MONTH TO DATE    0                         0      0        0
  SINCE SEP 1     46                        22     24       47
  SINCE JAN 1    341                       382    -41      393
..................................................................


WIND (MPH)
  HIGHEST WIND SPEED    23   HIGHEST WIND DIRECTION    NW (310)
  HIGHEST GUST SPEED    29   HIGHEST GUST DIRECTION    NW (310)
  AVERAGE WIND SPEED    12.9


SKY COVER
  POSSIBLE SUNSHINE  MM
  AVERAGE SKY COVER 0.8


WEATHER CONDITIONS
 THE FOLLOWING WEATHER WAS RECORDED YESTERDAY.
  LIGHT SNOW
  FOG


RELATIVE HUMIDITY (PERCENT)
 HIGHEST    88          1200 AM
 LOWEST     62           200 PM
 AVERAGE    75

..........................................................


THE JOHNSTOWN CLIMATE NORMALS FOR TODAY
                         NORMAL    RECORD    YEAR
 MAXIMUM TEMPERATURE (F)   40        70      1960
 MINIMUM TEMPERATURE (F)   28         1      1930


SUNRISE AND SUNSET
NOVEMBER 29 2014......SUNRISE   717 AM EST   SUNSET   450 PM EST
NOVEMBER 30 2014......SUNRISE   718 AM EST   SUNSET   450 PM EST


-  INDICATES NEGATIVE NUMBERS.
R  INDICATES RECORD WAS SET OR TIED.
MM INDICATES DATA IS MISSING.
T  INDICATES TRACE AMOUNT.




$$
