252
CDUS41 KCTP 110623
CLIJST


CLIMATE REPORT
NATIONAL WEATHER SERVICE STATE COLLEGE PA
123 AM EST THU FEB 11 2016


...................................

...THE JOHNSTOWN CLIMATE SUMMARY FOR FEBRUARY 10 2016...

CLIMATE NORMAL PERIOD 1981 TO 2010
CLIMATE RECORD PERIOD 2000 TO 2016


WEATHER ITEM   OBSERVED TIME   RECORD YEAR NORMAL DEPARTURE LAST
                VALUE   (LST)  VALUE       VALUE  FROM      YEAR
                                                  NORMAL
..................................................................
TEMPERATURE (F)
 YESTERDAY
  MAXIMUM         20    435 AM  65    1925  33    -13       26
  MINIMUM         12   1159 PM -17    1899  19     -7       23
  AVERAGE         16                        26    -10       25

PRECIPITATION (IN)
  YESTERDAY        T             1.09 1893   0.09  -0.09     0.00
  MONTH TO DATE    0.60                      0.85  -0.25     1.20
  SINCE DEC 1      5.20                      6.30  -1.10     5.45
  SINCE JAN 1      1.47                      3.73  -2.26     3.12

DEGREE DAYS
 HEATING
  YESTERDAY       49                        39     10       40
  MONTH TO DATE  320                       395    -75      390
  SINCE DEC 1   2254                      2754   -500     2709
  SINCE JUL 1   3372                      4212   -840     4220

 COOLING
  YESTERDAY        0                         0      0        0
  MONTH TO DATE    0                         0      0        0
  SINCE DEC 1      0                         0      0        0
  SINCE JAN 1      0                         0      0        0
..................................................................


WIND (MPH)
  HIGHEST WIND SPEED    24   HIGHEST WIND DIRECTION     W (260)
  HIGHEST GUST SPEED    36   HIGHEST GUST DIRECTION     W (260)
  AVERAGE WIND SPEED    16.1


SKY COVER
  POSSIBLE SUNSHINE  MM
  AVERAGE SKY COVER 1.0


WEATHER CONDITIONS
 THE FOLLOWING WEATHER WAS RECORDED YESTERDAY.
  LIGHT SNOW
  HAZE


RELATIVE HUMIDITY (PERCENT)
 HIGHEST    84          1200 AM
 LOWEST     67          1100 AM
 AVERAGE    76

..........................................................


THE JOHNSTOWN CLIMATE NORMALS FOR TODAY
                         NORMAL    RECORD    YEAR
 MAXIMUM TEMPERATURE (F)   33        77      1932
 MINIMUM TEMPERATURE (F)   19       -14      1899


SUNRISE AND SUNSET
FEBRUARY 11 2016......SUNRISE   714 AM EST   SUNSET   545 PM EST
FEBRUARY 12 2016......SUNRISE   713 AM EST   SUNSET   547 PM EST


-  INDICATES NEGATIVE NUMBERS.
R  INDICATES RECORD WAS SET OR TIED.
MM INDICATES DATA IS MISSING.
T  INDICATES TRACE AMOUNT.




$$
