000
CDUS41 KCTP 102221
CLIJST


CLIMATE REPORT
NATIONAL WEATHER SERVICE STATE COLLEGE PA
521 PM EST SAT DEC 10 2016


...................................

...THE JOHNSTOWN CLIMATE SUMMARY FOR DECEMBER 10 2016...
VALID TODAY AS OF 0500 PM LOCAL TIME.

CLIMATE NORMAL PERIOD 1981 TO 2010
CLIMATE RECORD PERIOD 1892 TO 2016


WEATHER ITEM   OBSERVED TIME   RECORD YEAR NORMAL DEPARTURE LAST
                VALUE   (LST)  VALUE       VALUE  FROM      YEAR
                                                  NORMAL
..................................................................
TEMPERATURE (F)
 TODAY
  MAXIMUM         21    217 PM  75    1966  36    -15       54
  MINIMUM         19    459 PM  -4    1958  23     -4       41
  AVERAGE         20                        30    -10       48

PRECIPITATION (IN)
  TODAY            T             1.33 1969   0.08  -0.08      T
  MONTH TO DATE    1.03                      0.89   0.14     1.21
  SINCE DEC 1      1.03                      0.89   0.14     1.21
  SINCE JAN 1     33.85                     31.94   1.91    42.60

DEGREE DAYS
 HEATING
  TODAY           45                        35     10       17
  MONTH TO DATE  344                       337      7      245
  SINCE DEC 1    344                       337      7      245
  SINCE JUL 1   1413                      1794   -381     1363

 COOLING
  TODAY            0                         0      0        0
  MONTH TO DATE    0                         0      0        0
  SINCE DEC 1      0                         0      0        0
  SINCE JAN 1    705                       382    323      556
..................................................................


WIND (MPH)
  HIGHEST WIND SPEED    20   HIGHEST WIND DIRECTION     W (270)
  HIGHEST GUST SPEED    30   HIGHEST GUST DIRECTION     W (250)
  AVERAGE WIND SPEED    13.7


SKY COVER
  POSSIBLE SUNSHINE  MM
  AVERAGE SKY COVER 1.0


WEATHER CONDITIONS
 THE FOLLOWING WEATHER WAS RECORDED TODAY.
  LIGHT SNOW
  FOG
  HAZE


RELATIVE HUMIDITY (PERCENT)
 HIGHEST    91           600 AM
 LOWEST     71           200 PM
 AVERAGE    81

..........................................................


THE JOHNSTOWN CLIMATE NORMALS FOR TOMORROW
                         NORMAL    RECORD    YEAR
 MAXIMUM TEMPERATURE (F)   36        66      1946
 MINIMUM TEMPERATURE (F)   23        -4      1958


SUNRISE AND SUNSET
DECEMBER 10 2016......SUNRISE   728 AM EST   SUNSET   449 PM EST
DECEMBER 11 2016......SUNRISE   728 AM EST   SUNSET   449 PM EST


-  INDICATES NEGATIVE NUMBERS.
R  INDICATES RECORD WAS SET OR TIED.
MM INDICATES DATA IS MISSING.
T  INDICATES TRACE AMOUNT.




$$
