000
CDUS41 KCTP 270624
CLIJST


CLIMATE REPORT
NATIONAL WEATHER SERVICE STATE COLLEGE PA
224 AM EDT WED AUG 27 2014


...................................

...THE JOHNSTOWN CLIMATE SUMMARY FOR AUGUST 26 2014...

CLIMATE NORMAL PERIOD 1981 TO 2010
CLIMATE RECORD PERIOD 2000 TO 2014


WEATHER ITEM   OBSERVED TIME   RECORD YEAR NORMAL DEPARTURE LAST
                VALUE   (LST)  VALUE       VALUE  FROM      YEAR
                                                  NORMAL
..................................................................
TEMPERATURE (F)
 YESTERDAY
  MAXIMUM         79    340 PM  95    1948  75      4       78
  MINIMUM         56    525 AM  40    1944  59     -3       58
  AVERAGE         68                        67      1       68

PRECIPITATION (IN)
  YESTERDAY        0.00          2.32 2003   0.11  -0.11     0.00
  MONTH TO DATE    2.60                      3.25  -0.65     4.90
  SINCE JUN 1     10.93                      7.10   3.83    13.37
  SINCE JAN 1     24.49                     23.74   0.75    24.29

DEGREE DAYS
 HEATING
  YESTERDAY        0                         1     -1        0
  MONTH TO DATE   27                        22      5       48
  SINCE JUN 1    116                       109      7      134
  SINCE JUL 1     76                        35     41       71

 COOLING
  YESTERDAY        3                         3      0        3
  MONTH TO DATE   61                       105    -44       43
  SINCE JUN 1    253                       330    -77      273
  SINCE JAN 1    279                       348    -69      314
..................................................................


WIND (MPH)
  HIGHEST WIND SPEED    10   HIGHEST WIND DIRECTION     S (200)
  HIGHEST GUST SPEED    12   HIGHEST GUST DIRECTION     S (200)
  AVERAGE WIND SPEED     5.4


SKY COVER
  POSSIBLE SUNSHINE  MM
  AVERAGE SKY COVER 0.0


WEATHER CONDITIONS
 THE FOLLOWING WEATHER WAS RECORDED YESTERDAY.
  NO SIGNIFICANT WEATHER WAS OBSERVED.


RELATIVE HUMIDITY (PERCENT)
 HIGHEST    80          1200 AM
 LOWEST     40           500 PM
 AVERAGE    60

..........................................................


THE JOHNSTOWN CLIMATE NORMALS FOR TODAY
                         NORMAL    RECORD    YEAR
 MAXIMUM TEMPERATURE (F)   74       101      1948
 MINIMUM TEMPERATURE (F)   58        41      1944


SUNRISE AND SUNSET
AUGUST 27 2014........SUNRISE   638 AM EDT   SUNSET   755 PM EDT
AUGUST 28 2014........SUNRISE   639 AM EDT   SUNSET   753 PM EDT


-  INDICATES NEGATIVE NUMBERS.
R  INDICATES RECORD WAS SET OR TIED.
MM INDICATES DATA IS MISSING.
T  INDICATES TRACE AMOUNT.




$$
