000
CDUS41 KCTP 170629
CLIJST


CLIMATE REPORT
NATIONAL WEATHER SERVICE STATE COLLEGE PA
129 AM EST SAT FEB 17 2018


...................................

...THE JOHNSTOWN CLIMATE SUMMARY FOR FEBRUARY 16 2018...

CLIMATE NORMAL PERIOD 1981 TO 2010
CLIMATE RECORD PERIOD 1892 TO 2018


WEATHER ITEM   OBSERVED TIME   RECORD YEAR NORMAL DEPARTURE LAST
                VALUE   (LST)  VALUE       VALUE  FROM      YEAR
                                                  NORMAL
..................................................................
TEMPERATURE (F)
 YESTERDAY
  MAXIMUM         59   1209 AM  74    1921  34     25       22
  MINIMUM         23   1159 PM -11    2015  20      3       18
  AVERAGE         41                        27     14       20

PRECIPITATION (IN)
  YESTERDAY        1.14R         0.90 1993   0.08   1.06      T
  MONTH TO DATE    4.66                      1.33   3.33     1.90
  SINCE DEC 1      8.22                      6.78   1.44     9.27
  SINCE JAN 1      7.12                      4.21   2.91     5.09

DEGREE DAYS
 HEATING
  YESTERDAY       24                        38    -14       45
  MONTH TO DATE  546                       625    -79      540
  SINCE DEC 1   2977                      2984     -7     2626
  SINCE JUL 1   4190                      4447   -257     3695

 COOLING
  YESTERDAY        0                         0      0        0
  MONTH TO DATE    0                         0      0        0
  SINCE DEC 1      0                         0      0        0
  SINCE JAN 1      0                         0      0        0
..................................................................


WIND (MPH)
  HIGHEST WIND SPEED    28   HIGHEST WIND DIRECTION    NW (300)
  HIGHEST GUST SPEED    40   HIGHEST GUST DIRECTION     W (260)
  AVERAGE WIND SPEED    13.5


SKY COVER
  POSSIBLE SUNSHINE  MM
  AVERAGE SKY COVER 1.0


WEATHER CONDITIONS
 THE FOLLOWING WEATHER WAS RECORDED YESTERDAY.
  HEAVY RAIN
  RAIN
  LIGHT RAIN
  LIGHT SNOW
  FOG


RELATIVE HUMIDITY (PERCENT)
 HIGHEST    93           200 AM
 LOWEST     74          1100 PM
 AVERAGE    84

..........................................................


THE JOHNSTOWN CLIMATE NORMALS FOR TODAY
                         NORMAL    RECORD    YEAR
 MAXIMUM TEMPERATURE (F)   34        75      1954
 MINIMUM TEMPERATURE (F)   20        -6      1958


SUNRISE AND SUNSET
FEBRUARY 17 2018......SUNRISE   706 AM EST   SUNSET   553 PM EST
FEBRUARY 18 2018......SUNRISE   705 AM EST   SUNSET   554 PM EST


-  INDICATES NEGATIVE NUMBERS.
R  INDICATES RECORD WAS SET OR TIED.
MM INDICATES DATA IS MISSING.
T  INDICATES TRACE AMOUNT.




$$
