062
CDUS41 KCTP 300610
CLIJST


CLIMATE REPORT
NATIONAL WEATHER SERVICE STATE COLLEGE PA
208 AM EDT TUE AUG 30 2016


...................................

...THE JOHNSTOWN CLIMATE SUMMARY FOR AUGUST 29 2016...

CLIMATE NORMAL PERIOD 1981 TO 2010
CLIMATE RECORD PERIOD 1892 TO 2016


WEATHER ITEM   OBSERVED TIME   RECORD YEAR NORMAL DEPARTURE LAST
                VALUE   (LST)  VALUE       VALUE  FROM      YEAR
                                                  NORMAL
..................................................................
TEMPERATURE (F)
 YESTERDAY
  MAXIMUM         81    338 PM  99    1948  74      7       80
  MINIMUM         62    553 AM  35    1982  58      4       59
  AVERAGE         72                        66      6       70

PRECIPITATION (IN)
  YESTERDAY        0.00          2.22 1988   0.11  -0.11     0.00
  MONTH TO DATE    4.61                      3.59   1.02     2.70
  SINCE JUN 1     13.81                      7.44   6.37    19.25
  SINCE JAN 1     24.61                     24.08   0.53    33.65

DEGREE DAYS
 HEATING
  YESTERDAY        0                         2     -2        0
  MONTH TO DATE    0                        26    -26       23
  SINCE JUN 1     54                       113    -59       91
  SINCE JUL 1     11                        39    -28       30

 COOLING
  YESTERDAY        7                         2      5        5
  MONTH TO DATE  230                       113    117      106
  SINCE JUN 1    556                       338    218      352
  SINCE JAN 1    594                       356    238      436
..................................................................


WIND (MPH)
  HIGHEST WIND SPEED    10   HIGHEST WIND DIRECTION    NW (320)
  HIGHEST GUST SPEED    14   HIGHEST GUST DIRECTION    NE (40)
  AVERAGE WIND SPEED     4.0


SKY COVER
  POSSIBLE SUNSHINE  MM
  AVERAGE SKY COVER 0.3


WEATHER CONDITIONS
 THE FOLLOWING WEATHER WAS RECORDED YESTERDAY.
  FOG
  FOG W/VISIBILITY <= 1/4 MILE


RELATIVE HUMIDITY (PERCENT)
 HIGHEST   100           100 AM
 LOWEST     45           200 PM
 AVERAGE    73

..........................................................


THE JOHNSTOWN CLIMATE NORMALS FOR TODAY
                         NORMAL    RECORD    YEAR
 MAXIMUM TEMPERATURE (F)   74        97      1924
 MINIMUM TEMPERATURE (F)   58        38      1986


SUNRISE AND SUNSET
AUGUST 30 2016........SUNRISE   641 AM EDT   SUNSET   749 PM EDT
AUGUST 31 2016........SUNRISE   642 AM EDT   SUNSET   748 PM EDT


-  INDICATES NEGATIVE NUMBERS.
R  INDICATES RECORD WAS SET OR TIED.
MM INDICATES DATA IS MISSING.
T  INDICATES TRACE AMOUNT.




$$
