000
CDUS41 KCTP 290636
CLIJST


CLIMATE REPORT
NATIONAL WEATHER SERVICE STATE COLLEGE PA
236 AM EDT SAT APR 29 2017


...................................

...THE JOHNSTOWN CLIMATE SUMMARY FOR APRIL 28 2017...

CLIMATE NORMAL PERIOD 1981 TO 2010
CLIMATE RECORD PERIOD 1892 TO 2017


WEATHER ITEM   OBSERVED TIME   RECORD YEAR NORMAL DEPARTURE LAST
                VALUE   (LST)  VALUE       VALUE  FROM      YEAR
                                                  NORMAL
..................................................................
TEMPERATURE (F)
 YESTERDAY
  MAXIMUM         73    352 PM  92    1990  62     11       53
  MINIMUM         51    726 AM  25    1934  42      9       42
  AVERAGE         62                        52     10       48

PRECIPITATION (IN)
  YESTERDAY        0.05          1.39 1948   0.11  -0.06     0.54
  MONTH TO DATE    3.23                      3.37  -0.14     2.09
  SINCE MAR 1      7.29                      6.66   0.63     3.69
  SINCE JAN 1     12.95                     11.89   1.06     6.54

DEGREE DAYS
 HEATING
  YESTERDAY        3                        14    -11       17
  MONTH TO DATE  316                       513   -197      493
  SINCE MAR 1   1246                      1426   -180     1115
  SINCE JUL 1   5166                      6305  -1139     5178

 COOLING
  YESTERDAY        0                         0      0        0
  MONTH TO DATE    0                         0      0        0
  SINCE MAR 1      0                         0      0        0
  SINCE JAN 1      0                         0      0        0
..................................................................


WIND (MPH)
  HIGHEST WIND SPEED    16   HIGHEST WIND DIRECTION    NE (50)
  HIGHEST GUST SPEED    33   HIGHEST GUST DIRECTION    SW (220)
  AVERAGE WIND SPEED     8.2


SKY COVER
  POSSIBLE SUNSHINE  MM
  AVERAGE SKY COVER 0.3


WEATHER CONDITIONS
 THE FOLLOWING WEATHER WAS RECORDED YESTERDAY.
  THUNDERSTORM
  RAIN
  LIGHT RAIN
  FOG


RELATIVE HUMIDITY (PERCENT)
 HIGHEST    96           700 AM
 LOWEST     33           100 PM
 AVERAGE    65

..........................................................


THE JOHNSTOWN CLIMATE NORMALS FOR TODAY
                         NORMAL    RECORD    YEAR
 MAXIMUM TEMPERATURE (F)   62        88      1899
 MINIMUM TEMPERATURE (F)   42        28      1944


SUNRISE AND SUNSET
APRIL 29 2017.........SUNRISE   617 AM EDT   SUNSET   809 PM EDT
APRIL 30 2017.........SUNRISE   616 AM EDT   SUNSET   810 PM EDT


-  INDICATES NEGATIVE NUMBERS.
R  INDICATES RECORD WAS SET OR TIED.
MM INDICATES DATA IS MISSING.
T  INDICATES TRACE AMOUNT.




$$
