000
CDUS41 KCTP 210607
CLIJST


CLIMATE REPORT
NATIONAL WEATHER SERVICE STATE COLLEGE PA
207 AM EDT SAT OCT 21 2017


...................................

...THE JOHNSTOWN CLIMATE SUMMARY FOR OCTOBER 20 2017...

CLIMATE NORMAL PERIOD 1981 TO 2010
CLIMATE RECORD PERIOD 1892 TO 2017


WEATHER ITEM   OBSERVED TIME   RECORD YEAR NORMAL DEPARTURE LAST
                VALUE   (LST)  VALUE       VALUE  FROM      YEAR
                                                  NORMAL
..................................................................
TEMPERATURE (F)
 YESTERDAY
  MAXIMUM         68    336 PM  87    1910  57     11       79
  MINIMUM         49    648 AM  19    1972  40      9       61
  AVERAGE         59                        49     10       70

PRECIPITATION (IN)
  YESTERDAY        0.00          1.12 1905   0.10  -0.10     0.34
  MONTH TO DATE    1.87                      2.04  -0.17     1.84
  SINCE SEP 1      4.04                      2.04   2.00     4.76
  SINCE JAN 1     38.29                     26.33  11.96    29.41

DEGREE DAYS
 HEATING
  YESTERDAY        6                        16    -10        0
  MONTH TO DATE  109                       278   -169      163
  SINCE SEP 1    236                       458   -222      229
  SINCE JUL 1    277                       496   -219      240

 COOLING
  YESTERDAY        0                         0      0        5
  MONTH TO DATE   22                         0     22       16
  SINCE SEP 1     95                        22     73      102
  SINCE JAN 1    497                       382    115      705
..................................................................


WIND (MPH)
  HIGHEST WIND SPEED    16   HIGHEST WIND DIRECTION     W (270)
  HIGHEST GUST SPEED    23   HIGHEST GUST DIRECTION     W (280)
  AVERAGE WIND SPEED     6.4


SKY COVER
  POSSIBLE SUNSHINE  MM
  AVERAGE SKY COVER 0.0


WEATHER CONDITIONS
 THE FOLLOWING WEATHER WAS RECORDED YESTERDAY.
  NO SIGNIFICANT WEATHER WAS OBSERVED.


RELATIVE HUMIDITY (PERCENT)
 HIGHEST    86           700 AM
 LOWEST     24           300 PM
 AVERAGE    55

..........................................................


THE JOHNSTOWN CLIMATE NORMALS FOR TODAY
                         NORMAL    RECORD    YEAR
 MAXIMUM TEMPERATURE (F)   57        85      1963
 MINIMUM TEMPERATURE (F)   40        20      1972


SUNRISE AND SUNSET
OCTOBER 21 2017.......SUNRISE   733 AM EDT   SUNSET   626 PM EDT
OCTOBER 22 2017.......SUNRISE   734 AM EDT   SUNSET   625 PM EDT


-  INDICATES NEGATIVE NUMBERS.
R  INDICATES RECORD WAS SET OR TIED.
MM INDICATES DATA IS MISSING.
T  INDICATES TRACE AMOUNT.




$$
