000
CDUS41 KCTP 030620
CLIJST


CLIMATE REPORT
NATIONAL WEATHER SERVICE STATE COLLEGE PA
220 AM EDT TUE MAY 3 2016


...................................

...THE JOHNSTOWN CLIMATE SUMMARY FOR MAY 2 2016...

CLIMATE NORMAL PERIOD 1981 TO 2010
CLIMATE RECORD PERIOD 1892 TO 2016


WEATHER ITEM   OBSERVED TIME   RECORD YEAR NORMAL DEPARTURE LAST
                VALUE   (LST)  VALUE       VALUE  FROM      YEAR
                                                  NORMAL
..................................................................
TEMPERATURE (F)
 YESTERDAY
  MAXIMUM         69    230 PM  90    1926  63      6       68
  MINIMUM         53   1158 PM  28    1903  43     10       45
  AVERAGE         61                        53      8       57

PRECIPITATION (IN)
  YESTERDAY        0.02          1.75 1985   0.11  -0.09     0.00
  MONTH TO DATE    0.49                      0.22   0.27     0.06
  SINCE MAR 1      4.29                      7.10  -2.81     8.52
  SINCE JAN 1      7.14                     12.33  -5.19    11.92

DEGREE DAYS
 HEATING
  YESTERDAY        4                        12     -8        8
  MONTH TO DATE   11                        25    -14       18
  SINCE MAR 1   1157                      1476   -319     1474
  SINCE JUL 1   5220                      6356  -1136     6663

 COOLING
  YESTERDAY        0                         0      0        0
  MONTH TO DATE    0                         0      0        0
  SINCE MAR 1      0                         5     -5        0
  SINCE JAN 1      0                         5     -5        0
..................................................................


WIND (MPH)
  HIGHEST WIND SPEED    21   HIGHEST WIND DIRECTION     W (250)
  HIGHEST GUST SPEED    29   HIGHEST GUST DIRECTION     W (260)
  AVERAGE WIND SPEED     9.1


SKY COVER
  POSSIBLE SUNSHINE  MM
  AVERAGE SKY COVER 0.9


WEATHER CONDITIONS
 THE FOLLOWING WEATHER WAS RECORDED YESTERDAY.
  LIGHT RAIN
  FOG
  FOG W/VISIBILITY <= 1/4 MILE


RELATIVE HUMIDITY (PERCENT)
 HIGHEST    93           200 AM
 LOWEST     48           100 PM
 AVERAGE    71

..........................................................


THE JOHNSTOWN CLIMATE NORMALS FOR TODAY
                         NORMAL    RECORD    YEAR
 MAXIMUM TEMPERATURE (F)   63        93      1954
 MINIMUM TEMPERATURE (F)   44        29      1941


SUNRISE AND SUNSET
MAY  3 2016...........SUNRISE   612 AM EDT   SUNSET   813 PM EDT
MAY  4 2016...........SUNRISE   610 AM EDT   SUNSET   814 PM EDT


-  INDICATES NEGATIVE NUMBERS.
R  INDICATES RECORD WAS SET OR TIED.
MM INDICATES DATA IS MISSING.
T  INDICATES TRACE AMOUNT.




$$
