000
CDUS41 KCTP 232116
CLIJST


CLIMATE REPORT
NATIONAL WEATHER SERVICE STATE COLLEGE PA
515 PM EDT TUE SEP 23 2014


...................................

...THE JOHNSTOWN CLIMATE SUMMARY FOR SEPTEMBER 23 2014...
VALID TODAY AS OF 0500 PM LOCAL TIME.

CLIMATE NORMAL PERIOD 1981 TO 2010
CLIMATE RECORD PERIOD 2000 TO 2014


WEATHER ITEM   OBSERVED TIME   RECORD YEAR NORMAL DEPARTURE LAST
                VALUE   (LST)  VALUE       VALUE  FROM      YEAR
                                                  NORMAL
..................................................................
TEMPERATURE (F)
 TODAY
  MAXIMUM         66    336 PM  94    1908  66      0       53
  MINIMUM         37    616 AM  32    1904  48    -11       40
  AVERAGE         52                        57     -5       47

PRECIPITATION (IN)
  TODAY            0.00          1.78 1912   0.11  -0.11     0.00
  MONTH TO DATE    1.20                      2.62  -1.42     4.07
  SINCE SEP 1      1.20                      2.62  -1.42     4.07
  SINCE JAN 1     27.10                     26.91   0.19    29.02

DEGREE DAYS
 HEATING
  TODAY           13                         8      5       18
  MONTH TO DATE  128                       111     17      151
  SINCE SEP 1    128                       111     17      151
  SINCE JUL 1    211                       153     58      222

 COOLING
  TODAY            0                         0      0        0
  MONTH TO DATE   46                        22     24       31
  SINCE SEP 1     46                        22     24       31
  SINCE JAN 1    341                       382    -41      377
..................................................................


WIND (MPH)
  HIGHEST WIND SPEED     9   HIGHEST WIND DIRECTION     N (340)
  HIGHEST GUST SPEED    14   HIGHEST GUST DIRECTION    NE (50)
  AVERAGE WIND SPEED     2.1


SKY COVER
  POSSIBLE SUNSHINE  MM
  AVERAGE SKY COVER 0.0


WEATHER CONDITIONS
 THE FOLLOWING WEATHER WAS RECORDED TODAY.
  FOG
  FOG W/VISIBILITY <= 1/4 MILE


RELATIVE HUMIDITY (PERCENT)
 HIGHEST    92           600 AM
 LOWEST     44           400 PM
 AVERAGE    68

..........................................................


THE JOHNSTOWN CLIMATE NORMALS FOR TOMORROW
                         NORMAL    RECORD    YEAR
 MAXIMUM TEMPERATURE (F)   65        91      1970
 MINIMUM TEMPERATURE (F)   48        30      1963


SUNRISE AND SUNSET
SEPTEMBER 23 2014.....SUNRISE   704 AM EDT   SUNSET   711 PM EDT
SEPTEMBER 24 2014.....SUNRISE   705 AM EDT   SUNSET   709 PM EDT


-  INDICATES NEGATIVE NUMBERS.
R  INDICATES RECORD WAS SET OR TIED.
MM INDICATES DATA IS MISSING.
T  INDICATES TRACE AMOUNT.




$$
