000
CDUS43 KGRR 312123
CLIJXN


CLIMATE REPORT
NATIONAL WEATHER SERVICE GRAND RAPIDS, MI
523 PM EDT TUE MAY 31 2016


...................................

...THE JACKSON MI CLIMATE SUMMARY FOR MAY 31 2016...
VALID TODAY AS OF 0500 PM LOCAL TIME.

CLIMATE NORMAL PERIOD 1981 TO 2010
CLIMATE RECORD PERIOD 1944 TO 9999


WEATHER ITEM   OBSERVED TIME   NORMAL DEPARTURE LAST
                VALUE   (LST)  VALUE  FROM      YEAR
                                      NORMAL
......................................................
TEMPERATURE (F)
 TODAY
  MAXIMUM         83    141 PM  74      9       52
  MINIMUM         52    525 AM  51      1       46
  AVERAGE         68            63      5       49

PRECIPITATION (IN)
  TODAY            0.00          0.11  -0.11     1.02
  MONTH TO DATE    1.71          3.31  -1.60     5.48
  SINCE MAR 1      7.63          7.82  -0.19     8.55
  SINCE JAN 1      9.50         10.60  -1.10    10.63

DEGREE DAYS
 HEATING
  TODAY            0             4     -4       16
  MONTH TO DATE  252           257     -5      156
  SINCE MAR 1   1518          1688   -170     1660
  SINCE JUL 1   5640          6602   -962     7164

 COOLING
  TODAY            3             2      1        0
  MONTH TO DATE   53            31     22       55
  SINCE MAR 1     53            37     16       55
  SINCE JAN 1     53            37     16       55
......................................................


WIND (MPH)
  RESULTANT WIND SPEED   3   RESULTANT WIND DIRECTION   E (100)
  HIGHEST WIND SPEED    14   HIGHEST WIND DIRECTION    NE (60)
  HIGHEST GUST SPEED    19   HIGHEST GUST DIRECTION    SE (120)
  AVERAGE WIND SPEED     4.4


SKY COVER
  AVERAGE SKY COVER 0.0


WEATHER CONDITIONS
 THE FOLLOWING WEATHER WAS RECORDED TODAY.
  NO SIGNIFICANT WEATHER WAS OBSERVED.


RELATIVE HUMIDITY (PERCENT)
 HIGHEST    93           500 AM
 LOWEST     28           200 PM
 AVERAGE    61

..........................................................


THE JACKSON MI CLIMATE NORMALS FOR TOMORROW
                         NORMAL
 MAXIMUM TEMPERATURE (F)   74
 MINIMUM TEMPERATURE (F)   52


SUNRISE AND SUNSET
MAY 31 2016...........SUNRISE   604 AM EDT   SUNSET   907 PM EDT
JUNE  1 2016..........SUNRISE   604 AM EDT   SUNSET   908 PM EDT


-  INDICATES NEGATIVE NUMBERS.
R  INDICATES RECORD WAS SET OR TIED.
MM INDICATES DATA IS MISSING.
T  INDICATES TRACE AMOUNT.




$$
