000
CDUS43 KGRR 272125
CLIJXN


CLIMATE REPORT
NATIONAL WEATHER SERVICE GRAND RAPIDS, MI
523 PM EDT WED AUG 27 2014


...................................

...THE JACKSON MI CLIMATE SUMMARY FOR AUGUST 27 2014...
VALID TODAY AS OF 0500 PM LOCAL TIME.

CLIMATE NORMAL PERIOD 1981 TO 2010
CLIMATE RECORD PERIOD 9999 TO 9999


WEATHER ITEM   OBSERVED TIME   RECORD YEAR NORMAL DEPARTURE LAST
                VALUE   (LST)  VALUE       VALUE  FROM      YEAR
                                                  NORMAL
..................................................................
TEMPERATURE (F)
 TODAY
  MAXIMUM         79    321 PM  MM      MM  79      0       87
  MINIMUM         61    421 AM  MM      MM  58      3       72
  AVERAGE         70                        68      2       80

PRECIPITATION (IN)
  TODAY            0.00         MM      MM   0.11  -0.11     0.32
  MONTH TO DATE    2.12                      3.03  -0.91     3.46
  SINCE JUN 1     10.02                      9.88   0.14    10.06
  SINCE JAN 1     22.35                     20.48   1.87    22.68

DEGREE DAYS
 HEATING
  TODAY            0                         1     -1        0
  MONTH TO DATE   12                        23    -11       27
  SINCE JUN 1     73                        89    -16      105
  SINCE JUL 1     42                        34      8       48

 COOLING
  TODAY            5                         4      1       15
  MONTH TO DATE  142                       148     -6      103
  SINCE JUN 1    381                       476    -95      435
  SINCE JAN 1    415                       513    -98      502
..................................................................


WIND (MPH)
  RESULTANT WIND SPEED   2   RESULTANT WIND DIRECTION   N (0)
  HIGHEST WIND SPEED     9   HIGHEST WIND DIRECTION     N (360)
  HIGHEST GUST SPEED    13   HIGHEST GUST DIRECTION     N (350)
  AVERAGE WIND SPEED     3.2



WEATHER CONDITIONS
 THE FOLLOWING WEATHER WAS RECORDED TODAY.
  FOG


RELATIVE HUMIDITY (PERCENT)
 HIGHEST   100           500 AM
 LOWEST     56           200 PM
 AVERAGE    78

..........................................................




SUNRISE AND SUNSET
AUGUST 27 2014........SUNRISE   658 AM EDT   SUNSET   820 PM EDT
AUGUST 28 2014........SUNRISE   659 AM EDT   SUNSET   818 PM EDT


-  INDICATES NEGATIVE NUMBERS.
R  INDICATES RECORD WAS SET OR TIED.
MM INDICATES DATA IS MISSING.
T  INDICATES TRACE AMOUNT.




$$

63
