000
CDUS43 KGRR 052136
CLIJXN


CLIMATE REPORT
NATIONAL WEATHER SERVICE GRAND RAPIDS, MI
534 PM EDT THU MAY 5 2016


...................................

...THE JACKSON MI CLIMATE SUMMARY FOR MAY 5 2016...
VALID TODAY AS OF 0500 PM LOCAL TIME.

CLIMATE NORMAL PERIOD 1981 TO 2010
CLIMATE RECORD PERIOD 1944 TO 9999


WEATHER ITEM   OBSERVED TIME   NORMAL DEPARTURE LAST
                VALUE   (LST)  VALUE  FROM      YEAR
                                      NORMAL
......................................................
TEMPERATURE (F)
 TODAY
  MAXIMUM         66    302 PM  66      0       59
  MINIMUM         44   1236 AM  43      1       48
  AVERAGE         55            54      1       54

PRECIPITATION (IN)
  TODAY            0.01          0.10  -0.09     1.79
  MONTH TO DATE    0.34          0.51  -0.17     1.94
  SINCE MAR 1      6.26          5.02   1.24     5.01
  SINCE JAN 1      8.13          7.80   0.33     7.09

DEGREE DAYS
 HEATING
  TODAY           10            11     -1       11
  MONTH TO DATE   73            58     15       25
  SINCE MAR 1   1339          1490   -151     1529
  SINCE JUL 1   5461          6404   -943     7033

 COOLING
  TODAY            0             0      0        0
  MONTH TO DATE    0             0      0        1
  SINCE MAR 1      0             6     -6        1
  SINCE JAN 1      0             6     -6        1
......................................................


WIND (MPH)
  RESULTANT WIND SPEED  11   RESULTANT WIND DIRECTION   N (0)
  HIGHEST WIND SPEED    20   HIGHEST WIND DIRECTION    NE (30)
  HIGHEST GUST SPEED    26   HIGHEST GUST DIRECTION     N (20)
  AVERAGE WIND SPEED    11.8


SKY COVER
  AVERAGE SKY COVER 0.4


WEATHER CONDITIONS
 THE FOLLOWING WEATHER WAS RECORDED TODAY.
  LIGHT RAIN
  FOG


RELATIVE HUMIDITY (PERCENT)
 HIGHEST    92           600 AM
 LOWEST     34           400 PM
 AVERAGE    63

..........................................................


THE JACKSON MI CLIMATE NORMALS FOR TOMORROW
                         NORMAL
 MAXIMUM TEMPERATURE (F)   66
 MINIMUM TEMPERATURE (F)   43


SUNRISE AND SUNSET
MAY  5 2016...........SUNRISE   627 AM EDT   SUNSET   842 PM EDT
MAY  6 2016...........SUNRISE   626 AM EDT   SUNSET   843 PM EDT


-  INDICATES NEGATIVE NUMBERS.
R  INDICATES RECORD WAS SET OR TIED.
MM INDICATES DATA IS MISSING.
T  INDICATES TRACE AMOUNT.




$$

jam
