000
CDUS43 KGRR 240520
CLIJXN


CLIMATE REPORT
NATIONAL WEATHER SERVICE GRAND RAPIDS, MI
1219 AM EST FRI NOV 24 2017


...................................

...THE JACKSON MI CLIMATE SUMMARY FOR NOVEMBER 23 2017...

CLIMATE NORMAL PERIOD 1981 TO 2010
CLIMATE RECORD PERIOD 1944 TO 9999


WEATHER ITEM   OBSERVED TIME   NORMAL DEPARTURE LAST
                VALUE   (LST)  VALUE  FROM      YEAR
                                      NORMAL
......................................................
TEMPERATURE (F)
 YESTERDAY
  MAXIMUM         41    338 PM  44     -3       37
  MINIMUM         29    136 AM  29      0       28
  AVERAGE         35            37     -2       33

PRECIPITATION (IN)
  YESTERDAY        0.00          0.09  -0.09     0.41
  MONTH TO DATE    4.46          2.04   2.42     1.59
  SINCE SEP 1     12.81          8.15   4.66     9.16
  SINCE JAN 1     35.87         29.07   6.80    35.47

DEGREE DAYS
 HEATING
  YESTERDAY       30            28      2       32
  MONTH TO DATE  626           546     80      428
  SINCE SEP 1   1055          1159   -104      804
  SINCE JUL 1   1082          1194   -112      808

 COOLING
  YESTERDAY        0             0      0        0
  MONTH TO DATE    0             0      0        0
  SINCE SEP 1    130            63     67      101
  SINCE JAN 1    657           592     65      829
......................................................


WIND (MPH)
  RESULTANT WIND SPEED   7   RESULTANT WIND DIRECTION   S (190)
  HIGHEST WIND SPEED    16   HIGHEST WIND DIRECTION     S (190)
  HIGHEST GUST SPEED    19   HIGHEST GUST DIRECTION     S (190)
  AVERAGE WIND SPEED     7.7


SKY COVER
  AVERAGE SKY COVER 0.6


WEATHER CONDITIONS
 THE FOLLOWING WEATHER WAS RECORDED YESTERDAY.
  NO SIGNIFICANT WEATHER WAS OBSERVED.


RELATIVE HUMIDITY (PERCENT)
 HIGHEST    69          1200 AM
 LOWEST     41           300 PM
 AVERAGE    55

..........................................................


THE JACKSON MI CLIMATE NORMALS FOR TODAY
                         NORMAL
 MAXIMUM TEMPERATURE (F)   44
 MINIMUM TEMPERATURE (F)   29


SUNRISE AND SUNSET
NOVEMBER 24 2017......SUNRISE   740 AM EST   SUNSET   509 PM EST
NOVEMBER 25 2017......SUNRISE   741 AM EST   SUNSET   509 PM EST


-  INDICATES NEGATIVE NUMBERS.
R  INDICATES RECORD WAS SET OR TIED.
MM INDICATES DATA IS MISSING.
T  INDICATES TRACE AMOUNT.




$$
