905
CDUS43 KGRR 201431
CLIJXN


CLIMATE REPORT
NATIONAL WEATHER SERVICE GRAND RAPIDS, MI
931 AM EST MON FEB 20 2017


...................................

...THE JACKSON MI CLIMATE SUMMARY FOR FEBRUARY 20 2017...
VALID AS OF 0900 AM LOCAL TIME.

CLIMATE NORMAL PERIOD 1981 TO 2010
CLIMATE RECORD PERIOD 1944 TO 9999


WEATHER ITEM   OBSERVED TIME   NORMAL DEPARTURE LAST
                VALUE   (LST)  VALUE  FROM      YEAR
                                      NORMAL
......................................................
TEMPERATURE (F)
 TODAY
  MAXIMUM         42    859 AM  36      6       58
  MINIMUM         34    206 AM  19     15       35
  AVERAGE         38            27     11       47

PRECIPITATION (IN)
  TODAY            0.00          0.05  -0.05     0.00
  MONTH TO DATE    1.36          0.87   0.49     0.38
  SINCE DEC 1      4.72          4.23   0.49     3.41
  SINCE JAN 1      3.84          2.36   1.48     1.10

DEGREE DAYS
 HEATING
  TODAY           27            38    -11       18
  MONTH TO DATE  645           792   -147      759
  SINCE DEC 1   2891          3219   -328     2731
  SINCE JUL 1   3861          4623   -762     3852

 COOLING
  TODAY            0             0      0        0
  MONTH TO DATE    0             0      0        0
  SINCE DEC 1      0             0      0        0
  SINCE JAN 1      0             0      0        0
......................................................


WIND (MPH)
  RESULTANT WIND SPEED   4   RESULTANT WIND DIRECTION   E (110)
  HIGHEST WIND SPEED     9   HIGHEST WIND DIRECTION    SE (120)
  HIGHEST GUST SPEED    13   HIGHEST GUST DIRECTION    SE (120)
  AVERAGE WIND SPEED     4.0


SKY COVER
  AVERAGE SKY COVER 0.0


WEATHER CONDITIONS
 THE FOLLOWING WEATHER WAS RECORDED TODAY.
  NO SIGNIFICANT WEATHER WAS OBSERVED.


RELATIVE HUMIDITY (PERCENT)
 HIGHEST    82           800 AM
 LOWEST     64          1200 AM
 AVERAGE    73

..........................................................


THE JACKSON MI CLIMATE NORMALS FOR TOMORROW
                         NORMAL
 MAXIMUM TEMPERATURE (F)   36
 MINIMUM TEMPERATURE (F)   19


SUNRISE AND SUNSET
FEBRUARY 20 2017......SUNRISE   727 AM EST   SUNSET   617 PM EST
FEBRUARY 21 2017......SUNRISE   725 AM EST   SUNSET   618 PM EST


-  INDICATES NEGATIVE NUMBERS.
R  INDICATES RECORD WAS SET OR TIED.
MM INDICATES DATA IS MISSING.
T  INDICATES TRACE AMOUNT.




$$
