000
CDUS43 KIND 280532
CLILAF


CLIMATE REPORT
NATIONAL WEATHER SERVICE INDIANAPOLIS IN
131 AM EDT SUN AUG 28 2016


...................................

...THE LAFAYETTE IN CLIMATE SUMMARY FOR AUGUST 27 2016...

CLIMATE NORMAL PERIOD 1981 TO 2010
CLIMATE RECORD PERIOD 9999 TO 9999


WEATHER ITEM   OBSERVED TIME   NORMAL DEPARTURE LAST
                VALUE   (LST)  VALUE  FROM      YEAR
                                      NORMAL
......................................................
TEMPERATURE (F)
 YESTERDAY
  MAXIMUM         86    447 PM  83      3       78
  MINIMUM         69    602 AM  61      8       51
  AVERAGE         78            72      6       65

PRECIPITATION (IN)
  YESTERDAY        0.11          0.12  -0.01     0.00
  MONTH TO DATE    3.66          3.05   0.61     0.74
  SINCE JUN 1     13.69         11.12   2.57    15.07
  SINCE JAN 1     25.80         25.14   0.66    24.01

DEGREE DAYS
 HEATING
  YESTERDAY        0             0      0        0
  MONTH TO DATE    0             0      0        3
  SINCE JUN 1     20            23     -3       29
  SINCE JUL 1     10             1      9        9

 COOLING
  YESTERDAY       13             8      5        0
  MONTH TO DATE  283           234     49      141
  SINCE JUN 1    795           748     47      541
  SINCE JAN 1    863           825     38      630
......................................................


WIND (MPH)
  HIGHEST WIND SPEED    12   HIGHEST WIND DIRECTION    SE (140)
  HIGHEST GUST SPEED    15   HIGHEST GUST DIRECTION     S (160)
  AVERAGE WIND SPEED     3.9


SKY COVER
  AVERAGE SKY COVER 0.3


WEATHER CONDITIONS
 THE FOLLOWING WEATHER WAS RECORDED YESTERDAY.
  THUNDERSTORM
  HEAVY RAIN
  LIGHT RAIN
  FOG


RELATIVE HUMIDITY (PERCENT)
 HIGHEST   100          1200 AM
 LOWEST     65           500 PM
 AVERAGE    83

..........................................................


THE LAFAYETTE IN CLIMATE NORMALS FOR TODAY
                         NORMAL
 MAXIMUM TEMPERATURE (F)   83
 MINIMUM TEMPERATURE (F)   61


SUNRISE AND SUNSET
AUGUST 28 2016........SUNRISE   712 AM EDT   SUNSET   825 PM EDT
AUGUST 29 2016........SUNRISE   713 AM EDT   SUNSET   824 PM EDT


-  INDICATES NEGATIVE NUMBERS.
R  INDICATES RECORD WAS SET OR TIED.
MM INDICATES DATA IS MISSING.
T  INDICATES TRACE AMOUNT.




$$
