000
CDUS43 KIND 290537
CLILAF


CLIMATE REPORT
NATIONAL WEATHER SERVICE INDIANAPOLIS IN
1236 AM EST SAT NOV 29 2014


...................................

...THE LAFAYETTE IN CLIMATE SUMMARY FOR NOVEMBER 28 2014...

CLIMATE NORMAL PERIOD 1981 TO 2010
CLIMATE RECORD PERIOD 9999 TO 9999


WEATHER ITEM   OBSERVED TIME   NORMAL DEPARTURE LAST
                VALUE   (LST)  VALUE  FROM      YEAR
                                      NORMAL
......................................................
TEMPERATURE (F)
 YESTERDAY
  MAXIMUM         33    703 PM  45    -12       36
  MINIMUM         15    235 AM  29    -14       18
  AVERAGE         24            37    -13       27

PRECIPITATION (IN)
  YESTERDAY        0.00          0.10  -0.10     0.00
  MONTH TO DATE    2.07          2.77  -0.70     1.90
  SINCE SEP 1     12.61          8.32   4.29     9.85
  SINCE JAN 1     37.93         33.87   4.06    37.48

DEGREE DAYS
 HEATING
  YESTERDAY       41            28     13       38
  MONTH TO DATE  866           610    256      679
  SINCE SEP 1   1389          1038    351     1090
  SINCE JUL 1   1413          1044    369     1110

 COOLING
  YESTERDAY        0             0      0        0
  MONTH TO DATE    0             0      0        0
  SINCE SEP 1     67           130    -63      158
  SINCE JAN 1    743           982   -239      884
......................................................


WIND (MPH)
  HIGHEST WIND SPEED    18   HIGHEST WIND DIRECTION    SE (150)
  HIGHEST GUST SPEED    22   HIGHEST GUST DIRECTION     S (160)
  AVERAGE WIND SPEED     6.9


SKY COVER
  AVERAGE SKY COVER 0.3


WEATHER CONDITIONS
 THE FOLLOWING WEATHER WAS RECORDED YESTERDAY.
  NO SIGNIFICANT WEATHER WAS OBSERVED.


RELATIVE HUMIDITY (PERCENT)
 HIGHEST    92           300 AM
 LOWEST     61           400 PM
 AVERAGE    77

..........................................................


THE LAFAYETTE IN CLIMATE NORMALS FOR TODAY
                         NORMAL
 MAXIMUM TEMPERATURE (F)   44
 MINIMUM TEMPERATURE (F)   29


SUNRISE AND SUNSET
NOVEMBER 29 2014......SUNRISE   749 AM EST   SUNSET   522 PM EST
NOVEMBER 30 2014......SUNRISE   750 AM EST   SUNSET   522 PM EST


-  INDICATES NEGATIVE NUMBERS.
R  INDICATES RECORD WAS SET OR TIED.
MM INDICATES DATA IS MISSING.
T  INDICATES TRACE AMOUNT.




$$
