688
CDUS43 KIND 270532
CLILAF


CLIMATE REPORT
NATIONAL WEATHER SERVICE INDIANAPOLIS IN
131 AM EDT FRI MAY 27 2016


...................................

...THE LAFAYETTE IN CLIMATE SUMMARY FOR MAY 26 2016...

CLIMATE NORMAL PERIOD 1981 TO 2010
CLIMATE RECORD PERIOD 9999 TO 9999


WEATHER ITEM   OBSERVED TIME   NORMAL DEPARTURE LAST
                VALUE   (LST)  VALUE  FROM      YEAR
                                      NORMAL
......................................................
TEMPERATURE (F)
 YESTERDAY
  MAXIMUM         80    418 PM  76      4       78
  MINIMUM         65   1152 PM  54     11       64
  AVERAGE         73            65      8       71

PRECIPITATION (IN)
  YESTERDAY        0.19          0.13   0.06     0.15
  MONTH TO DATE    1.95          3.48  -1.53     3.12
  SINCE MAR 1      9.38          9.69  -0.31     6.20
  SINCE JAN 1     12.11         13.31  -1.20     7.93

DEGREE DAYS
 HEATING
  YESTERDAY        0             3     -3        0
  MONTH TO DATE  208           147     61      109
  SINCE MAR 1   1211          1303    -92     1396
  SINCE JUL 1   5019          5637   -618     6474

 COOLING
  YESTERDAY        8             3      5        6
  MONTH TO DATE   22            47    -25       71
  SINCE MAR 1     24            60    -36       73
  SINCE JAN 1     24            60    -36       73
......................................................


WIND (MPH)
  HIGHEST WIND SPEED    14   HIGHEST WIND DIRECTION    SW (210)
  HIGHEST GUST SPEED    21   HIGHEST GUST DIRECTION     W (270)
  AVERAGE WIND SPEED     6.2


SKY COVER
  AVERAGE SKY COVER 0.5


WEATHER CONDITIONS
 THE FOLLOWING WEATHER WAS RECORDED YESTERDAY.
  THUNDERSTORM
  HEAVY RAIN
  LIGHT RAIN
  FOG
  HAZE


RELATIVE HUMIDITY (PERCENT)
 HIGHEST    93           600 AM
 LOWEST     54           400 PM
 AVERAGE    74

..........................................................


THE LAFAYETTE IN CLIMATE NORMALS FOR TODAY
                         NORMAL
 MAXIMUM TEMPERATURE (F)   77
 MINIMUM TEMPERATURE (F)   55


SUNRISE AND SUNSET
MAY 27 2016...........SUNRISE   622 AM EDT   SUNSET   908 PM EDT
MAY 28 2016...........SUNRISE   621 AM EDT   SUNSET   909 PM EDT


-  INDICATES NEGATIVE NUMBERS.
R  INDICATES RECORD WAS SET OR TIED.
MM INDICATES DATA IS MISSING.
T  INDICATES TRACE AMOUNT.




$$
