000
CDUS43 KIND 170535
CLILAF


CLIMATE REPORT
NATIONAL WEATHER SERVICE INDIANAPOLIS IN
133 AM EDT TUE OCT 17 2017


...................................

...THE LAFAYETTE IN CLIMATE SUMMARY FOR OCTOBER 16 2017...

CLIMATE NORMAL PERIOD 1981 TO 2010
CLIMATE RECORD PERIOD 9999 TO 9999


WEATHER ITEM   OBSERVED TIME   NORMAL DEPARTURE LAST
                VALUE   (LST)  VALUE  FROM      YEAR
                                      NORMAL
......................................................
TEMPERATURE (F)
 YESTERDAY
  MAXIMUM         63    344 PM  65     -2       70
  MINIMUM         38    741 AM  43     -5       63
  AVERAGE         51            54     -3       67

PRECIPITATION (IN)
  YESTERDAY        0.00          0.08  -0.08     0.20
  MONTH TO DATE    0.46          1.51  -1.05     0.20
  SINCE SEP 1      1.92          4.17  -2.25     3.11
  SINCE JAN 1     38.31         29.72   8.59    30.45

DEGREE DAYS
 HEATING
  YESTERDAY       14            11      3        0
  MONTH TO DATE   42           145   -103       79
  SINCE SEP 1    111           224   -113      104
  SINCE JUL 1    120           230   -110      114

 COOLING
  YESTERDAY        0             0      0        2
  MONTH TO DATE   42            13     29       17
  SINCE SEP 1    178           126     52      171
  SINCE JAN 1    851           978   -127     1083
......................................................


WIND (MPH)
  HIGHEST WIND SPEED    13   HIGHEST WIND DIRECTION     W (250)
  HIGHEST GUST SPEED    16   HIGHEST GUST DIRECTION    NW (310)
  AVERAGE WIND SPEED     4.1


SKY COVER
  AVERAGE SKY COVER 0.2


WEATHER CONDITIONS
 THE FOLLOWING WEATHER WAS RECORDED YESTERDAY.
  FOG


RELATIVE HUMIDITY (PERCENT)
 HIGHEST   100           400 AM
 LOWEST     42           200 PM
 AVERAGE    71

..........................................................


THE LAFAYETTE IN CLIMATE NORMALS FOR TODAY
                         NORMAL
 MAXIMUM TEMPERATURE (F)   65
 MINIMUM TEMPERATURE (F)   43


SUNRISE AND SUNSET
OCTOBER 17 2017.......SUNRISE   801 AM EDT   SUNSET   704 PM EDT
OCTOBER 18 2017.......SUNRISE   802 AM EDT   SUNSET   703 PM EDT


-  INDICATES NEGATIVE NUMBERS.
R  INDICATES RECORD WAS SET OR TIED.
MM INDICATES DATA IS MISSING.
T  INDICATES TRACE AMOUNT.




$$
