000
CDUS43 KGRR 270521
CLILAN


CLIMATE REPORT
NATIONAL WEATHER SERVICE GRAND RAPIDS, MI
121 AM EDT THU APR 27 2017


...................................

...THE LANSING MI CLIMATE SUMMARY FOR APRIL 26 2017...

CLIMATE NORMAL PERIOD 1981 TO 2010
CLIMATE RECORD PERIOD 1864 TO 2017


WEATHER ITEM   OBSERVED TIME   RECORD YEAR NORMAL DEPARTURE LAST
                VALUE   (LST)  VALUE       VALUE  FROM      YEAR
                                                  NORMAL
..................................................................
TEMPERATURE (F)
 YESTERDAY
  MAXIMUM         82    433 PM  88    1915  62     20       51
  MINIMUM         59    619 AM  22    1874  41     18       36
  AVERAGE         71                        51     20       44

PRECIPITATION (IN)
  YESTERDAY        T             0.85 1995   0.10  -0.10     0.02
  MONTH TO DATE    3.73                      2.63   1.10     1.75
  SINCE MAR 1      7.36                      4.69   2.67     6.00
  SINCE JAN 1     13.64                      7.81   5.83     9.16

SNOWFALL (IN)
  YESTERDAY        0.0           0.4  1945   0.0    0.0      0.0
  MONTH TO DATE    0.4                       1.8   -1.4      7.5
  SINCE MAR 1      2.6                       8.8   -6.2     16.4
  SINCE JUL 1     30.2                      51.0  -20.8     50.0
  SNOW DEPTH       0

DEGREE DAYS
 HEATING
  YESTERDAY        0                        14    -14       21
  MONTH TO DATE  322                       481   -159      524
  SINCE MAR 1   1247                      1410   -163     1287
  SINCE JUL 1   5292                      6345  -1053     5447

 COOLING
  YESTERDAY        6                         0      6        0
  MONTH TO DATE    8                         0      8        1
  SINCE MAR 1      8                         1      7        1
  SINCE JAN 1      8                         1      7        1
..................................................................


WIND (MPH)
  RESULTANT WIND SPEED  11   RESULTANT WIND DIRECTION   S (160)
  HIGHEST WIND SPEED    28   HIGHEST WIND DIRECTION    SW (210)
  HIGHEST GUST SPEED    38   HIGHEST GUST DIRECTION    SE (150)
  AVERAGE WIND SPEED    12.8


SKY COVER
  AVERAGE SKY COVER 0.2


WEATHER CONDITIONS
 THE FOLLOWING WEATHER WAS RECORDED YESTERDAY.
  NO SIGNIFICANT WEATHER WAS OBSERVED.


RELATIVE HUMIDITY (PERCENT)
 HIGHEST    78           700 AM
 LOWEST     42           200 PM
 AVERAGE    60

..........................................................


THE LANSING MI CLIMATE NORMALS FOR TODAY
                         NORMAL    RECORD    YEAR
 MAXIMUM TEMPERATURE (F)   63        84      1990
                                             1986
 MINIMUM TEMPERATURE (F)   41        24      1867


SUNRISE AND SUNSET
APRIL 27 2017.........SUNRISE   638 AM EDT   SUNSET   835 PM EDT
APRIL 28 2017.........SUNRISE   637 AM EDT   SUNSET   836 PM EDT


-  INDICATES NEGATIVE NUMBERS.
R  INDICATES RECORD WAS SET OR TIED.
MM INDICATES DATA IS MISSING.
T  INDICATES TRACE AMOUNT.




$$
