000
CDUS43 KGRR 032127
CLILAN


CLIMATE REPORT
NATIONAL WEATHER SERVICE GRAND RAPIDS, MI
527 PM EDT WED JUN 3 2015


...................................

...THE LANSING MI CLIMATE SUMMARY FOR JUNE 3 2015...
VALID TODAY AS OF 0500 PM LOCAL TIME.

CLIMATE NORMAL PERIOD 1981 TO 2010
CLIMATE RECORD PERIOD 1864 TO 2015


WEATHER ITEM   OBSERVED TIME   RECORD YEAR NORMAL DEPARTURE LAST
                VALUE   (LST)  VALUE       VALUE  FROM      YEAR
                                                  NORMAL
..................................................................
TEMPERATURE (F)
 TODAY
  MAXIMUM         75    336 PM  97    1895  75      0       73
  MINIMUM         45    517 AM  34    1986  53     -8       59
  AVERAGE         60                        64     -4       66

PRECIPITATION (IN)
  TODAY            0.00          1.14 1996   0.11  -0.11     0.00
  MONTH TO DATE    0.00                      0.35  -0.35     0.65
  SINCE JUN 1      0.00                      0.35  -0.35     0.65
  SINCE JAN 1      8.05                     11.92  -3.87    11.86

SNOWFALL (IN)
  TODAY            0.0           0.0    MM   0.0    0.0      0.0
  MONTH TO DATE    0.0                       0.0    0.0      0.0
  SINCE JUN 1      0.0                       0.0    0.0      0.0
  SINCE JUL 1     35.6                      51.1  -15.5     69.1
  SNOW DEPTH       0

DEGREE DAYS
 HEATING
  TODAY            5                         4      1        0
  MONTH TO DATE   26                        12     14        0
  SINCE JUN 1     26                        12     14        0
  SINCE JUL 1   7201                      6669    532     7519

 COOLING
  TODAY            0                         3     -3        1
  MONTH TO DATE    0                         7     -7       19
  SINCE JUN 1      0                         7     -7       19
  SINCE JAN 1     59                        48     11       58
..................................................................


WIND (MPH)
  RESULTANT WIND SPEED   6   RESULTANT WIND DIRECTION  SE (140)
  HIGHEST WIND SPEED    15   HIGHEST WIND DIRECTION    SE (150)
  HIGHEST GUST SPEED    22   HIGHEST GUST DIRECTION    SE (130)
  AVERAGE WIND SPEED     6.0


SKY COVER
  AVERAGE SKY COVER 0.1


WEATHER CONDITIONS
 THE FOLLOWING WEATHER WAS RECORDED TODAY.
  NO SIGNIFICANT WEATHER WAS OBSERVED.


RELATIVE HUMIDITY (PERCENT)
 HIGHEST    92           400 AM
 LOWEST     49           200 PM
 AVERAGE    71

..........................................................


THE LANSING MI CLIMATE NORMALS FOR TOMORROW
                         NORMAL    RECORD    YEAR
 MAXIMUM TEMPERATURE (F)   75        95      1934
 MINIMUM TEMPERATURE (F)   53        35      1998
                                             1894
                                             1869


SUNRISE AND SUNSET
JUNE  3 2015..........SUNRISE   602 AM EDT   SUNSET   911 PM EDT
JUNE  4 2015..........SUNRISE   602 AM EDT   SUNSET   912 PM EDT


-  INDICATES NEGATIVE NUMBERS.
R  INDICATES RECORD WAS SET OR TIED.
MM INDICATES DATA IS MISSING.
T  INDICATES TRACE AMOUNT.




$$
