000
CDUS45 KCYS 170729
CLILAR


CLIMATE REPORT
NATIONAL WEATHER SERVICE CHEYENNE WY
128 AM MDT WED SEP 17 2014


...................................

...THE LARAMIE WY AIRPORT CLIMATE SUMMARY FOR SEPTEMBER 16 2014...

CLIMATE NORMAL PERIOD 1981 TO 2010
CLIMATE RECORD PERIOD 1948 TO 2014


WEATHER ITEM   OBSERVED TIME   RECORD YEAR NORMAL DEPARTURE LAST
                VALUE   (LST)  VALUE       VALUE  FROM      YEAR
                                                  NORMAL
..................................................................
TEMPERATURE (F)
 YESTERDAY
  MAXIMUM         78    225 PM  84    2000  69      9       72
  MINIMUM         42    204 AM  17    1965  38      4       45
  AVERAGE         60                        53      7       59

PRECIPITATION (IN)
  YESTERDAY        0.00          0.91 1965   0.03  -0.03     0.00
  MONTH TO DATE    0.61                      0.60   0.01     2.73
  SINCE JAN 1     11.40                      8.75   2.65     9.06

DEGREE DAYS
 HEATING
  YESTERDAY        5                        12     -7        6
  MONTH TO DATE  168                       143     25       67
  SINCE SEP 1    168                       143     25       67
  SINCE JUL 1    347                       315     32      138

 COOLING
  YESTERDAY        0                         0      0        0
  MONTH TO DATE    0                         0      0       24
  SINCE SEP 1      0                         0      0       24
  SINCE JAN 1     67                        66      1      162
..................................................................


WIND (MPH)
  HIGHEST WIND SPEED    23   HIGHEST WIND DIRECTION    NW (310)
  HIGHEST GUST SPEED    31   HIGHEST GUST DIRECTION    NW (320)
  AVERAGE WIND SPEED    11.3


SKY COVER
  AVERAGE SKY COVER 0.3


WEATHER CONDITIONS
 THE FOLLOWING WEATHER WAS RECORDED YESTERDAY.
  NO SIGNIFICANT WEATHER WAS OBSERVED.


RELATIVE HUMIDITY (PERCENT)
 HIGHEST    76          1200 AM
 LOWEST     16           200 PM
 AVERAGE    46

..........................................................


THE LARAMIE WY AIRPORT CLIMATE NORMALS FOR TODAY
                         NORMAL    RECORD    YEAR
 MAXIMUM TEMPERATURE (F)   68        85      2000
 MINIMUM TEMPERATURE (F)   37         7      1965


SUNRISE AND SUNSET
SEPTEMBER 17 2014.....SUNRISE   645 AM MDT   SUNSET   708 PM MDT
SEPTEMBER 18 2014.....SUNRISE   646 AM MDT   SUNSET   707 PM MDT


-  INDICATES NEGATIVE NUMBERS.
R  INDICATES RECORD WAS SET OR TIED.
MM INDICATES DATA IS MISSING.
T  INDICATES TRACE AMOUNT.




$$
