340
CDUS45 KCYS 020327
CLILAR


CLIMATE REPORT
NATIONAL WEATHER SERVICE CHEYENNE WY
927 PM MDT SUN MAY 1 2016


...................................

...THE LARAMIE WY AIRPORT CLIMATE SUMMARY FOR MAY 1 2016...
VALID TODAY AS OF 0900 PM LOCAL TIME.

CLIMATE NORMAL PERIOD 1981 TO 2010
CLIMATE RECORD PERIOD 1948 TO 2016


WEATHER ITEM   OBSERVED TIME   RECORD YEAR NORMAL DEPARTURE LAST
                VALUE   (LST)  VALUE       VALUE  FROM      YEAR
                                                  NORMAL
..................................................................
TEMPERATURE (F)
 TODAY
  MAXIMUM         36    210 PM  75    1959  56    -20       64
  MINIMUM         25    759 PM  11    2013  29     -4       37
  AVERAGE         31                        43    -12       51

PRECIPITATION (IN)
  TODAY            0.02          0.32 1977   0.04  -0.02     0.00
  MONTH TO DATE    0.02                      0.04  -0.02     0.00
  SINCE JAN 1      4.03                      2.30   1.73     2.69

DEGREE DAYS
 HEATING
  TODAY           34                        22     12       14
  MONTH TO DATE   34                        22     12       14
  SINCE MAR 1   1917                      1895     22     1676
  SINCE JUL 1   7699                      8071   -372     7353

 COOLING
  TODAY            0                         0      0        0
  MONTH TO DATE    0                         0      0        0
  SINCE MAR 1      0                         0      0        0
  SINCE JAN 1      0                         0      0        0
..................................................................


WIND (MPH)
  HIGHEST WIND SPEED    16   HIGHEST WIND DIRECTION     E (70)
  HIGHEST GUST SPEED    19   HIGHEST GUST DIRECTION    NE (50)
  AVERAGE WIND SPEED     7.3


SKY COVER
  AVERAGE SKY COVER 0.8


WEATHER CONDITIONS
 THE FOLLOWING WEATHER WAS RECORDED TODAY.
  LIGHT SNOW
  FOG


RELATIVE HUMIDITY (PERCENT)
 HIGHEST    85           100 AM
 LOWEST     56          1200 PM
 AVERAGE    71

..........................................................


THE LARAMIE WY AIRPORT CLIMATE NORMALS FOR TOMORROW
                         NORMAL    RECORD    YEAR
 MAXIMUM TEMPERATURE (F)   57        74      1986
 MINIMUM TEMPERATURE (F)   29         5      2013


SUNRISE AND SUNSET
MAY  1 2016...........SUNRISE   559 AM MDT   SUNSET   801 PM MDT
MAY  2 2016...........SUNRISE   558 AM MDT   SUNSET   802 PM MDT


-  INDICATES NEGATIVE NUMBERS.
R  INDICATES RECORD WAS SET OR TIED.
MM INDICATES DATA IS MISSING.
T  INDICATES TRACE AMOUNT.




$$
