000
CDUS45 KCYS 012122
CLILAR


CLIMATE REPORT
NATIONAL WEATHER SERVICE CHEYENNE WY
322 PM MDT WED OCT 1 2014


...................................

...THE LARAMIE WY AIRPORT CLIMATE SUMMARY FOR OCTOBER 1 2014...
VALID AS OF 0300 PM LOCAL TIME.

CLIMATE NORMAL PERIOD 1981 TO 2010
CLIMATE RECORD PERIOD 1948 TO 2014


WEATHER ITEM   OBSERVED TIME   RECORD YEAR NORMAL DEPARTURE LAST
                VALUE   (LST)  VALUE       VALUE  FROM      YEAR
                                                  NORMAL
..................................................................
TEMPERATURE (F)
 TODAY
  MAXIMUM         48   1051 AM  79    2011  62    -14       72
  MINIMUM         33    104 PM  12    1985  32      1       36
  AVERAGE         41                        47     -6       54

PRECIPITATION (IN)
  TODAY            0.06          0.79 1998   0.03   0.03     0.00
                                      1986
  MONTH TO DATE    0.06                      0.03   0.03     0.00
  SINCE JAN 1     12.92                      9.29   3.63     9.38

DEGREE DAYS
 HEATING
  TODAY           24                        18      6       11
  MONTH TO DATE   24                        18      6       11
  SINCE SEP 1    296                       371    -75      264
  SINCE JUL 1    475                       543    -68      335

 COOLING
  TODAY            0                         0      0        0
  MONTH TO DATE    0                         0      0        0
  SINCE SEP 1      0                         1     -1       24
  SINCE JAN 1     67                        67      0      162
..................................................................


WIND (MPH)
  HIGHEST WIND SPEED    21   HIGHEST WIND DIRECTION     W (290)
  HIGHEST GUST SPEED    25   HIGHEST GUST DIRECTION     W (250)
  AVERAGE WIND SPEED    10.4


SKY COVER
  AVERAGE SKY COVER 0.5


WEATHER CONDITIONS
 THE FOLLOWING WEATHER WAS RECORDED TODAY.
  LIGHT RAIN
  LIGHT SNOW
  FOG


RELATIVE HUMIDITY (PERCENT)
 HIGHEST    82           600 AM
 LOWEST     45          1100 AM
 AVERAGE    64

..........................................................


THE LARAMIE WY AIRPORT CLIMATE NORMALS FOR TOMORROW
                         NORMAL    RECORD    YEAR
 MAXIMUM TEMPERATURE (F)   61        77      1992
 MINIMUM TEMPERATURE (F)   32        20      1999
                                             1977


SUNRISE AND SUNSET
OCTOBER  1 2014.......SUNRISE   659 AM MDT   SUNSET   644 PM MDT
OCTOBER  2 2014.......SUNRISE   700 AM MDT   SUNSET   643 PM MDT


-  INDICATES NEGATIVE NUMBERS.
R  INDICATES RECORD WAS SET OR TIED.
MM INDICATES DATA IS MISSING.
T  INDICATES TRACE AMOUNT.




$$
