000
CDUS45 KVEF 290826
CLILAS


CLIMATE REPORT
NATIONAL WEATHER SERVICE LAS VEGAS, NV
126 AM PDT TUE JUL 29 2014


...................................

...THE LAS VEGAS NV CLIMATE SUMMARY FOR JULY 28 2014...

CLIMATE NORMAL PERIOD 1981 TO 2010
CLIMATE RECORD PERIOD 1937 TO 2014


WEATHER ITEM   OBSERVED TIME   RECORD YEAR NORMAL DEPARTURE LAST
                VALUE   (LST)  VALUE       VALUE  FROM      YEAR
                                                  NORMAL
..................................................................
TEMPERATURE (F)
 YESTERDAY
  MAXIMUM         96    135 PM 114    1995 104     -8       95
                                      1980
  MINIMUM         80    552 AM  61    1984  81     -1       79
                                      1941
  AVERAGE         88                        93     -5       87

PRECIPITATION (IN)
  YESTERDAY        T             1.36 1984   0.02  -0.02      T
  MONTH TO DATE    0.22                      0.35  -0.13     0.30
  SINCE OCT 1      1.94                      3.56  -1.62     2.34
  SINCE JAN 1      0.52                      2.43  -1.91     0.91

SNOWFALL (IN)
  YESTERDAY        0.0           0.0    MM   0.0    0.0      0.0
  MONTH TO DATE    0.0                       0.0    0.0      0.0
  SINCE JUN 1      0.0                       0.0    0.0      0.0
  SINCE JUL 1      0.0                       0.0    0.0      0.0
  SNOW DEPTH       0

DEGREE DAYS
 HEATING
  YESTERDAY        0                         0      0        0
  MONTH TO DATE    0                         0      0        0
  SINCE JUN 1      0                         1     -1        0
  SINCE JUL 1      0                         0      0        0

 COOLING
  YESTERDAY       23                        28     -5       22
  MONTH TO DATE  812                       771     41      833
  SINCE JUN 1   1553                      1421    132     1637
  SINCE JAN 1   2211                      1971    240     2327
..................................................................


WIND (MPH)
  RESULTANT WIND SPEED   5   RESULTANT WIND DIRECTION   S (180)
  HIGHEST WIND SPEED    18   HIGHEST WIND DIRECTION     S (190)
  HIGHEST GUST SPEED    22   HIGHEST GUST DIRECTION     S (190)
  AVERAGE WIND SPEED     7.9


SKY COVER
  POSSIBLE SUNSHINE  MM
  AVERAGE SKY COVER 0.8


WEATHER CONDITIONS
 THE FOLLOWING WEATHER WAS RECORDED YESTERDAY.
  THUNDERSTORM
  LIGHT RAIN


RELATIVE HUMIDITY (PERCENT)
 HIGHEST    58           500 AM
 LOWEST     30          1100 AM
 AVERAGE    44

..........................................................


THE LAS VEGAS NV CLIMATE NORMALS FOR TODAY
                         NORMAL    RECORD    YEAR
 MAXIMUM TEMPERATURE (F)  104       115      1995
 MINIMUM TEMPERATURE (F)   81        64      1984
                                             1944
                                             1938


SUNRISE AND SUNSET
JULY 29 2014..........SUNRISE   546 AM PDT   SUNSET   748 PM PDT
JULY 30 2014..........SUNRISE   546 AM PDT   SUNSET   747 PM PDT


-  INDICATES NEGATIVE NUMBERS.
R  INDICATES RECORD WAS SET OR TIED.
MM INDICATES DATA IS MISSING.
T  INDICATES TRACE AMOUNT.




$$
