000
CDUS45 KVEF 210834
CLILAS


CLIMATE REPORT
NATIONAL WEATHER SERVICE LAS VEGAS, NV
134 AM PDT THU AUG 21 2014


...................................

...THE LAS VEGAS NV CLIMATE SUMMARY FOR AUGUST 20 2014...

CLIMATE NORMAL PERIOD 1981 TO 2010
CLIMATE RECORD PERIOD 1937 TO 2014


WEATHER ITEM   OBSERVED TIME   RECORD YEAR NORMAL DEPARTURE LAST
                VALUE   (LST)  VALUE       VALUE  FROM      YEAR
                                                  NORMAL
..................................................................
TEMPERATURE (F)
 YESTERDAY
  MAXIMUM         96   1253 PM 110    1950 102     -6      105
  MINIMUM         74    538 AM  55    1938  79     -5       83
  AVERAGE         85                        90     -5       94

PRECIPITATION (IN)
  YESTERDAY        T             0.06 1975   0.01  -0.01     0.00
  MONTH TO DATE    0.35                      0.22   0.13     0.17
  SINCE OCT 1      2.29                      3.83  -1.54     2.51
  SINCE JAN 1      0.87                      2.70  -1.83     1.08

SNOWFALL (IN)
  YESTERDAY        0.0           0.0  2013   0.0    0.0      0.0
  MONTH TO DATE    0.0                       0.0    0.0      0.0
  SINCE JUN 1      0.0                       0.0    0.0      0.0
  SINCE JUL 1      0.0                       0.0    0.0      0.0
  SNOW DEPTH       0

DEGREE DAYS
 HEATING
  YESTERDAY        0                         0      0        0
  MONTH TO DATE    0                         0      0        0
  SINCE JUN 1      0                         1     -1        0
  SINCE JUL 1      0                         0      0        0

 COOLING
  YESTERDAY       20                        25     -5       29
  MONTH TO DATE  475                       529    -54      528
  SINCE JUN 1   2114                      2033     81     2247
  SINCE JAN 1   2772                      2583    189     2937
..................................................................


WIND (MPH)
  RESULTANT WIND SPEED   6   RESULTANT WIND DIRECTION   S (170)
  HIGHEST WIND SPEED    23   HIGHEST WIND DIRECTION     S (160)
  HIGHEST GUST SPEED    33   HIGHEST GUST DIRECTION     S (160)
  AVERAGE WIND SPEED     8.6


SKY COVER
  POSSIBLE SUNSHINE  MM
  AVERAGE SKY COVER 0.5


WEATHER CONDITIONS
 THE FOLLOWING WEATHER WAS RECORDED YESTERDAY.
  THUNDERSTORM
  LIGHT RAIN


RELATIVE HUMIDITY (PERCENT)
 HIGHEST    50           500 AM
 LOWEST     14          1200 PM
 AVERAGE    32

..........................................................


THE LAS VEGAS NV CLIMATE NORMALS FOR TODAY
                         NORMAL    RECORD    YEAR
 MAXIMUM TEMPERATURE (F)  101       110      2009
 MINIMUM TEMPERATURE (F)   79        63      1957
                                             1944


SUNRISE AND SUNSET
AUGUST 21 2014........SUNRISE   604 AM PDT   SUNSET   723 PM PDT
AUGUST 22 2014........SUNRISE   605 AM PDT   SUNSET   722 PM PDT


-  INDICATES NEGATIVE NUMBERS.
R  INDICATES RECORD WAS SET OR TIED.
MM INDICATES DATA IS MISSING.
T  INDICATES TRACE AMOUNT.




$$
