559
CDUS45 KVEF 010834
CLILAS


CLIMATE REPORT
NATIONAL WEATHER SERVICE LAS VEGAS, NV
132 AM PDT SUN MAY 1 2016


...................................

...THE LAS VEGAS NV CLIMATE SUMMARY FOR APRIL 30 2016...

CLIMATE NORMAL PERIOD 1981 TO 2010
CLIMATE RECORD PERIOD 1937 TO 2016


WEATHER ITEM   OBSERVED TIME   RECORD YEAR NORMAL DEPARTURE LAST
                VALUE   (LST)  VALUE       VALUE  FROM      YEAR
                                                  NORMAL
..................................................................
TEMPERATURE (F)
 YESTERDAY
  MAXIMUM         66    158 PM  99    1981  83    -17       95
                                      1943
  MINIMUM         49    725 AM  38    1967  61    -12       72
                                      1942
  AVERAGE         58                        72    -14       84

PRECIPITATION (IN)
  YESTERDAY        0.93R         0.35 1973   0.00   0.93     0.00
  MONTH TO DATE    2.26                      0.15   2.11     0.26
  SINCE OCT 1      4.22                      3.02   1.20     2.25
  SINCE JAN 1      2.81                      1.89   0.92     1.95

SNOWFALL (IN)
  YESTERDAY        0.0           0.0    MM   0.0    0.0      0.0
  MONTH TO DATE    0.0                       0.0    0.0      0.0
  SINCE MAR 1      0.0                       0.0    0.0      0.0
  SINCE JUL 1      T                         0.3   -0.3       T
  SNOW DEPTH       0

DEGREE DAYS
 HEATING
  YESTERDAY        7                         1      6        0
  MONTH TO DATE   36                        64    -28       26
  SINCE MAR 1    114                       252   -138      102
  SINCE JUL 1   1693                      1943   -250     1209

 COOLING
  YESTERDAY        0                         8     -8       19
  MONTH TO DATE  142                       129     13      147
  SINCE MAR 1    197                       159     38      285
  SINCE JAN 1    206                       160     46      295
..................................................................


WIND (MPH)
  RESULTANT WIND SPEED   6   RESULTANT WIND DIRECTION   N (350)
  HIGHEST WIND SPEED    32   HIGHEST WIND DIRECTION    NE (30)
  HIGHEST GUST SPEED    43   HIGHEST GUST DIRECTION     N (340)
  AVERAGE WIND SPEED    11.0


SKY COVER
  POSSIBLE SUNSHINE  MM
  AVERAGE SKY COVER 0.9


WEATHER CONDITIONS
 THE FOLLOWING WEATHER WAS RECORDED YESTERDAY.
  THUNDERSTORM
  RAIN
  LIGHT RAIN
  FOG


RELATIVE HUMIDITY (PERCENT)
 HIGHEST   100           700 AM
 LOWEST     43          1200 AM
 AVERAGE    72

..........................................................


THE LAS VEGAS NV CLIMATE NORMALS FOR TODAY
                         NORMAL    RECORD    YEAR
 MAXIMUM TEMPERATURE (F)   84       102      1947
 MINIMUM TEMPERATURE (F)   61        41      1967


SUNRISE AND SUNSET
MAY  1 2016...........SUNRISE   547 AM PDT   SUNSET   729 PM PDT
MAY  2 2016...........SUNRISE   546 AM PDT   SUNSET   729 PM PDT


-  INDICATES NEGATIVE NUMBERS.
R  INDICATES RECORD WAS SET OR TIED.
MM INDICATES DATA IS MISSING.
T  INDICATES TRACE AMOUNT.




$$
