000
CDUS45 KVEF 290827
CLILAS


CLIMATE REPORT
NATIONAL WEATHER SERVICE LAS VEGAS, NV
1226 AM PST THU JAN 29 2015


...................................

...THE LAS VEGAS NV CLIMATE SUMMARY FOR JANUARY 28 2015...

CLIMATE NORMAL PERIOD 1981 TO 2010
CLIMATE RECORD PERIOD 1937 TO 2015


WEATHER ITEM   OBSERVED TIME   RECORD YEAR NORMAL DEPARTURE LAST
                VALUE   (LST)  VALUE       VALUE  FROM      YEAR
                                                  NORMAL
..................................................................
TEMPERATURE (F)
 YESTERDAY
  MAXIMUM         64        MM  71    1971  59      5       68
                                      1940
  MINIMUM         49        MM  18    1937  40      9       47
  AVERAGE         57                        50      7       58

PRECIPITATION (IN)
  YESTERDAY        0.00          0.26 2005   0.01  -0.01     0.00
  MONTH TO DATE    0.67                      0.48   0.19     0.00
  SINCE OCT 1      0.97                      1.61  -0.64     1.42
  SINCE JAN 1      0.67                      0.48   0.19     0.00

SNOWFALL (IN)
  YESTERDAY        0.0           2.4  1979   0.0    0.0      0.0
  MONTH TO DATE    0.0                       0.0    0.0      0.0
  SINCE DEC 1      T                         0.2   -0.2      0.0
  SINCE JUL 1      T                         0.2   -0.2      0.0
  SNOW DEPTH       0

DEGREE DAYS
 HEATING
  YESTERDAY        8                        15     -7        7
  MONTH TO DATE  344                       460   -116      337
  SINCE DEC 1    768                       998   -230      877
  SINCE JUL 1    941                      1307   -366     1140

 COOLING
  YESTERDAY        0                         0      0        0
  MONTH TO DATE    0                         0      0        0
  SINCE DEC 1      0                         0      0        0
  SINCE JAN 1      0                         0      0        0
..................................................................


WIND (MPH)
  RESULTANT WIND SPEED   5   RESULTANT WIND DIRECTION   S (200)
  HIGHEST WIND SPEED    10   HIGHEST WIND DIRECTION     S (200)
  HIGHEST GUST SPEED    MM   HIGHEST GUST DIRECTION    MM
  AVERAGE WIND SPEED     5.5


SKY COVER
  POSSIBLE SUNSHINE  MM
  AVERAGE SKY COVER 0.8


WEATHER CONDITIONS
 THE FOLLOWING WEATHER WAS RECORDED YESTERDAY.
  NO SIGNIFICANT WEATHER WAS OBSERVED.


RELATIVE HUMIDITY (PERCENT)
 HIGHEST    86           400 AM
 LOWEST     48           400 PM
 AVERAGE    67

..........................................................


THE LAS VEGAS NV CLIMATE NORMALS FOR TODAY
                         NORMAL    RECORD    YEAR
 MAXIMUM TEMPERATURE (F)   59        71      1976
                                             1953
                                             1940
 MINIMUM TEMPERATURE (F)   41        17      1979
                                             1948


SUNRISE AND SUNSET
JANUARY 29 2015.......SUNRISE   644 AM PST   SUNSET   504 PM PST
JANUARY 30 2015.......SUNRISE   643 AM PST   SUNSET   505 PM PST


-  INDICATES NEGATIVE NUMBERS.
R  INDICATES RECORD WAS SET OR TIED.
MM INDICATES DATA IS MISSING.
T  INDICATES TRACE AMOUNT.




$$
