000
CDUS46 KLOX 250857
CLILAX


CLIMATE REPORT
NATIONAL WEATHER SERVICE LOS ANGELES/OXNARD CA
157 AM PDT THU MAY 25 2017


...................................

...THE LOS ANGELES INTL AIRPORT CA CLIMATE SUMMARY FOR MAY 24 2017...

CLIMATE NORMAL PERIOD 1981 TO 2010
CLIMATE RECORD PERIOD 1944 TO 2017


WEATHER ITEM   OBSERVED TIME   RECORD YEAR NORMAL DEPARTURE LAST
                VALUE   (LST)  VALUE       VALUE  FROM      YEAR
                                                  NORMAL
..................................................................
TEMPERATURE (F)
 YESTERDAY
  MAXIMUM         67    138 PM  80    1949  68     -1       67
  MINIMUM         58   1016 PM  50    1980  58      0       58
                                      1945
  AVERAGE         63                        63      0       63

PRECIPITATION (IN)
  YESTERDAY        0.00          0.06 1977   0.01  -0.01      T
  MONTH TO DATE    0.13                      0.19  -0.06     0.59
  SINCE OCT 1     16.32                     12.42   3.90     7.25
  SINCE JAN 1     12.07                      8.70   3.37     6.01

SNOWFALL (IN)
  YESTERDAY        0.0
  MONTH TO DATE    0.0
  SINCE MAR 1      0.0
  SINCE JUL 1      0.0

DEGREE DAYS
 HEATING
  YESTERDAY        2                         2      0        2
  MONTH TO DATE   59                        72    -13       51
  SINCE MAR 1    238                       451   -213      253
  SINCE JUL 1   1011                      1380   -369      949

 COOLING
  YESTERDAY        0                         0      0        0
  MONTH TO DATE   23                         4     19        1
  SINCE MAR 1     58                        21     37       36
  SINCE JAN 1     58                        30     28       93
..................................................................


WIND (MPH)
  HIGHEST WIND SPEED    20   HIGHEST WIND DIRECTION    SW (240)
  HIGHEST GUST SPEED    24   HIGHEST GUST DIRECTION    SW (230)
  AVERAGE WIND SPEED     9.0


SKY COVER
  POSSIBLE SUNSHINE  MM
  AVERAGE SKY COVER 0.8


WEATHER CONDITIONS
 THE FOLLOWING WEATHER WAS RECORDED YESTERDAY.
  FOG
  HAZE


RELATIVE HUMIDITY (PERCENT)
 HIGHEST   100           300 AM
 LOWEST     68          1200 PM
 AVERAGE    84

..........................................................


THE LOS ANGELES INTL AIRPORT CA CLIMATE NORMALS FOR TODAY
                         NORMAL    RECORD    YEAR
 MAXIMUM TEMPERATURE (F)   68        79      1986
 MINIMUM TEMPERATURE (F)   58        49      1980
                                             1945


SUNRISE AND SUNSET
MAY 25 2017...........SUNRISE   546 AM PDT   SUNSET   755 PM PDT
MAY 26 2017...........SUNRISE   546 AM PDT   SUNSET   756 PM PDT


-  INDICATES NEGATIVE NUMBERS.
R  INDICATES RECORD WAS SET OR TIED.
MM INDICATES DATA IS MISSING.
T  INDICATES TRACE AMOUNT.




$$
