000
CDUS46 KLOX 250857
CLILAX


CLIMATE REPORT
NATIONAL WEATHER SERVICE LOS ANGELES/OXNARD CA
157 AM PDT MON SEP 25 2017


...................................

...THE LOS ANGELES INTL AIRPORT CA CLIMATE SUMMARY FOR SEPTEMBER 24 2017...

CLIMATE NORMAL PERIOD 1981 TO 2010
CLIMATE RECORD PERIOD 1944 TO 2017


WEATHER ITEM   OBSERVED TIME   RECORD YEAR NORMAL DEPARTURE LAST
                VALUE   (LST)  VALUE       VALUE  FROM      YEAR
                                                  NORMAL
..................................................................
TEMPERATURE (F)
 YESTERDAY
  MAXIMUM         80   1125 AM 105    1978  74      6       84
  MINIMUM         58    442 AM  54    1944  63     -5       62
  AVERAGE         69                        68      1       73

PRECIPITATION (IN)
  YESTERDAY        0.00          1.44 1986   0.01  -0.01     0.00
  MONTH TO DATE    0.08                      0.14  -0.06     0.01
  SINCE OCT 1     16.40                     12.75   3.65     7.26
  SINCE JAN 1     12.15                      9.03   3.12     6.02

SNOWFALL (IN)
  YESTERDAY        0.0
  MONTH TO DATE    0.0
  SINCE SEP 1      0.0
  SINCE JUL 1      0.0

DEGREE DAYS
 HEATING
  YESTERDAY        0                         0      0        0
  MONTH TO DATE    1                         0      1        0
  SINCE SEP 1      1                         0      1        0
  SINCE JUL 1      1                         4     -3        0

 COOLING
  YESTERDAY        4                         3      1        8
  MONTH TO DATE  170                       104     66      103
  SINCE SEP 1    170                       104     66      103
  SINCE JAN 1    735                       450    285      685
..................................................................


WIND (MPH)
  HIGHEST WIND SPEED    20   HIGHEST WIND DIRECTION     W (260)
  HIGHEST GUST SPEED    22   HIGHEST GUST DIRECTION     W (250)
  AVERAGE WIND SPEED     7.2


SKY COVER
  POSSIBLE SUNSHINE  MM
  AVERAGE SKY COVER 0.1


WEATHER CONDITIONS
 THE FOLLOWING WEATHER WAS RECORDED YESTERDAY.
  NO SIGNIFICANT WEATHER WAS OBSERVED.


RELATIVE HUMIDITY (PERCENT)
 HIGHEST    84          1200 AM
 LOWEST     33          1100 AM
 AVERAGE    59

..........................................................


THE LOS ANGELES INTL AIRPORT CA CLIMATE NORMALS FOR TODAY
                         NORMAL    RECORD    YEAR
 MAXIMUM TEMPERATURE (F)   74       105      1978
 MINIMUM TEMPERATURE (F)   62        52      1948


SUNRISE AND SUNSET
SEPTEMBER 25 2017.....SUNRISE   644 AM PDT   SUNSET   646 PM PDT
SEPTEMBER 26 2017.....SUNRISE   645 AM PDT   SUNSET   644 PM PDT


-  INDICATES NEGATIVE NUMBERS.
R  INDICATES RECORD WAS SET OR TIED.
MM INDICATES DATA IS MISSING.
T  INDICATES TRACE AMOUNT.




$$
