000
CDUS46 KLOX 020908
CLILAX


CLIMATE REPORT
NATIONAL WEATHER SERVICE LOS ANGELES/OXNARD CA
208 AM PDT TUE JUN 2 2015


...................................

...THE LOS ANGELES INTL AIRPORT CA CLIMATE SUMMARY FOR JUNE 1 2015...

CLIMATE NORMAL PERIOD 1981 TO 2010
CLIMATE RECORD PERIOD 1944 TO 2015


WEATHER ITEM   OBSERVED TIME   RECORD YEAR NORMAL DEPARTURE LAST
                VALUE   (LST)  VALUE       VALUE  FROM      YEAR
                                                  NORMAL
..................................................................
TEMPERATURE (F)
 YESTERDAY
  MAXIMUM         67    113 PM  77    1996  69     -2       72
  MINIMUM         57    321 AM  50    1971  59     -2       61
                                      1955
  AVERAGE         62                        64     -2       67

PRECIPITATION (IN)
  YESTERDAY        0.00          0.08 1999   0.00   0.00     0.00
  MONTH TO DATE    0.00                      0.00   0.00     0.00
  SINCE OCT 1      7.25                     12.45  -5.20     4.42
  SINCE JAN 1      2.55                      8.73  -6.18     3.41

SNOWFALL (IN)
  YESTERDAY        0.0
  MONTH TO DATE    0.0
  SINCE JUN 1      0.0
  SINCE JUL 1      0.0

DEGREE DAYS
 HEATING
  YESTERDAY        3                         2      1        0
  MONTH TO DATE    3                         2      1        0
  SINCE JUN 1      3                         2      1        0
  SINCE JUL 1    819                      1396   -577      758

 COOLING
  YESTERDAY        0                         1     -1        2
  MONTH TO DATE    0                         1     -1        2
  SINCE JUN 1      0                         1     -1        2
  SINCE JAN 1    113                        41     72      213
..................................................................


WIND (MPH)
  HIGHEST WIND SPEED    17   HIGHEST WIND DIRECTION     W (270)
  HIGHEST GUST SPEED    23   HIGHEST GUST DIRECTION     W (260)
  AVERAGE WIND SPEED     8.3


SKY COVER
  POSSIBLE SUNSHINE  MM
  AVERAGE SKY COVER 0.7


WEATHER CONDITIONS
 THE FOLLOWING WEATHER WAS RECORDED YESTERDAY.
  FOG
  HAZE


RELATIVE HUMIDITY (PERCENT)
 HIGHEST    93          1200 AM
 LOWEST     68          1200 PM
 AVERAGE    81

..........................................................


THE LOS ANGELES INTL AIRPORT CA CLIMATE NORMALS FOR TODAY
                         NORMAL    RECORD    YEAR
 MAXIMUM TEMPERATURE (F)   69        82      1951
 MINIMUM TEMPERATURE (F)   59        50      1967


SUNRISE AND SUNSET
JUNE  2 2015..........SUNRISE   543 AM PDT   SUNSET   800 PM PDT
JUNE  3 2015..........SUNRISE   543 AM PDT   SUNSET   801 PM PDT


-  INDICATES NEGATIVE NUMBERS.
R  INDICATES RECORD WAS SET OR TIED.
MM INDICATES DATA IS MISSING.
T  INDICATES TRACE AMOUNT.




$$
