000
CDUS46 KLOX 100908
CLILAX


CLIMATE REPORT
NATIONAL WEATHER SERVICE LOS ANGELES/OXNARD CA
108 AM PST SAT DEC 10 2016


...................................

...THE LOS ANGELES INTL AIRPORT CA CLIMATE SUMMARY FOR DECEMBER 9 2016...

CLIMATE NORMAL PERIOD 1981 TO 2010
CLIMATE RECORD PERIOD 1944 TO 2016


WEATHER ITEM   OBSERVED TIME   RECORD YEAR NORMAL DEPARTURE LAST
                VALUE   (LST)  VALUE       VALUE  FROM      YEAR
                                                  NORMAL
..................................................................
TEMPERATURE (F)
 YESTERDAY
  MAXIMUM         64    137 PM  85    1973  65     -1       74
                                      1957
  MINIMUM         53    654 AM  33    1951  49      4       54
  AVERAGE         59                        57      2       64

PRECIPITATION (IN)
  YESTERDAY        0.00          1.37 1996   0.06  -0.06     0.00
  MONTH TO DATE    0.00                      0.48  -0.48     0.00
  SINCE OCT 1      1.47                      2.15  -0.68     0.16
  SINCE JAN 1      7.49                     11.25  -3.76     4.88

SNOWFALL (IN)
  YESTERDAY        0.0
  MONTH TO DATE    0.0
  SINCE DEC 1      0.0
  SINCE JUL 1      0.0

DEGREE DAYS
 HEATING
  YESTERDAY        6                         8     -2        1
  MONTH TO DATE   62                        69     -7       17
  SINCE DEC 1     62                        69     -7       17
  SINCE JUL 1    141                       251   -110      128

 COOLING
  YESTERDAY        0                         0      0        0
  MONTH TO DATE    0                         0      0        6
  SINCE DEC 1      0                         0      0        6
  SINCE JAN 1    962                       550    412     1221
..................................................................


WIND (MPH)
  HIGHEST WIND SPEED    12   HIGHEST WIND DIRECTION     W (270)
  HIGHEST GUST SPEED    16   HIGHEST GUST DIRECTION     W (250)
  AVERAGE WIND SPEED     4.0


SKY COVER
  POSSIBLE SUNSHINE  MM
  AVERAGE SKY COVER 0.7


WEATHER CONDITIONS
 THE FOLLOWING WEATHER WAS RECORDED YESTERDAY.
  FOG
  HAZE


RELATIVE HUMIDITY (PERCENT)
 HIGHEST   100           500 PM
 LOWEST     67          1200 PM
 AVERAGE    84

..........................................................


THE LOS ANGELES INTL AIRPORT CA CLIMATE NORMALS FOR TODAY
                         NORMAL    RECORD    YEAR
 MAXIMUM TEMPERATURE (F)   65        87      1958
 MINIMUM TEMPERATURE (F)   49        36      1951


SUNRISE AND SUNSET
DECEMBER 10 2016......SUNRISE   648 AM PST   SUNSET   445 PM PST
DECEMBER 11 2016......SUNRISE   649 AM PST   SUNSET   445 PM PST


-  INDICATES NEGATIVE NUMBERS.
R  INDICATES RECORD WAS SET OR TIED.
MM INDICATES DATA IS MISSING.
T  INDICATES TRACE AMOUNT.




$$
