000
CDUS46 KLOX 010915
CLILAX


CLIMATE REPORT
NATIONAL WEATHER SERVICE LOS ANGELES/OXNARD CA
215 AM PDT FRI AUG 1 2014


...................................

...THE LOS ANGELES INTL AIRPORT CA CLIMATE SUMMARY FOR JULY 31 2014...

CLIMATE NORMAL PERIOD 1981 TO 2010
CLIMATE RECORD PERIOD 1944 TO 2014


WEATHER ITEM   OBSERVED TIME   RECORD YEAR NORMAL DEPARTURE LAST
                VALUE   (LST)  VALUE       VALUE  FROM      YEAR
                                                  NORMAL
..................................................................
TEMPERATURE (F)
 YESTERDAY
  MAXIMUM         77   1109 AM  86    1959  74      3       70
  MINIMUM         67   1144 PM  59    2010  64      3       63
                                      1986
  AVERAGE         72                        69      3       67

PRECIPITATION (IN)
  YESTERDAY        0.00          0.02 1991   0.00   0.00     0.00
  MONTH TO DATE    0.14                      0.03   0.11     0.03
  SINCE JUL 1      0.14                      0.03   0.11     0.03
  SINCE JAN 1      3.55                      8.84  -5.29     2.64

SNOWFALL (IN)
  YESTERDAY        0.0
  MONTH TO DATE    0.0
  SINCE JUN 1      0.0
  SINCE JUL 1      0.0

DEGREE DAYS
 HEATING
  YESTERDAY        0                         0      0        0
  MONTH TO DATE    0                         0      0        0
  SINCE JUN 1      1                        27    -26        0
  SINCE JUL 1      0                         2     -2        0

 COOLING
  YESTERDAY        7                         4      3        2
  MONTH TO DATE  220                       119    101      133
  SINCE JUN 1    307                       161    146      226
  SINCE JAN 1    518                       201    317      307
..................................................................


WIND (MPH)
  HIGHEST WIND SPEED    18   HIGHEST WIND DIRECTION     W (270)
  HIGHEST GUST SPEED    22   HIGHEST GUST DIRECTION     W (270)
  AVERAGE WIND SPEED     7.6


SKY COVER
  POSSIBLE SUNSHINE  MM
  AVERAGE SKY COVER 0.3


WEATHER CONDITIONS
 THE FOLLOWING WEATHER WAS RECORDED YESTERDAY.
  NO SIGNIFICANT WEATHER WAS OBSERVED.


RELATIVE HUMIDITY (PERCENT)
 HIGHEST    87          1200 AM
 LOWEST     60          1100 AM
 AVERAGE    74

..........................................................


THE LOS ANGELES INTL AIRPORT CA CLIMATE NORMALS FOR TODAY
                         NORMAL    RECORD    YEAR
 MAXIMUM TEMPERATURE (F)   74        89      1980
 MINIMUM TEMPERATURE (F)   64        57      2010


SUNRISE AND SUNSET
AUGUST  1 2014........SUNRISE   605 AM PDT   SUNSET   754 PM PDT
AUGUST  2 2014........SUNRISE   606 AM PDT   SUNSET   753 PM PDT


-  INDICATES NEGATIVE NUMBERS.
R  INDICATES RECORD WAS SET OR TIED.
MM INDICATES DATA IS MISSING.
T  INDICATES TRACE AMOUNT.




$$
