000
CDUS46 KLOX 220114
CLILAX


CLIMATE REPORT
NATIONAL WEATHER SERVICE LOS ANGELES/OXNARD CA
513 PM PST TUE NOV 21 2017


...................................

...THE LOS ANGELES AIRPORT CLIMATE SUMMARY FOR NOVEMBER 21 2017...
VALID TODAY AS OF 0500 PM LOCAL TIME.

CLIMATE NORMAL PERIOD 1981 TO 2010
CLIMATE RECORD PERIOD 1944 TO 2017


WEATHER ITEM   OBSERVED TIME   RECORD YEAR NORMAL DEPARTURE LAST
                VALUE   (LST)  VALUE       VALUE  FROM      YEAR
                                                  NORMAL
..................................................................
TEMPERATURE (F)
 TODAY
  MAXIMUM         79   1158 AM  89    2015  68     11       64
  MINIMUM         58    413 AM  42    1964  52      6       56
                                      1953
                                      1948
  AVERAGE         69                        60      9       60

PRECIPITATION (IN)
  TODAY            0.00          5.60 1967   0.04  -0.04     0.29
  MONTH TO DATE    0.09                      0.70  -0.61     0.79
  SINCE OCT 1      0.09                      1.26  -1.17     1.15
  SINCE JAN 1     12.24                     10.36   1.88     7.17

SNOWFALL (IN)
  TODAY            0.0
  MONTH TO DATE    0.0
  SINCE SEP 1      0.0
  SINCE JUL 1      0.0

DEGREE DAYS
 HEATING
  TODAY            0                         5     -5        5
  MONTH TO DATE   19                        81    -62       25
  SINCE SEP 1     20                       121   -101       28
  SINCE JUL 1     20                       125   -105       28

 COOLING
  TODAY            4                         0      4        0
  MONTH TO DATE   14                        18     -4       78
  SINCE SEP 1    426                       203    223      379
  SINCE JAN 1    990                       549    441      961
..................................................................


WIND (MPH)
  HIGHEST WIND SPEED    15   HIGHEST WIND DIRECTION     W (280)
  HIGHEST GUST SPEED    17   HIGHEST GUST DIRECTION     W (280)
  AVERAGE WIND SPEED     6.4


SKY COVER
  POSSIBLE SUNSHINE  MM
  AVERAGE SKY COVER 0.6


WEATHER CONDITIONS
 THE FOLLOWING WEATHER WAS RECORDED TODAY.
  HAZE


RELATIVE HUMIDITY (PERCENT)
 HIGHEST    69           300 AM
 LOWEST     25          1200 PM
 AVERAGE    47

..........................................................


THE LOS ANGELES AIRPORT CLIMATE NORMALS FOR TOMORROW
                         NORMAL    RECORD    YEAR
 MAXIMUM TEMPERATURE (F)   68        89      1950
 MINIMUM TEMPERATURE (F)   52        42      1983
                                             1944


SUNRISE AND SUNSET
NOVEMBER 21 2017......SUNRISE   632 AM PST   SUNSET   447 PM PST
NOVEMBER 22 2017......SUNRISE   633 AM PST   SUNSET   447 PM PST


-  INDICATES NEGATIVE NUMBERS.
R  INDICATES RECORD WAS SET OR TIED.
MM INDICATES DATA IS MISSING.
T  INDICATES TRACE AMOUNT.




$$
