000
CDUS44 KLUB 240226
CLILBB


CLIMATE REPORT
NATIONAL WEATHER SERVICE LUBBOCK, TX
826 PM CST THU FEB 23 2017


...................................

...THE LUBBOCK CLIMATE SUMMARY FOR FEBRUARY 23 2017...
VALID TODAY AS OF 0800 PM LOCAL TIME.

CLIMATE NORMAL PERIOD 1981 TO 2010
CLIMATE RECORD PERIOD 1911 TO 2017


WEATHER ITEM   OBSERVED TIME   RECORD YEAR NORMAL DEPARTURE LAST
                VALUE   (LST)  VALUE       VALUE  FROM      YEAR
                                                  NORMAL
..................................................................
TEMPERATURE (F)
 TODAY
  MAXIMUM         81    320 PM  85    2009  61     20       46
                                      1918
  MINIMUM         46    634 AM   9    1914  32     14       32
  AVERAGE         64                        46     18       39

PRECIPITATION (IN)
  TODAY            0.00          0.39 1941   0.02  -0.02      T
  MONTH TO DATE    0.89                      0.61   0.28     0.09
  SINCE DEC 1      3.41                      2.02   1.39     1.96
  SINCE JAN 1      2.92                      1.26   1.66     0.39

SNOWFALL (IN)
  TODAY            0.0           0.4  2015   0.1   -0.1       T
  MONTH TO DATE    T                         1.5   -1.5       T
  SINCE DEC 1      0.2                       6.4   -6.2     13.3
  SINCE JUL 1      0.2                       7.3   -7.1     13.3
  SNOW DEPTH       0

DEGREE DAYS
 HEATING
  TODAY            1                        19    -18       26
  MONTH TO DATE  287                       486   -199      396
  SINCE DEC 1   1646                      2009   -363     1790
  SINCE JUL 1   2010                      2651   -641     2309

 COOLING
  TODAY            0                         0      0        0
  MONTH TO DATE    4                         0      4        4
  SINCE DEC 1      4                         0      4        4
  SINCE JAN 1      4                         0      4        4
..................................................................


WIND (MPH)
  RESULTANT WIND SPEED  19   RESULTANT WIND DIRECTION  SW (240)
  HIGHEST WIND SPEED    41   HIGHEST WIND DIRECTION     W (250)
  HIGHEST GUST SPEED    57   HIGHEST GUST DIRECTION    SW (230)
  AVERAGE WIND SPEED    19.7


SKY COVER
  AVERAGE SKY COVER 0.2


WEATHER CONDITIONS
 THE FOLLOWING WEATHER WAS RECORDED TODAY.
  HAZE
  SANDSTORM


RELATIVE HUMIDITY (PERCENT)
 HIGHEST    53           500 AM
 LOWEST      9           400 PM
 AVERAGE    31

..........................................................


THE LUBBOCK CLIMATE NORMALS FOR TOMORROW
                         NORMAL    RECORD    YEAR
 MAXIMUM TEMPERATURE (F)   61        89      1918
 MINIMUM TEMPERATURE (F)   32         1      1960


SUNRISE AND SUNSET
FEBRUARY 23 2017......SUNRISE   722 AM CST   SUNSET   639 PM CST
FEBRUARY 24 2017......SUNRISE   721 AM CST   SUNSET   640 PM CST


-  INDICATES NEGATIVE NUMBERS.
R  INDICATES RECORD WAS SET OR TIED.
MM INDICATES DATA IS MISSING.
T  INDICATES TRACE AMOUNT.




$$
