000
CDUS44 KLUB 210626
CLILBB


CLIMATE REPORT
NATIONAL WEATHER SERVICE LUBBOCK, TX
1226 AM CST SAT JAN 21 2017


...................................

...THE LUBBOCK CLIMATE SUMMARY FOR JANUARY 20 2017...

CLIMATE NORMAL PERIOD 1981 TO 2010
CLIMATE RECORD PERIOD 1911 TO 2017


WEATHER ITEM   OBSERVED TIME   RECORD YEAR NORMAL DEPARTURE LAST
                VALUE   (LST)  VALUE       VALUE  FROM      YEAR
                                                  NORMAL
..................................................................
TEMPERATURE (F)
 YESTERDAY
  MAXIMUM         63    246 PM  78    1986  54      9       66
  MINIMUM         39   1127 PM   7    1940  27     12       30
  AVERAGE         51                        40     11       48

PRECIPITATION (IN)
  YESTERDAY        0.00          1.13 1983   0.02  -0.02     0.00
  MONTH TO DATE    2.02                      0.38   1.64     0.30
  SINCE DEC 1      2.51                      1.14   1.37     1.87
  SINCE JAN 1      2.02                      0.38   1.64     0.30

SNOWFALL (IN)
  YESTERDAY        0.0          11.4  1983   0.1   -0.1      0.0
  MONTH TO DATE    0.2                       1.6   -1.4      2.1
  SINCE DEC 1      0.2                       3.9   -3.7     13.3
  SINCE JUL 1      0.2                       4.8   -4.6     13.3
  SNOW DEPTH       0

DEGREE DAYS
 HEATING
  YESTERDAY       14                        25    -11       17
  MONTH TO DATE  437                       504    -67      528
  SINCE DEC 1   1143                      1260   -117     1188
  SINCE JUL 1   1507                      1902   -395     1707

 COOLING
  YESTERDAY        0                         0      0        0
  MONTH TO DATE    0                         0      0        0
  SINCE DEC 1      0                         0      0        0
  SINCE JAN 1      0                         0      0        0
..................................................................


WIND (MPH)
  RESULTANT WIND SPEED  18   RESULTANT WIND DIRECTION   W (260)
  HIGHEST WIND SPEED    36   HIGHEST WIND DIRECTION     W (270)
  HIGHEST GUST SPEED    44   HIGHEST GUST DIRECTION     W (290)
  AVERAGE WIND SPEED    17.8


SKY COVER
  AVERAGE SKY COVER 0.3


WEATHER CONDITIONS
 THE FOLLOWING WEATHER WAS RECORDED YESTERDAY.
  NO SIGNIFICANT WEATHER WAS OBSERVED.


RELATIVE HUMIDITY (PERCENT)
 HIGHEST    73           600 AM
 LOWEST     23           200 PM
 AVERAGE    48

..........................................................


THE LUBBOCK CLIMATE NORMALS FOR TODAY
                         NORMAL    RECORD    YEAR
 MAXIMUM TEMPERATURE (F)   55        81      1950
 MINIMUM TEMPERATURE (F)   27        -4      1918


SUNRISE AND SUNSET
JANUARY 21 2017.......SUNRISE   750 AM CST   SUNSET   608 PM CST
JANUARY 22 2017.......SUNRISE   749 AM CST   SUNSET   609 PM CST


-  INDICATES NEGATIVE NUMBERS.
R  INDICATES RECORD WAS SET OR TIED.
MM INDICATES DATA IS MISSING.
T  INDICATES TRACE AMOUNT.




$$
