000
CDUS44 KLUB 202228
CLILBB


CLIMATE REPORT
NATIONAL WEATHER SERVICE LUBBOCK, TX
527 PM CDT WED AUG 20 2014


...................................

...THE LUBBOCK CLIMATE SUMMARY FOR AUGUST 20 2014...
VALID TODAY AS OF 0500 PM LOCAL TIME.

CLIMATE NORMAL PERIOD 1981 TO 2010
CLIMATE RECORD PERIOD 1911 TO 2014


WEATHER ITEM   OBSERVED TIME   RECORD YEAR NORMAL DEPARTURE LAST
                VALUE   (LST)  VALUE       VALUE  FROM      YEAR
                                                  NORMAL
..................................................................
TEMPERATURE (F)
 TODAY
  MAXIMUM         96    217 PM 103    1943  91      5       94
                                      1930
  MINIMUM         70    658 AM  54    1915  66      4       66
  AVERAGE         83                        79      4       80

PRECIPITATION (IN)
  TODAY            0.00          1.57 1919   0.06  -0.06     0.00
  MONTH TO DATE    0.33                      1.20  -0.87     1.32
  SINCE JUN 1      5.56                      6.15  -0.59     6.36
  SINCE JAN 1     11.69                     12.36  -0.67     9.78

SNOWFALL (IN)
  TODAY            0.0                       0.0    0.0      0.0
  MONTH TO DATE    0.0                       0.0    0.0      0.0
  SINCE JUN 1      0.0                       0.0    0.0      0.0
  SINCE JUL 1      0.0                       0.0    0.0      0.0
  SNOW DEPTH       0

DEGREE DAYS
 HEATING
  TODAY            0                         0      0        0
  MONTH TO DATE    0                         0      0        0
  SINCE JUN 1      0                         2     -2        0
  SINCE JUL 1      0                         0      0        0

 COOLING
  TODAY           18                        14      4       15
  MONTH TO DATE  303                       293     10      325
  SINCE JUN 1   1153                      1140     13     1249
  SINCE JAN 1   1432                      1386     46     1564
..................................................................


WIND (MPH)
  RESULTANT WIND SPEED  15   RESULTANT WIND DIRECTION   S (170)
  HIGHEST WIND SPEED    25   HIGHEST WIND DIRECTION     S (160)
  HIGHEST GUST SPEED    29   HIGHEST GUST DIRECTION     S (160)
  AVERAGE WIND SPEED    15.2


SKY COVER
  AVERAGE SKY COVER 0.2


WEATHER CONDITIONS
 THE FOLLOWING WEATHER WAS RECORDED TODAY.
  NO SIGNIFICANT WEATHER WAS OBSERVED.


RELATIVE HUMIDITY (PERCENT)
 HIGHEST    78           700 AM
 LOWEST     33           200 PM
 AVERAGE    56

..........................................................


THE LUBBOCK CLIMATE NORMALS FOR TOMORROW
                         NORMAL    RECORD    YEAR
 MAXIMUM TEMPERATURE (F)   91       103      1930
 MINIMUM TEMPERATURE (F)   66        52      1956


SUNRISE AND SUNSET
AUGUST 20 2014........SUNRISE   713 AM CDT   SUNSET   828 PM CDT
AUGUST 21 2014........SUNRISE   714 AM CDT   SUNSET   827 PM CDT


-  INDICATES NEGATIVE NUMBERS.
R  INDICATES RECORD WAS SET OR TIED.
MM INDICATES DATA IS MISSING.
T  INDICATES TRACE AMOUNT.




$$
