000
CDUS44 KLUB 290236
CLILBB


CLIMATE REPORT
NATIONAL WEATHER SERVICE LUBBOCK, TX
836 PM CST SUN DEC 28 2014


...................................

...THE LUBBOCK CLIMATE SUMMARY FOR DECEMBER 28 2014...
VALID TODAY AS OF 0800 PM LOCAL TIME.

CLIMATE NORMAL PERIOD 1981 TO 2010
CLIMATE RECORD PERIOD 1911 TO 2014


WEATHER ITEM   OBSERVED TIME   RECORD YEAR NORMAL DEPARTURE LAST
                VALUE   (LST)  VALUE       VALUE  FROM      YEAR
                                                  NORMAL
..................................................................
TEMPERATURE (F)
 TODAY
  MAXIMUM         52    342 PM  81    1928  53     -1       54
  MINIMUM         22    520 AM  -2    1924  26     -4       24
  AVERAGE         37                        39     -2       39

PRECIPITATION (IN)
  TODAY            0.00          0.57 1954   0.02  -0.02     0.00
  MONTH TO DATE    0.21                      0.70  -0.49     0.60
  SINCE DEC 1      0.21                      0.70  -0.49     0.60
  SINCE JAN 1     22.38                     19.06   3.32    12.61

SNOWFALL (IN)
  TODAY            0.0           5.6  1954   0.1   -0.1      0.0
  MONTH TO DATE    1.3                       2.1   -0.8      0.2
  SINCE DEC 1      1.3                       2.1   -0.8      0.2
  SINCE JUL 1      1.8                       3.0   -1.2      2.4
  SNOW DEPTH       0

DEGREE DAYS
 HEATING
  TODAY           28                        26      2       26
  MONTH TO DATE  544                       680   -136      713
  SINCE DEC 1    544                       680   -136      713
  SINCE JUL 1   1219                      1322   -103     1366

 COOLING
  TODAY            0                         0      0        0
  MONTH TO DATE    0                         0      0        0
  SINCE DEC 1      0                         0      0        0
  SINCE JAN 1   1917                      1804    113     2123
..................................................................


WIND (MPH)
  RESULTANT WIND SPEED  12   RESULTANT WIND DIRECTION  SW (230)
  HIGHEST WIND SPEED    28   HIGHEST WIND DIRECTION    SW (230)
  HIGHEST GUST SPEED    32   HIGHEST GUST DIRECTION    SW (230)
  AVERAGE WIND SPEED    12.5


SKY COVER
  AVERAGE SKY COVER 0.2


WEATHER CONDITIONS
 THE FOLLOWING WEATHER WAS RECORDED TODAY.
  NO SIGNIFICANT WEATHER WAS OBSERVED.


RELATIVE HUMIDITY (PERCENT)
 HIGHEST    88          1200 AM
 LOWEST     27           500 PM
 AVERAGE    58

..........................................................


THE LUBBOCK CLIMATE NORMALS FOR TOMORROW
                         NORMAL    RECORD    YEAR
 MAXIMUM TEMPERATURE (F)   53        77      1920
 MINIMUM TEMPERATURE (F)   26        -1      1939


SUNRISE AND SUNSET
DECEMBER 28 2014......SUNRISE   751 AM CST   SUNSET   547 PM CST
DECEMBER 29 2014......SUNRISE   751 AM CST   SUNSET   548 PM CST


-  INDICATES NEGATIVE NUMBERS.
R  INDICATES RECORD WAS SET OR TIED.
MM INDICATES DATA IS MISSING.
T  INDICATES TRACE AMOUNT.




$$
