709
CDUS44 KLUB 160628
CLILBB


CLIMATE REPORT
NATIONAL WEATHER SERVICE LUBBOCK, TX
1228 AM CST TUE JAN 16 2018


...................................

...THE LUBBOCK CLIMATE SUMMARY FOR JANUARY 15 2018...

CLIMATE NORMAL PERIOD 1981 TO 2010
CLIMATE RECORD PERIOD 1911 TO 2018


WEATHER ITEM   OBSERVED TIME   RECORD YEAR NORMAL DEPARTURE LAST
                VALUE   (LST)  VALUE       VALUE  FROM      YEAR
                                                  NORMAL
..................................................................
TEMPERATURE (F)
 YESTERDAY
  MAXIMUM         44   1138 AM  80    1911  54    -10       40
  MINIMUM         22   1159 PM   4    1963  26     -4       32
  AVERAGE         33                        40     -7       36

PRECIPITATION (IN)
  YESTERDAY        0.00          0.97 2017   0.02  -0.02     0.97
  MONTH TO DATE    T                         0.27  -0.27     1.95
  SINCE DEC 1      T                         1.03  -1.03     2.44
  SINCE JAN 1      T                         0.27  -0.27     1.95

SNOWFALL (IN)
  YESTERDAY        0.0           3.5  1917   0.1   -0.1      0.0
  MONTH TO DATE    T                         1.2   -1.2      0.2
  SINCE DEC 1      0.3                       3.5   -3.2      0.2
  SINCE JUL 1      0.3                       4.4   -4.1      0.2
  SNOW DEPTH       0

DEGREE DAYS
 HEATING
  YESTERDAY       32                        25      7       29
  MONTH TO DATE  404                       379     25      355
  SINCE DEC 1   1110                      1135    -25     1061
  SINCE JUL 1   1616                      1777   -161     1425

 COOLING
  YESTERDAY        0                         0      0        0
  MONTH TO DATE    0                         0      0        0
  SINCE DEC 1      0                         0      0        0
  SINCE JAN 1      0                         0      0        0
..................................................................


WIND (MPH)
  RESULTANT WIND SPEED  10   RESULTANT WIND DIRECTION   N (20)
  HIGHEST WIND SPEED    37   HIGHEST WIND DIRECTION    NE (40)
  HIGHEST GUST SPEED    43   HIGHEST GUST DIRECTION    NE (40)
  AVERAGE WIND SPEED    16.9


SKY COVER
  AVERAGE SKY COVER 0.6


WEATHER CONDITIONS
 THE FOLLOWING WEATHER WAS RECORDED YESTERDAY.
  HAZE


RELATIVE HUMIDITY (PERCENT)
 HIGHEST    85           300 PM
 LOWEST     29           800 PM
 AVERAGE    57

..........................................................


THE LUBBOCK CLIMATE NORMALS FOR TODAY
                         NORMAL    RECORD    YEAR
 MAXIMUM TEMPERATURE (F)   54        80      1974
 MINIMUM TEMPERATURE (F)   26         6      1930


SUNRISE AND SUNSET
JANUARY 16 2018.......SUNRISE   751 AM CST   SUNSET   603 PM CST
JANUARY 17 2018.......SUNRISE   751 AM CST   SUNSET   604 PM CST


-  INDICATES NEGATIVE NUMBERS.
R  INDICATES RECORD WAS SET OR TIED.
MM INDICATES DATA IS MISSING.
T  INDICATES TRACE AMOUNT.




$$
