000
CDUS44 KLUB 040626
CLILBB


CLIMATE REPORT
NATIONAL WEATHER SERVICE LUBBOCK, TX
1226 AM CST WED MAR 4 2015


...................................

...THE LUBBOCK CLIMATE SUMMARY FOR MARCH 3 2015...

CLIMATE NORMAL PERIOD 1981 TO 2010
CLIMATE RECORD PERIOD 1911 TO 2015


WEATHER ITEM   OBSERVED TIME   RECORD YEAR NORMAL DEPARTURE LAST
                VALUE   (LST)  VALUE       VALUE  FROM      YEAR
                                                  NORMAL
..................................................................
TEMPERATURE (F)
 YESTERDAY
  MAXIMUM         63    418 PM  88    2009  63      0       37
  MINIMUM         34    114 AM   7    1943  34      0        9
  AVERAGE         49                        48      1       23

PRECIPITATION (IN)
  YESTERDAY        0.00          0.43 1915   0.03  -0.03     0.00
  MONTH TO DATE    T                         0.09  -0.09     0.01
  SINCE MAR 1      T                         0.09  -0.09     0.01
  SINCE JAN 1      2.27                      1.49   0.78     0.17

SNOWFALL (IN)
  YESTERDAY        0.0           1.5  1917   0.1   -0.1      0.0
  MONTH TO DATE    0.0                       0.1   -0.1       T
  SINCE MAR 1      0.0                       0.1   -0.1       T
  SINCE JUL 1     13.6                       7.5    6.1      4.2
  SNOW DEPTH       0

DEGREE DAYS
 HEATING
  YESTERDAY       16                        17     -1       42
  MONTH TO DATE   87                        51     36       92
  SINCE MAR 1     87                        51     36       92
  SINCE JUL 1   2806                      2790     16     2944

 COOLING
  YESTERDAY        0                         0      0        0
  MONTH TO DATE    0                         0      0        0
  SINCE MAR 1      0                         0      0        0
  SINCE JAN 1      0                         0      0        0
..................................................................


WIND (MPH)
  RESULTANT WIND SPEED   6   RESULTANT WIND DIRECTION  SW (220)
  HIGHEST WIND SPEED    22   HIGHEST WIND DIRECTION    SW (230)
  HIGHEST GUST SPEED    28   HIGHEST GUST DIRECTION    SW (220)
  AVERAGE WIND SPEED     8.6


SKY COVER
  AVERAGE SKY COVER 0.9


WEATHER CONDITIONS
 THE FOLLOWING WEATHER WAS RECORDED YESTERDAY.
  FOG
  FOG W/VISIBILITY <= 1/4 MILE


RELATIVE HUMIDITY (PERCENT)
 HIGHEST   100          1200 AM
 LOWEST     46           300 PM
 AVERAGE    73

..........................................................


THE LUBBOCK CLIMATE NORMALS FOR TODAY
                         NORMAL    RECORD    YEAR
 MAXIMUM TEMPERATURE (F)   63        89      2009
 MINIMUM TEMPERATURE (F)   34        -1      1917


SUNRISE AND SUNSET
MARCH  4 2015.........SUNRISE   712 AM CST   SUNSET   646 PM CST
MARCH  5 2015.........SUNRISE   711 AM CST   SUNSET   647 PM CST


-  INDICATES NEGATIVE NUMBERS.
R  INDICATES RECORD WAS SET OR TIED.
MM INDICATES DATA IS MISSING.
T  INDICATES TRACE AMOUNT.




$$
