000
CDUS44 KLUB 142325
CLILBB


CLIMATE REPORT
NATIONAL WEATHER SERVICE LUBBOCK, TX
525 PM CST SUN FEB 14 2016


...................................

...THE LUBBOCK CLIMATE SUMMARY FOR FEBRUARY 14 2016...
VALID TODAY AS OF 0500 PM LOCAL TIME.

CLIMATE NORMAL PERIOD 1981 TO 2010
CLIMATE RECORD PERIOD 1911 TO 2016


WEATHER ITEM   OBSERVED TIME   RECORD YEAR NORMAL DEPARTURE LAST
                VALUE   (LST)  VALUE       VALUE  FROM      YEAR
                                                  NORMAL
..................................................................
TEMPERATURE (F)
 TODAY
  MAXIMUM         63    150 PM  87    1979  59      4       75
  MINIMUM         37    531 AM  12    2004  30      7       34
  AVERAGE         50                        44      6       55

PRECIPITATION (IN)
  TODAY            0.00          0.45 1969   0.03  -0.03     0.00
  MONTH TO DATE    0.00                      0.38  -0.38      T
  SINCE DEC 1      1.87                      1.79   0.08     2.00
  SINCE JAN 1      0.30                      1.03  -0.73     1.61

SNOWFALL (IN)
  TODAY            0.0           2.2  2007   0.0    0.0      0.0
  MONTH TO DATE    0.0                       1.0   -1.0      0.0
  SINCE DEC 1     13.3                       5.9    7.4      6.6
  SINCE JUL 1     13.3                       6.8    6.5      7.1
  SNOW DEPTH       0

DEGREE DAYS
 HEATING
  TODAY           15                        21     -6       10
  MONTH TO DATE  295                       309    -14      208
  SINCE DEC 1   1689                      1832   -143     1662
  SINCE JUL 1   2208                      2474   -266     2337

 COOLING
  TODAY            0                         0      0        0
  MONTH TO DATE    0                         0      0        0
  SINCE DEC 1      0                         0      0        0
  SINCE JAN 1      0                         0      0        0
..................................................................


WIND (MPH)
  RESULTANT WIND SPEED   6   RESULTANT WIND DIRECTION   N (350)
  HIGHEST WIND SPEED    26   HIGHEST WIND DIRECTION     S (200)
  HIGHEST GUST SPEED    34   HIGHEST GUST DIRECTION     S (200)
  AVERAGE WIND SPEED    14.0


SKY COVER
  AVERAGE SKY COVER 0.5


WEATHER CONDITIONS
 THE FOLLOWING WEATHER WAS RECORDED TODAY.
  NO SIGNIFICANT WEATHER WAS OBSERVED.


RELATIVE HUMIDITY (PERCENT)
 HIGHEST    85           600 AM
 LOWEST     13           200 PM
 AVERAGE    49

..........................................................


THE LUBBOCK CLIMATE NORMALS FOR TOMORROW
                         NORMAL    RECORD    YEAR
 MAXIMUM TEMPERATURE (F)   59        87      2014
 MINIMUM TEMPERATURE (F)   30         8      1951


SUNRISE AND SUNSET
FEBRUARY 14 2016......SUNRISE   733 AM CST   SUNSET   630 PM CST
FEBRUARY 15 2016......SUNRISE   732 AM CST   SUNSET   631 PM CST


-  INDICATES NEGATIVE NUMBERS.
R  INDICATES RECORD WAS SET OR TIED.
MM INDICATES DATA IS MISSING.
T  INDICATES TRACE AMOUNT.




$$
