000
CDUS43 KLBF 192231
CLILBF

CLIMATE REPORT
NATIONAL WEATHER SERVICE NORTH PLATTE
530 PM CDT TUE AUG 19 2014

...................................

...THE NORTH PLATTE NE CLIMATE SUMMARY FOR AUGUST 19 2014...
VALID TODAY AS OF 0500 PM LOCAL TIME.

CLIMATE NORMAL PERIOD 1981 TO 2010
CLIMATE RECORD PERIOD 1874 TO 2014


WEATHER ITEM   OBSERVED TIME   RECORD YEAR NORMAL DEPARTURE LAST
                VALUE   (LST)  VALUE       VALUE  FROM      YEAR
                                                  NORMAL
..................................................................
TEMPERATURE (F)
 TODAY
  MAXIMUM         90    211 PM  99    1952  86      4       91
                                      1948
                                      1928
  MINIMUM         58    627 AM  38    1978  58      0       58
  AVERAGE         74                        72      2       75

PRECIPITATION (IN)
  TODAY            0.00          1.89 1920   0.06  -0.06     0.00
  MONTH TO DATE    2.51                      1.62   0.89     3.33
  SINCE JUN 1     11.40                      8.11   3.29     8.02
  SINCE JAN 1     15.69                     15.55   0.14    14.18

SNOWFALL (IN)
  TODAY            0.0           0.0  2002   0.0    0.0      0.0
                                      2001
  MONTH TO DATE    0.0                       0.0    0.0      0.0
  SINCE JUN 1      T                         0.0    0.0       T
  SINCE JUL 1      0.0                       0.0    0.0      0.0
  SNOW DEPTH       0

DEGREE DAYS
 HEATING
  TODAY            0                         0      0        0
  MONTH TO DATE    0                         0      0        0
  SINCE JUN 1     56                        56      0       60
  SINCE JUL 1     17                         5     12       13

 COOLING
  TODAY            9                         7      2       10
  MONTH TO DATE  179                       161     18      127
  SINCE JUN 1    545                       592    -47      608
  SINCE JAN 1    594                       620    -26      656
..................................................................


WIND (MPH)
  HIGHEST WIND SPEED    23   HIGHEST WIND DIRECTION     E (110)
  HIGHEST GUST SPEED    28   HIGHEST GUST DIRECTION     E (110)
  AVERAGE WIND SPEED     6.0


SKY COVER
  POSSIBLE SUNSHINE  MM
  AVERAGE SKY COVER 0.0


WEATHER CONDITIONS
 THE FOLLOWING WEATHER WAS RECORDED TODAY.
  FOG


RELATIVE HUMIDITY (PERCENT)
 HIGHEST    97           700 AM
 LOWEST     40          1200 PM
 AVERAGE    69

..........................................................


THE NORTH PLATTE NE CLIMATE NORMALS FOR TOMORROW
                         NORMAL    RECORD    YEAR
 MAXIMUM TEMPERATURE (F)   86       101      1898
 MINIMUM TEMPERATURE (F)   58        40      1950


SUNRISE AND SUNSET
AUGUST 19 2014........SUNRISE   656 AM CDT   SUNSET   836 PM CDT
AUGUST 20 2014........SUNRISE   657 AM CDT   SUNSET   834 PM CDT


-  INDICATES NEGATIVE NUMBERS.
R  INDICATES RECORD WAS SET OR TIED.
MM INDICATES DATA IS MISSING.
T  INDICATES TRACE AMOUNT.

$$
