000
CDUS43 KLBF 222332
CLILBF

CLIMATE REPORT
NATIONAL WEATHER SERVICE NORTH PLATTE
530 PM CST MON DEC 22 2014


...................................

...THE NORTH PLATTE NE CLIMATE SUMMARY FOR DECEMBER 22 2014...
VALID TODAY AS OF 0500 PM LOCAL TIME.

CLIMATE NORMAL PERIOD 1981 TO 2010
CLIMATE RECORD PERIOD 1874 TO 2014


WEATHER ITEM   OBSERVED TIME   RECORD YEAR NORMAL DEPARTURE LAST
                VALUE   (LST)  VALUE       VALUE  FROM      YEAR
                                                  NORMAL
..................................................................
TEMPERATURE (F)
 TODAY
  MAXIMUM         48    208 PM  69    1933  38     10       32
  MINIMUM         25    129 AM -34    1989  11     14        4
                                      1983
  AVERAGE         37                        24     13       18

PRECIPITATION (IN)
  TODAY            0.00          0.61 1877   0.02  -0.02     0.09
  MONTH TO DATE    0.72                      0.30   0.42     0.15
  SINCE DEC 1      0.72                      0.30   0.42     0.15
  SINCE JAN 1     21.20                     20.12   1.08    21.76

SNOWFALL (IN)
  TODAY            0.0           3.9  1966   0.2   -0.2      1.6
  MONTH TO DATE    2.3                       3.2   -0.9      3.1
  SINCE DEC 1      2.3                       3.2   -0.9      3.1
  SINCE JUL 1      2.7                       9.4   -6.7      6.2
  SNOW DEPTH       0

DEGREE DAYS
 HEATING
  TODAY           28                        41    -13       47
  MONTH TO DATE  714                       863   -149      928
  SINCE DEC 1    714                       863   -149      928
  SINCE JUL 1   2234                      2414   -180     2413

 COOLING
  TODAY            0                         0      0        0
  MONTH TO DATE    0                         0      0        0
  SINCE DEC 1      0                         0      0        0
  SINCE JAN 1    744                       768    -24      998
..................................................................


WIND (MPH)
  HIGHEST WIND SPEED    31   HIGHEST WIND DIRECTION    NW (300)
  HIGHEST GUST SPEED    39   HIGHEST GUST DIRECTION    NW (300)
  AVERAGE WIND SPEED    13.2


SKY COVER
  POSSIBLE SUNSHINE  MM
  AVERAGE SKY COVER 0.6


WEATHER CONDITIONS
 THE FOLLOWING WEATHER WAS RECORDED TODAY.
  NO SIGNIFICANT WEATHER WAS OBSERVED.


RELATIVE HUMIDITY (PERCENT)
 HIGHEST    92          1200 AM
 LOWEST     41           300 PM
 AVERAGE    67

..........................................................


THE NORTH PLATTE NE CLIMATE NORMALS FOR TOMORROW
                         NORMAL    RECORD    YEAR
 MAXIMUM TEMPERATURE (F)   38        74      1964
 MINIMUM TEMPERATURE (F)   11       -24      1989


SUNRISE AND SUNSET
DECEMBER 22 2014......SUNRISE   805 AM CST   SUNSET   518 PM CST
DECEMBER 23 2014......SUNRISE   806 AM CST   SUNSET   518 PM CST


-  INDICATES NEGATIVE NUMBERS.
R  INDICATES RECORD WAS SET OR TIED.
MM INDICATES DATA IS MISSING.
T  INDICATES TRACE AMOUNT.

$$
