000
CDUS43 KLBF 061026
CLILBF


CLIMATE REPORT
NATIONAL WEATHER SERVICE NORTH PLATTE
425 AM CST SAT FEB 6 2016


...................................

...THE NORTH PLATTE NE CLIMATE SUMMARY FOR FEBRUARY 5 2016...

CLIMATE NORMAL PERIOD 1981 TO 2010
CLIMATE RECORD PERIOD 1874 TO 2016


WEATHER ITEM   OBSERVED TIME   RECORD YEAR NORMAL DEPARTURE LAST
                VALUE   (LST)  VALUE       VALUE  FROM      YEAR
                                                  NORMAL
..................................................................
TEMPERATURE (F)
 YESTERDAY
  MAXIMUM         38    301 PM  69    1904  41     -3       45
  MINIMUM         12   1159 PM -27    1905  13     -1        1
  AVERAGE         25                        27     -2       23

PRECIPITATION (IN)
  YESTERDAY        0.07          0.53 1881   0.01   0.06     0.00
  MONTH TO DATE    0.75                      0.06   0.69     0.43
  SINCE DEC 1      1.51                      0.81   0.70     1.75
  SINCE JAN 1      1.23                      0.40   0.83     0.71

SNOWFALL (IN)
  YESTERDAY        0.6           4.0  1986   0.2    0.4      0.0
  MONTH TO DATE   12.0                       0.9   11.1      6.1
  SINCE DEC 1     21.0                      10.3   10.7     18.3
  SINCE JUL 1     25.6                      16.5    9.1     18.7
  SNOW DEPTH      10

DEGREE DAYS
 HEATING
  YESTERDAY       40                        38      2       42
  MONTH TO DATE  213                       193     20      227
  SINCE DEC 1   2421                      2662   -241     2559
  SINCE JUL 1   3607                      4213   -606     4079

 COOLING
  YESTERDAY        0                         0      0        0
  MONTH TO DATE    0                         0      0        0
  SINCE DEC 1      0                         0      0        0
  SINCE JAN 1      0                         0      0        0
..................................................................


WIND (MPH)
  HIGHEST WIND SPEED    18   HIGHEST WIND DIRECTION     N (340)
  HIGHEST GUST SPEED    23   HIGHEST GUST DIRECTION     N (350)
  AVERAGE WIND SPEED    10.8


SKY COVER
  POSSIBLE SUNSHINE  MM
  AVERAGE SKY COVER 0.5


WEATHER CONDITIONS
 THE FOLLOWING WEATHER WAS RECORDED YESTERDAY.
  LIGHT SNOW
  FOG


RELATIVE HUMIDITY (PERCENT)
 HIGHEST    92           300 AM
 LOWEST     59           500 PM
 AVERAGE    76

..........................................................


THE NORTH PLATTE NE CLIMATE NORMALS FOR TODAY
                         NORMAL    RECORD    YEAR
 MAXIMUM TEMPERATURE (F)   41        71      2009
 MINIMUM TEMPERATURE (F)   13       -27      1905


SUNRISE AND SUNSET
FEBRUARY  6 2016......SUNRISE   749 AM CST   SUNSET   605 PM CST
FEBRUARY  7 2016......SUNRISE   748 AM CST   SUNSET   606 PM CST


-  INDICATES NEGATIVE NUMBERS.
R  INDICATES RECORD WAS SET OR TIED.
MM INDICATES DATA IS MISSING.
T  INDICATES TRACE AMOUNT.

$$
