908
CDUS43 KLBF 260941
CLILBF


CLIMATE REPORT
NATIONAL WEATHER SERVICE NORTH PLATTE
439 AM CDT MON SEP 26 2016


...................................

...THE NORTH PLATTE NE CLIMATE SUMMARY FOR SEPTEMBER 25 2016...

CLIMATE NORMAL PERIOD 1981 TO 2010
CLIMATE RECORD PERIOD 1874 TO 2016


WEATHER ITEM   OBSERVED TIME   RECORD YEAR NORMAL DEPARTURE LAST
                VALUE   (LST)  VALUE       VALUE  FROM      YEAR
                                                  NORMAL
..................................................................
TEMPERATURE (F)
 YESTERDAY
  MAXIMUM         74    259 PM  94    1903  74      0       71
  MINIMUM         38   1149 PM  23    1926  42     -4       56
  AVERAGE         56                        58     -2       64

PRECIPITATION (IN)
  YESTERDAY        0.00          1.93 1877   0.04  -0.04     0.00
  MONTH TO DATE    0.94                      1.17  -0.23     1.23
  SINCE SEP 1      0.94                      1.17  -0.23     1.23
  SINCE JAN 1     20.10                     17.39   2.71    17.80

SNOWFALL (IN)
  YESTERDAY       MM             0.0  2002   0.0   MM        0.0
                                      2001
  MONTH TO DATE    0.0                       0.1   -0.1      0.0
  SINCE SEP 1      0.0                       0.1   -0.1      0.0
  SINCE JUL 1      0.0                       0.1   -0.1      0.0
  SNOW DEPTH       0

DEGREE DAYS
 HEATING
  YESTERDAY        9                         8      1        1
  MONTH TO DATE   42                       107    -65       24
  SINCE SEP 1     42                       107    -65       24
  SINCE JUL 1     54                       127    -73       53

 COOLING
  YESTERDAY        0                         1     -1        0
  MONTH TO DATE  101                        67     34      138
  SINCE SEP 1    101                        67     34      138
  SINCE JAN 1    908                       762    146      806
..................................................................


WIND (MPH)
  HIGHEST WIND SPEED    26   HIGHEST WIND DIRECTION    NW (320)
  HIGHEST GUST SPEED    37   HIGHEST GUST DIRECTION    NW (330)
  AVERAGE WIND SPEED    12.0


SKY COVER
  POSSIBLE SUNSHINE  MM
  AVERAGE SKY COVER 0.0


WEATHER CONDITIONS
 THE FOLLOWING WEATHER WAS RECORDED YESTERDAY.
  LIGHT RAIN


RELATIVE HUMIDITY (PERCENT)
 HIGHEST    82           600 AM
 LOWEST     17           300 PM
 AVERAGE    50

..........................................................


THE NORTH PLATTE NE CLIMATE NORMALS FOR TODAY
                         NORMAL    RECORD    YEAR
 MAXIMUM TEMPERATURE (F)   73        93      1974
 MINIMUM TEMPERATURE (F)   42        26      1934


SUNRISE AND SUNSET
SEPTEMBER 26 2016.....SUNRISE   735 AM CDT   SUNSET   732 PM CDT
SEPTEMBER 27 2016.....SUNRISE   736 AM CDT   SUNSET   730 PM CDT


-  INDICATES NEGATIVE NUMBERS.
R  INDICATES RECORD WAS SET OR TIED.
MM INDICATES DATA IS MISSING.
T  INDICATES TRACE AMOUNT.

$$
