000
CDUS43 KLBF 231002
CLILBF


CLIMATE REPORT
NATIONAL WEATHER SERVICE NORTH PLATTE
347 AM CST THU FEB 23 2017


...................................

...THE NORTH PLATTE NE CLIMATE SUMMARY FOR FEBRUARY 22 2017...

CLIMATE NORMAL PERIOD 1981 TO 2010
CLIMATE RECORD PERIOD 1874 TO 2017


WEATHER ITEM   OBSERVED TIME   RECORD YEAR NORMAL DEPARTURE LAST
                VALUE   (LST)  VALUE       VALUE  FROM      YEAR
                                                  NORMAL
..................................................................
TEMPERATURE (F)
 YESTERDAY
  MAXIMUM         66    349 PM  76    1982  45     21       54
  MINIMUM         27    626 AM  -9    1914  17     10       21
  AVERAGE         47                        31     16       38

PRECIPITATION (IN)
  YESTERDAY        0.00          1.15 1909   0.02  -0.02     0.00
  MONTH TO DATE    0.22                      0.35  -0.13     0.78
  SINCE DEC 1      1.51                      1.10   0.41     1.54
  SINCE JAN 1      0.89                      0.69   0.20     1.26

SNOWFALL (IN)
  YESTERDAY        0.0           9.6  1909   0.2   -0.2      0.0
  MONTH TO DATE    1.5                       4.2   -2.7     12.0
  SINCE DEC 1     10.9                      13.6   -2.7     21.0
  SINCE JUL 1     15.9                      19.8   -3.9     25.6
  SNOW DEPTH       0

DEGREE DAYS
 HEATING
  YESTERDAY       18                        34    -16       27
  MONTH TO DATE  592                       810   -218      702
  SINCE DEC 1   3054                      3279   -225     2910
  SINCE JUL 1   4095                      4830   -735     4096

 COOLING
  YESTERDAY        0                         0      0        0
  MONTH TO DATE    0                         0      0        0
  SINCE DEC 1      0                         0      0        0
  SINCE JAN 1      0                         0      0        0
..................................................................


WIND (MPH)
  HIGHEST WIND SPEED    21   HIGHEST WIND DIRECTION    NW (310)
  HIGHEST GUST SPEED    27   HIGHEST GUST DIRECTION    NE (30)
  AVERAGE WIND SPEED    10.4


SKY COVER
  POSSIBLE SUNSHINE  MM
  AVERAGE SKY COVER 0.0


WEATHER CONDITIONS
 THE FOLLOWING WEATHER WAS RECORDED YESTERDAY.
  NO SIGNIFICANT WEATHER WAS OBSERVED.


RELATIVE HUMIDITY (PERCENT)
 HIGHEST    85           300 AM
 LOWEST     18           400 PM
 AVERAGE    52

..........................................................


THE NORTH PLATTE NE CLIMATE NORMALS FOR TODAY
                         NORMAL    RECORD    YEAR
 MAXIMUM TEMPERATURE (F)   45        73      1918
 MINIMUM TEMPERATURE (F)   17       -17      1993


SUNRISE AND SUNSET
FEBRUARY 23 2017......SUNRISE   726 AM CST   SUNSET   627 PM CST
FEBRUARY 24 2017......SUNRISE   724 AM CST   SUNSET   628 PM CST


-  INDICATES NEGATIVE NUMBERS.
R  INDICATES RECORD WAS SET OR TIED.
MM INDICATES DATA IS MISSING.
T  INDICATES TRACE AMOUNT.




$$
