000
CDUS43 KLBF 022239
CLILBF

CLIMATE REPORT
NATIONAL WEATHER SERVICE NORTH PLATTE
437 PM CST MON MAR 2 2015


...................................

...THE NORTH PLATTE NE CLIMATE SUMMARY FOR MARCH 2 2015...
VALID TODAY AS OF 0400 PM LOCAL TIME.

CLIMATE NORMAL PERIOD 1981 TO 2010
CLIMATE RECORD PERIOD 1874 TO 2015


WEATHER ITEM   OBSERVED TIME   RECORD YEAR NORMAL DEPARTURE LAST
                VALUE   (LST)  VALUE       VALUE  FROM      YEAR
                                                  NORMAL
..................................................................
TEMPERATURE (F)
 TODAY
  MAXIMUM         40    208 PM  78    1992  48     -8       13
  MINIMUM         20   1213 AM -16    2002  19      1       -5
                                      1960
  AVERAGE         30                        34     -4        4

PRECIPITATION (IN)
  TODAY            0.00          0.53 1912   0.03  -0.03      T
  MONTH TO DATE    0.00                      0.05  -0.05      T
  SINCE MAR 1      0.00                      0.05  -0.05      T
  SINCE JAN 1      0.74                      0.89  -0.15     1.05

SNOWFALL (IN)
  TODAY            0.0           5.3  1912   0.1   -0.1       T
  MONTH TO DATE    0.0                       0.3   -0.3       T
  SINCE MAR 1      0.0                       0.3   -0.3       T
  SINCE JUL 1     18.9                      21.2   -2.3     22.4
  SNOW DEPTH       0

DEGREE DAYS
 HEATING
  TODAY           35                        31      4       61
  MONTH TO DATE   72                        63      9      120
  SINCE MAR 1     72                        63      9      120
  SINCE JUL 1   4961                      5091   -130     5311

 COOLING
  TODAY            0                         0      0        0
  MONTH TO DATE    0                         0      0        0
  SINCE MAR 1      0                         0      0        0
  SINCE JAN 1      0                         0      0        0
..................................................................


WIND (MPH)
  HIGHEST WIND SPEED    30   HIGHEST WIND DIRECTION     S (180)
  HIGHEST GUST SPEED    40   HIGHEST GUST DIRECTION     S (180)
  AVERAGE WIND SPEED    15.2


SKY COVER
  POSSIBLE SUNSHINE  MM
  AVERAGE SKY COVER 0.5


WEATHER CONDITIONS
 THE FOLLOWING WEATHER WAS RECORDED TODAY.
  NO SIGNIFICANT WEATHER WAS OBSERVED.


RELATIVE HUMIDITY (PERCENT)
 HIGHEST    68          1200 AM
 LOWEST     29          1200 PM
 AVERAGE    49

..........................................................


THE NORTH PLATTE NE CLIMATE NORMALS FOR TOMORROW
                         NORMAL    RECORD    YEAR
 MAXIMUM TEMPERATURE (F)   48        76      1983
 MINIMUM TEMPERATURE (F)   20       -22      2002
                                             1960


SUNRISE AND SUNSET
MARCH  2 2015.........SUNRISE   716 AM CST   SUNSET   635 PM CST
MARCH  3 2015.........SUNRISE   714 AM CST   SUNSET   636 PM CST


-  INDICATES NEGATIVE NUMBERS.
R  INDICATES RECORD WAS SET OR TIED.
MM INDICATES DATA IS MISSING.
T  INDICATES TRACE AMOUNT.

$$
