000
CDUS43 KLBF 010859
CLILBF

CLIMATE REPORT
NATIONAL WEATHER SERVICE NORTH PLATTE
358 AM CDT SAT NOV 1 2014


...................................

...THE NORTH PLATTE NE CLIMATE SUMMARY FOR OCTOBER 31 2014...

CLIMATE NORMAL PERIOD 1981 TO 2010
CLIMATE RECORD PERIOD 1874 TO 2014


WEATHER ITEM   OBSERVED TIME   RECORD YEAR NORMAL DEPARTURE LAST
                VALUE   (LST)  VALUE       VALUE  FROM      YEAR
                                                  NORMAL
..................................................................
TEMPERATURE (F)
 YESTERDAY
  MAXIMUM         48    304 PM  82    1950  58    -10       59
  MINIMUM         28    201 AM  11    1923  28      0       24
  AVERAGE         38                        43     -5       42

PRECIPITATION (IN)
  YESTERDAY        0.00          1.23 1987   0.04  -0.04     0.00
  MONTH TO DATE    0.73                      1.55  -0.82     1.66
  SINCE SEP 1      2.12                      2.96  -0.84     6.74
  SINCE JAN 1     20.40                     19.18   1.22    21.10

SNOWFALL (IN)
  YESTERDAY        0.0           3.4  1912   0.1   -0.1      0.0
  MONTH TO DATE    0.0                       2.1   -2.1      0.0
  SINCE SEP 1      T                         2.3   -2.3      0.0
  SINCE JUL 1      T                         2.3   -2.3      0.0
  SNOW DEPTH       0

DEGREE DAYS
 HEATING
  YESTERDAY       27                        22      5       23
  MONTH TO DATE  391                       498   -107      531
  SINCE SEP 1    514                       649   -135      601
  SINCE JUL 1    531                       669   -138      614

 COOLING
  YESTERDAY        0                         0      0        0
  MONTH TO DATE    0                         3     -3        0
  SINCE SEP 1     75                        73      2      161
  SINCE JAN 1    744                       768    -24      998
..................................................................


WIND (MPH)
  HIGHEST WIND SPEED    16   HIGHEST WIND DIRECTION    SE (140)
  HIGHEST GUST SPEED    23   HIGHEST GUST DIRECTION    SE (130)
  AVERAGE WIND SPEED     8.7


SKY COVER
  POSSIBLE SUNSHINE  MM
  AVERAGE SKY COVER 0.3


WEATHER CONDITIONS
 THE FOLLOWING WEATHER WAS RECORDED YESTERDAY.
  NO SIGNIFICANT WEATHER WAS OBSERVED.


RELATIVE HUMIDITY (PERCENT)
 HIGHEST    92           100 AM
 LOWEST     26           300 PM
 AVERAGE    59

..........................................................


THE NORTH PLATTE NE CLIMATE NORMALS FOR TODAY
                         NORMAL    RECORD    YEAR
 MAXIMUM TEMPERATURE (F)   58        81      1887
 MINIMUM TEMPERATURE (F)   27         8      1991


SUNRISE AND SUNSET
NOVEMBER  1 2014......SUNRISE   814 AM CDT   SUNSET   638 PM CDT
NOVEMBER  2 2014......SUNRISE   715 AM CST   SUNSET   537 PM CST


-  INDICATES NEGATIVE NUMBERS.
R  INDICATES RECORD WAS SET OR TIED.
MM INDICATES DATA IS MISSING.
T  INDICATES TRACE AMOUNT.

$$
