000
CDUS43 KLBF 160934
CLILBF

CLIMATE REPORT
NATIONAL WEATHER SERVICE NORTH PLATTE
433 AM CDT WED APR 16 2014

...................................

...THE NORTH PLATTE NE CLIMATE SUMMARY FOR APRIL 15 2014...

CLIMATE NORMAL PERIOD 1981 TO 2010
CLIMATE RECORD PERIOD 1874 TO 2014


WEATHER ITEM   OBSERVED TIME   RECORD YEAR NORMAL DEPARTURE LAST
                VALUE   (LST)  VALUE       VALUE  FROM      YEAR
                                                  NORMAL
..................................................................
TEMPERATURE (F)
 YESTERDAY
  MAXIMUM         67    510 PM  86    2003  62      5       47
                                      2002
                                      1985
  MINIMUM         17R   546 AM  18    1911  33    -16       28
  AVERAGE         42                        47     -5       38

PRECIPITATION (IN)
  YESTERDAY        0.00          0.91 2012   0.08  -0.08      T
  MONTH TO DATE    0.14                      0.96  -0.82     1.04
  SINCE MAR 1      0.93                      2.01  -1.08     1.53
  SINCE JAN 1      1.98                      2.85  -0.87     2.81

SNOWFALL (IN)
  YESTERDAY        0.0           3.9  2011   0.1   -0.1       T
  MONTH TO DATE    1.1                       2.1   -1.0      0.9
  SINCE MAR 1      7.4                       6.5    0.9      3.6
  SINCE JUL 1     29.8                      27.4    2.4     23.5
  SNOW DEPTH       0

DEGREE DAYS
 HEATING
  YESTERDAY       23                        18      5       27
  MONTH TO DATE  309                       300      9      350
  SINCE MAR 1   1183                      1137     46     1223
  SINCE JUL 1   6374                      6165    209     6183

 COOLING
  YESTERDAY        0                         0      0        0
  MONTH TO DATE    0                         0      0        0
  SINCE MAR 1      0                         0      0        0
  SINCE JAN 1      0                         0      0        0
..................................................................


WIND (MPH)
  HIGHEST WIND SPEED    25   HIGHEST WIND DIRECTION    SW (220)
  HIGHEST GUST SPEED    35   HIGHEST GUST DIRECTION     S (200)
  AVERAGE WIND SPEED    10.6


SKY COVER
  POSSIBLE SUNSHINE  MM
  AVERAGE SKY COVER 0.0


WEATHER CONDITIONS
 THE FOLLOWING WEATHER WAS RECORDED YESTERDAY.
  NO SIGNIFICANT WEATHER WAS OBSERVED.


RELATIVE HUMIDITY (PERCENT)
 HIGHEST    84           500 AM
 LOWEST     18           600 PM
 AVERAGE    51

..........................................................


THE NORTH PLATTE NE CLIMATE NORMALS FOR TODAY
                         NORMAL    RECORD    YEAR
 MAXIMUM TEMPERATURE (F)   62        89      1985
 MINIMUM TEMPERATURE (F)   33        17      1951


SUNRISE AND SUNSET
APRIL 16 2014.........SUNRISE   702 AM CDT   SUNSET   824 PM CDT
APRIL 17 2014.........SUNRISE   700 AM CDT   SUNSET   825 PM CDT


-  INDICATES NEGATIVE NUMBERS.
R  INDICATES RECORD WAS SET OR TIED.
MM INDICATES DATA IS MISSING.
T  INDICATES TRACE AMOUNT.

$$
