000
CDUS43 KLBF 242240
CLILBF


CLIMATE REPORT
NATIONAL WEATHER SERVICE NORTH PLATTE
439 PM CST FRI NOV 24 2017


...................................

...THE NORTH PLATTE NE CLIMATE SUMMARY FOR NOVEMBER 24 2017...
VALID TODAY AS OF 0400 PM LOCAL TIME.

CLIMATE NORMAL PERIOD 1981 TO 2010
CLIMATE RECORD PERIOD 1874 TO 2017


WEATHER ITEM   OBSERVED TIME   RECORD YEAR NORMAL DEPARTURE LAST
                VALUE   (LST)  VALUE       VALUE  FROM      YEAR
                                                  NORMAL
..................................................................
TEMPERATURE (F)
 TODAY
  MAXIMUM         69   1129 AM  72    1915  46     23       50
  MINIMUM         31    541 AM  -7    1950  17     14       22
  AVERAGE         50                        31     19       36

PRECIPITATION (IN)
  TODAY            0.00          0.32 1987   0.01  -0.01     0.00
  MONTH TO DATE    0.07                      0.54  -0.47     0.77
  SINCE SEP 1      7.93                      3.50   4.43     3.25
  SINCE JAN 1     25.69                     19.72   5.97    22.41

SNOWFALL (IN)
  TODAY            0.0           4.0  1895   0.1   -0.1      0.0
  MONTH TO DATE    0.4                       3.0   -2.6      5.0
  SINCE SEP 1      1.0                       5.3   -4.3      5.0
  SINCE JUL 1      1.0                       5.3   -4.3      5.0
  SNOW DEPTH       0

DEGREE DAYS
 HEATING
  TODAY           15                        34    -19       29
  MONTH TO DATE  596                       672    -76      488
  SINCE SEP 1   1149                      1321   -172      855
  SINCE JUL 1   1153                      1341   -188      867

 COOLING
  TODAY            0                         0      0        0
  MONTH TO DATE    0                         0      0        0
  SINCE SEP 1    131                        73     58      104
  SINCE JAN 1    954                       768    186      911
..................................................................


WIND (MPH)
  HIGHEST WIND SPEED    30   HIGHEST WIND DIRECTION     N (360)
  HIGHEST GUST SPEED    40   HIGHEST GUST DIRECTION    NW (330)
  AVERAGE WIND SPEED    10.6


SKY COVER
  POSSIBLE SUNSHINE  MM
  AVERAGE SKY COVER 0.0


WEATHER CONDITIONS
 THE FOLLOWING WEATHER WAS RECORDED TODAY.
  NO SIGNIFICANT WEATHER WAS OBSERVED.


RELATIVE HUMIDITY (PERCENT)
 HIGHEST    92           400 AM
 LOWEST     34          1200 PM
 AVERAGE    63

..........................................................


THE NORTH PLATTE NE CLIMATE NORMALS FOR TOMORROW
                         NORMAL    RECORD    YEAR
 MAXIMUM TEMPERATURE (F)   45        74      1995
                                             1960
 MINIMUM TEMPERATURE (F)   17        -7      1880


SUNRISE AND SUNSET
NOVEMBER 24 2017......SUNRISE   741 AM CST   SUNSET   517 PM CST
NOVEMBER 25 2017......SUNRISE   742 AM CST   SUNSET   517 PM CST


-  INDICATES NEGATIVE NUMBERS.
R  INDICATES RECORD WAS SET OR TIED.
MM INDICATES DATA IS MISSING.
T  INDICATES TRACE AMOUNT.




$$
