000
CDUS43 KLBF 310947
CLILBF


CLIMATE REPORT
NATIONAL WEATHER SERVICE NORTH PLATTE
445 AM CDT SUN JUL 31 2016


...................................

...THE NORTH PLATTE NE CLIMATE SUMMARY FOR JULY 30 2016...

CLIMATE NORMAL PERIOD 1981 TO 2010
CLIMATE RECORD PERIOD 1874 TO 2016


WEATHER ITEM   OBSERVED TIME   RECORD YEAR NORMAL DEPARTURE LAST
                VALUE   (LST)  VALUE       VALUE  FROM      YEAR
                                                  NORMAL
..................................................................
TEMPERATURE (F)
 YESTERDAY
  MAXIMUM         86    448 PM 105    2005  88     -2       90
                                      2002
  MINIMUM         61    607 AM  41    1971  61      0       55
  AVERAGE         74                        74      0       73

PRECIPITATION (IN)
  YESTERDAY        0.00          1.28 1932   0.11  -0.11     0.00
  MONTH TO DATE    3.84                      2.97   0.87     2.55
  SINCE JUN 1      7.10                      6.39   0.71     5.28
  SINCE JAN 1     18.28                     13.83   4.45    13.38

SNOWFALL (IN)
  YESTERDAY        0.0           0.0  2002   0.0    0.0      0.0
                                      2001
  MONTH TO DATE    0.0                       0.0    0.0      0.0
  SINCE JUN 1      0.0                       0.0    0.0      0.0
  SINCE JUL 1      0.0                       0.0    0.0      0.0
  SNOW DEPTH       0

DEGREE DAYS
 HEATING
  YESTERDAY        0                         0      0        0
  MONTH TO DATE    6                         0      6        6
  SINCE JUN 1     16                        51    -35       11
  SINCE JUL 1      6                         0      6        6

 COOLING
  YESTERDAY        9                        10     -1        8
  MONTH TO DATE  291                       286      5      286
  SINCE JUN 1    539                       424    115      464
  SINCE JAN 1    549                       452     97      466
..................................................................


WIND (MPH)
  HIGHEST WIND SPEED    18   HIGHEST WIND DIRECTION     E (110)
  HIGHEST GUST SPEED    24   HIGHEST GUST DIRECTION    SE (130)
  AVERAGE WIND SPEED     9.1


SKY COVER
  POSSIBLE SUNSHINE  MM
  AVERAGE SKY COVER 0.2


WEATHER CONDITIONS
 THE FOLLOWING WEATHER WAS RECORDED YESTERDAY.
  FOG


RELATIVE HUMIDITY (PERCENT)
 HIGHEST   100           600 AM
 LOWEST     55           400 PM
 AVERAGE    78

..........................................................


THE NORTH PLATTE NE CLIMATE NORMALS FOR TODAY
                         NORMAL    RECORD    YEAR
 MAXIMUM TEMPERATURE (F)   88       107      2002
 MINIMUM TEMPERATURE (F)   61        45      1925


SUNRISE AND SUNSET
JULY 31 2016..........SUNRISE   638 AM CDT   SUNSET   900 PM CDT
AUGUST  1 2016........SUNRISE   639 AM CDT   SUNSET   859 PM CDT


-  INDICATES NEGATIVE NUMBERS.
R  INDICATES RECORD WAS SET OR TIED.
MM INDICATES DATA IS MISSING.
T  INDICATES TRACE AMOUNT.

$$
