000
CDUS43 KLBF 261407
CLILBF


CLIMATE REPORT
NATIONAL WEATHER SERVICE NORTH PLATTE
905 AM CDT FRI MAY 26 2017


...................................

...THE NORTH PLATTE NE CLIMATE SUMMARY FOR MAY 25 2017...

CLIMATE NORMAL PERIOD 1981 TO 2010
CLIMATE RECORD PERIOD 1874 TO 2017


WEATHER ITEM   OBSERVED TIME   RECORD YEAR NORMAL DEPARTURE LAST
                VALUE   (LST)  VALUE       VALUE  FROM      YEAR
                                                  NORMAL
..................................................................
TEMPERATURE (F)
 YESTERDAY
  MAXIMUM         75    353 PM  96    1967  74      1       78
  MINIMUM         47    525 AM  30    2002  47      0       53
  AVERAGE         61                        61      0       66

PRECIPITATION (IN)
  YESTERDAY        0.01          1.86 1917   0.11  -0.10     0.10
  MONTH TO DATE    3.18                      2.54   0.64     2.07
  SINCE MAR 1      7.23                      5.86   1.37     8.09
  SINCE JAN 1      8.42                      6.70   1.72     9.35

SNOWFALL (IN)
  YESTERDAY        0.0           0.0    MM   0.0    0.0      0.0
  MONTH TO DATE    T                         0.0    0.0      0.0
  SINCE MAR 1      1.0                       7.6   -6.6      6.8
  SINCE JUL 1     21.3                      28.5   -7.2     32.4
  SNOW DEPTH       0

DEGREE DAYS
 HEATING
  YESTERDAY        4                         5     -1        0
  MONTH TO DATE  237                       216     21      251
  SINCE MAR 1   1309                      1578   -269     1415
  SINCE JUL 1   5631                      6606   -975     5692

 COOLING
  YESTERDAY        0                         1     -1        1
  MONTH TO DATE   15                        15      0        8
  SINCE MAR 1     17                        18     -1        9
  SINCE JAN 1     17                        18     -1        9
..................................................................


WIND (MPH)
  HIGHEST WIND SPEED    23   HIGHEST WIND DIRECTION     W (270)
  HIGHEST GUST SPEED    28   HIGHEST GUST DIRECTION     W (260)
  AVERAGE WIND SPEED     6.0


SKY COVER
  POSSIBLE SUNSHINE  MM
  AVERAGE SKY COVER 0.1


WEATHER CONDITIONS
 THE FOLLOWING WEATHER WAS RECORDED YESTERDAY.
  THUNDERSTORM
  LIGHT RAIN


RELATIVE HUMIDITY (PERCENT)
 HIGHEST    93          1000 PM
 LOWEST     49           100 PM
 AVERAGE    71

..........................................................


THE NORTH PLATTE NE CLIMATE NORMALS FOR TODAY
                         NORMAL    RECORD    YEAR
 MAXIMUM TEMPERATURE (F)   75        97      2012
 MINIMUM TEMPERATURE (F)   48        30      1992


SUNRISE AND SUNSET
MAY 26 2017...........SUNRISE   616 AM CDT   SUNSET   905 PM CDT
MAY 27 2017...........SUNRISE   615 AM CDT   SUNSET   905 PM CDT


-  INDICATES NEGATIVE NUMBERS.
R  INDICATES RECORD WAS SET OR TIED.
MM INDICATES DATA IS MISSING.
T  INDICATES TRACE AMOUNT.




$$
