000
CDUS43 KLBF 260931
CLILBF

CLIMATE REPORT
NATIONAL WEATHER SERVICE NORTH PLATTE
430 AM CDT TUE MAY 26 2015


...................................

...THE NORTH PLATTE NE CLIMATE SUMMARY FOR MAY 25 2015...

CLIMATE NORMAL PERIOD 1981 TO 2010
CLIMATE RECORD PERIOD 1874 TO 2015


WEATHER ITEM   OBSERVED TIME   RECORD YEAR NORMAL DEPARTURE LAST
                VALUE   (LST)  VALUE       VALUE  FROM      YEAR
                                                  NORMAL
..................................................................
TEMPERATURE (F)
 YESTERDAY
  MAXIMUM         70    329 PM  96    1967  74     -4       77
  MINIMUM         50   1159 PM  30    2002  47      3       55
  AVERAGE         60                        61     -1       66

PRECIPITATION (IN)
  YESTERDAY        0.02          1.86 1917   0.11  -0.09     0.11
  MONTH TO DATE    4.00                      2.54   1.46     1.77
  SINCE MAR 1      7.02                      5.86   1.16     3.20
  SINCE JAN 1      7.76                      6.70   1.06     4.25

SNOWFALL (IN)
  YESTERDAY        0.0           0.0    MM   0.0    0.0      0.0
  MONTH TO DATE    T                         0.0    0.0       T
  SINCE MAR 1      2.4                       7.6   -5.2      7.4
  SINCE JUL 1     21.3                      28.5   -7.2     29.8
  SNOW DEPTH       0

DEGREE DAYS
 HEATING
  YESTERDAY        5                         5      0        0
  MONTH TO DATE  250                       216     34      263
  SINCE MAR 1   1345                      1578   -233     1639
  SINCE JUL 1   6234                      6606   -372     6830

 COOLING
  YESTERDAY        0                         1     -1        1
  MONTH TO DATE    0                        15    -15        8
  SINCE MAR 1      2                        18    -16       10
  SINCE JAN 1      2                        18    -16       10
..................................................................


WIND (MPH)
  HIGHEST WIND SPEED    18   HIGHEST WIND DIRECTION     W (270)
  HIGHEST GUST SPEED    23   HIGHEST GUST DIRECTION     W (270)
  AVERAGE WIND SPEED     8.0


SKY COVER
  POSSIBLE SUNSHINE  MM
  AVERAGE SKY COVER 0.7


WEATHER CONDITIONS
 THE FOLLOWING WEATHER WAS RECORDED YESTERDAY.
  LIGHT RAIN


RELATIVE HUMIDITY (PERCENT)
 HIGHEST    93          1200 AM
 LOWEST     52           600 PM
 AVERAGE    73

..........................................................


THE NORTH PLATTE NE CLIMATE NORMALS FOR TODAY
                         NORMAL    RECORD    YEAR
 MAXIMUM TEMPERATURE (F)   75        97      2012
 MINIMUM TEMPERATURE (F)   48        30      1992


SUNRISE AND SUNSET
MAY 26 2015...........SUNRISE   616 AM CDT   SUNSET   904 PM CDT
MAY 27 2015...........SUNRISE   615 AM CDT   SUNSET   905 PM CDT


-  INDICATES NEGATIVE NUMBERS.
R  INDICATES RECORD WAS SET OR TIED.
MM INDICATES DATA IS MISSING.
T  INDICATES TRACE AMOUNT.




$$
