000
CDUS43 KLBF 012228
CLILBF

CLIMATE REPORT
NATIONAL WEATHER SERVICE NORTH PLATTE
427 PM CST SUN FEB 1 2015

...................................

...THE NORTH PLATTE NE CLIMATE SUMMARY FOR FEBRUARY 1 2015...
VALID TODAY AS OF 0400 PM LOCAL TIME.

CLIMATE NORMAL PERIOD 1981 TO 2010
CLIMATE RECORD PERIOD 1874 TO 2015


WEATHER ITEM   OBSERVED TIME   RECORD YEAR NORMAL DEPARTURE LAST
                VALUE   (LST)  VALUE       VALUE  FROM      YEAR
                                                  NORMAL
..................................................................
TEMPERATURE (F)
 TODAY
  MAXIMUM         19   1226 AM  75    2003  40    -21       21
  MINIMUM          6   1011 AM -21    1951  12     -6       -6
  AVERAGE         13                        26    -13        8

PRECIPITATION (IN)
  TODAY            0.02          0.60 1883   0.01   0.01     0.00
  MONTH TO DATE    0.02                      0.01   0.01     0.00
  SINCE DEC 1      1.34                      0.76   0.58     0.48
  SINCE JAN 1      0.30                      0.35  -0.05     0.32

SNOWFALL (IN)
  TODAY            0.2           2.5  1960   0.2    0.0      0.0
  MONTH TO DATE    0.2                       0.2    0.0      0.0
  SINCE DEC 1     12.4                       9.6    2.8      7.7
  SINCE JUL 1     12.8                      15.8   -3.0     10.8
  SNOW DEPTH       2

DEGREE DAYS
 HEATING
  TODAY           52                        39     13       57
  MONTH TO DATE   52                        39     13       57
  SINCE DEC 1   2384                      2508   -124     2520
  SINCE JUL 1   3904                      4059   -155     4005

 COOLING
  TODAY            0                         0      0        0
  MONTH TO DATE    0                         0      0        0
  SINCE DEC 1      0                         0      0        0
  SINCE JAN 1      0                         0      0        0
..................................................................


WIND (MPH)
  HIGHEST WIND SPEED    31   HIGHEST WIND DIRECTION     N (340)
  HIGHEST GUST SPEED    39   HIGHEST GUST DIRECTION     N (340)
  AVERAGE WIND SPEED    21.5


SKY COVER
  POSSIBLE SUNSHINE  MM
  AVERAGE SKY COVER 0.9


WEATHER CONDITIONS
 THE FOLLOWING WEATHER WAS RECORDED TODAY.
  LIGHT SNOW
  FOG
  HAZE


RELATIVE HUMIDITY (PERCENT)
 HIGHEST    84          1200 AM
 LOWEST     63           300 PM
 AVERAGE    74

..........................................................


THE NORTH PLATTE NE CLIMATE NORMALS FOR TOMORROW
                         NORMAL    RECORD    YEAR
 MAXIMUM TEMPERATURE (F)   40        69      1962
 MINIMUM TEMPERATURE (F)   12       -18      1883


SUNRISE AND SUNSET
FEBRUARY  1 2015......SUNRISE   754 AM CST   SUNSET   559 PM CST
FEBRUARY  2 2015......SUNRISE   753 AM CST   SUNSET   601 PM CST


-  INDICATES NEGATIVE NUMBERS.
R  INDICATES RECORD WAS SET OR TIED.
MM INDICATES DATA IS MISSING.
T  INDICATES TRACE AMOUNT.

$$
