000
CDUS42 KILM 210942
CLILBT


CLIMATE REPORT
NATIONAL WEATHER SERVICE WILMINGTON NC
442 AM EST WED FEB 21 2018


...................................

...THE LUMBERTON NORTH CAROLINA CLIMATE SUMMARY FOR FEBRUARY 20 2018...

CLIMATE NORMAL PERIOD 1981 TO 2010
CLIMATE RECORD PERIOD 1903 TO 2018


WEATHER ITEM   OBSERVED TIME   RECORD YEAR NORMAL DEPARTURE LAST
                VALUE   (LST)  VALUE       VALUE  FROM      YEAR
                                                  NORMAL
..................................................................
TEMPERATURE (F)
 YESTERDAY
  MAXIMUM         80R   218 PM  80    2014  59     21       75
  MINIMUM         56    406 AM  13    2015  36     20       41
  AVERAGE         68                        48     20       58

PRECIPITATION (IN)
  YESTERDAY        0.00          1.67 1924   0.12  -0.12     0.00
  MONTH TO DATE    0.82                      2.00  -1.18     1.09
  SINCE DEC 1      6.80                      7.86  -1.06     7.79
  SINCE JAN 1      2.72                      4.97  -2.25     3.49

SNOWFALL (IN)
  YESTERDAY       MM             T    1993  MM
  MONTH TO DATE   MM                        MM
  SINCE DEC 1     MM                        MM
  SINCE JUL 1     MM                        MM
  SNOW DEPTH      MM

DEGREE DAYS
 HEATING
  YESTERDAY        0                        17    -17        7
  MONTH TO DATE  230                       382   -152      235
  SINCE DEC 1   1591                      1635    -44     1246
  SINCE JUL 1   2051                      2101    -50     1608

 COOLING
  YESTERDAY        3                         0      3        0
  MONTH TO DATE   21                         0     21        7
  SINCE DEC 1     22                         3     19        7
  SINCE JAN 1     22                         1     21        7
..................................................................


WIND (MPH)
  RESULTANT WIND SPEED   4   RESULTANT WIND DIRECTION   S (160)
  HIGHEST WIND SPEED    16   HIGHEST WIND DIRECTION    SE (150)
  HIGHEST GUST SPEED    24   HIGHEST GUST DIRECTION    SE (140)
  AVERAGE WIND SPEED     4.8


SKY COVER
  POSSIBLE SUNSHINE  MM
  AVERAGE SKY COVER 0.6


WEATHER CONDITIONS
 THE FOLLOWING WEATHER WAS RECORDED YESTERDAY.
  FOG
  FOG W/VISIBILITY <= 1/4 MILE


RELATIVE HUMIDITY (PERCENT)
 HIGHEST   100           300 AM
 LOWEST     54           200 PM
 AVERAGE    77

..........................................................


THE LUMBERTON NORTH CAROLINA CLIMATE NORMALS FOR TODAY
                         NORMAL    RECORD    YEAR
 MAXIMUM TEMPERATURE (F)   60        77      2011
                                             1994
 MINIMUM TEMPERATURE (F)   37        16      1959


SUNRISE AND SUNSET
FEBRUARY 21 2018......SUNRISE   655 AM EST   SUNSET   605 PM EST
FEBRUARY 22 2018......SUNRISE   654 AM EST   SUNSET   606 PM EST


-  INDICATES NEGATIVE NUMBERS.
R  INDICATES RECORD WAS SET OR TIED.
MM INDICATES DATA IS MISSING.
T  INDICATES TRACE AMOUNT.




$$
