000
CDUS42 KILM 010845
CLILBT


CLIMATE REPORT
NATIONAL WEATHER SERVICE WILMINGTON NC
445 AM EDT SAT OCT 1 2016


...................................

...THE LUMBERTON NC CLIMATE SUMMARY FOR SEPTEMBER 30 2016...

CLIMATE NORMAL PERIOD 1981 TO 2010
CLIMATE RECORD PERIOD 9999 TO 9999


WEATHER ITEM   OBSERVED TIME   NORMAL DEPARTURE LAST
                VALUE   (LST)  VALUE  FROM      YEAR
                                      NORMAL
......................................................
TEMPERATURE (F)
 YESTERDAY
  MAXIMUM         87    338 PM  80      7       87
  MINIMUM         66   1159 PM  57      9       74
  AVERAGE         77            69      8       81

PRECIPITATION (IN)
  YESTERDAY        0.00          0.15  -0.15     0.42
  MONTH TO DATE    7.20          4.80   2.40     2.45
  SINCE SEP 1      7.20          4.80   2.40     2.45
  SINCE JAN 1     39.71         35.19   4.52    31.43

DEGREE DAYS
 HEATING
  YESTERDAY        0             1     -1        0
  MONTH TO DATE    0             8     -8        0
  SINCE SEP 1      0             9     -9        0
  SINCE JUL 1      0             9     -9        0

 COOLING
  YESTERDAY       12             5      7       16
  MONTH TO DATE  377           249    128      364
  SINCE SEP 1    377           249    128      364
  SINCE JAN 1   2276          1821    455     2306
......................................................


WIND (MPH)
  HIGHEST WIND SPEED    13   HIGHEST WIND DIRECTION    SE (130)
  HIGHEST GUST SPEED    17   HIGHEST GUST DIRECTION    SE (120)
  AVERAGE WIND SPEED     3.4


SKY COVER
  POSSIBLE SUNSHINE  MM
  AVERAGE SKY COVER 0.5


WEATHER CONDITIONS
 THE FOLLOWING WEATHER WAS RECORDED YESTERDAY.
  FOG
  FOG W/VISIBILITY <= 1/4 MILE


RELATIVE HUMIDITY (PERCENT)
 HIGHEST   100          1200 AM
 LOWEST     51           400 PM
 AVERAGE    76

..........................................................


THE LUMBERTON NC CLIMATE NORMALS FOR TODAY
                         NORMAL
 MAXIMUM TEMPERATURE (F)   80
 MINIMUM TEMPERATURE (F)   57


SUNRISE AND SUNSET
OCTOBER  1 2016.......SUNRISE   711 AM EDT   SUNSET   700 PM EDT
OCTOBER  2 2016.......SUNRISE   712 AM EDT   SUNSET   658 PM EDT


-  INDICATES NEGATIVE NUMBERS.
R  INDICATES RECORD WAS SET OR TIED.
MM INDICATES DATA IS MISSING.
T  INDICATES TRACE AMOUNT.




$$
