000
CDUS42 KILM 302042
CLILBT


CLIMATE REPORT
NATIONAL WEATHER SERVICE WILMINGTON NC
441 PM EDT SAT MAY 30 2015


...................................

...THE LUMBERTON NC CLIMATE SUMMARY FOR MAY 30 2015...
VALID TODAY AS OF 0400 PM LOCAL TIME.

CLIMATE NORMAL PERIOD 1981 TO 2010
CLIMATE RECORD PERIOD 9999 TO 9999


WEATHER ITEM   OBSERVED TIME   NORMAL DEPARTURE LAST
                VALUE   (LST)  VALUE  FROM      YEAR
                                      NORMAL
......................................................
TEMPERATURE (F)
 TODAY
  MAXIMUM         92    230 PM  85      7       86
  MINIMUM         63    504 AM  63      0       66
  AVERAGE         78            74      4       76

PRECIPITATION (IN)
  TODAY            0.00          0.13  -0.13     0.00
  MONTH TO DATE    1.93          2.92  -0.99     3.60
  SINCE MAR 1      8.00          9.07  -1.07    11.19
  SINCE JAN 1     17.46         14.94   2.52    17.26

DEGREE DAYS
 HEATING
  TODAY            0             0      0        0
  MONTH TO DATE   12            30    -18       17
  SINCE MAR 1    414           529   -115      649
  SINCE JUL 1   2778          2759     19     2945

 COOLING
  TODAY           13             9      4       11
  MONTH TO DATE  233           173     60      227
  SINCE MAR 1    327           238     89      277
  SINCE JAN 1    327           241     86      278
......................................................


WIND (MPH)
  HIGHEST WIND SPEED    12   HIGHEST WIND DIRECTION     E (100)
  HIGHEST GUST SPEED    14   HIGHEST GUST DIRECTION     E (100)
  AVERAGE WIND SPEED     3.3


SKY COVER
  POSSIBLE SUNSHINE  MM
  AVERAGE SKY COVER 0.4


WEATHER CONDITIONS
 THE FOLLOWING WEATHER WAS RECORDED TODAY.
  NO SIGNIFICANT WEATHER WAS OBSERVED.


RELATIVE HUMIDITY (PERCENT)
 HIGHEST   100           200 AM
 LOWEST     34           200 PM
 AVERAGE    67

..........................................................


THE LUMBERTON NC CLIMATE NORMALS FOR TOMORROW
                         NORMAL    RECORD    YEAR
 MAXIMUM TEMPERATURE (F)   86        99      2011
 MINIMUM TEMPERATURE (F)   63        54      2000


SUNRISE AND SUNSET
MAY 30 2015...........SUNRISE   605 AM EDT   SUNSET   823 PM EDT
MAY 31 2015...........SUNRISE   605 AM EDT   SUNSET   823 PM EDT


-  INDICATES NEGATIVE NUMBERS.
R  INDICATES RECORD WAS SET OR TIED.
MM INDICATES DATA IS MISSING.
T  INDICATES TRACE AMOUNT.




$$
