000
CDUS42 KILM 270844
CLILBT


CLIMATE REPORT
NATIONAL WEATHER SERVICE WILMINGTON NC
444 AM EDT FRI MAR 27 2015


...................................

...THE LUMBERTON NC CLIMATE SUMMARY FOR MARCH 26 2015...

CLIMATE NORMAL PERIOD 1981 TO 2010
CLIMATE RECORD PERIOD 9999 TO 9999


WEATHER ITEM   OBSERVED TIME   NORMAL DEPARTURE LAST
                VALUE   (LST)  VALUE  FROM      YEAR
                                      NORMAL
......................................................
TEMPERATURE (F)
 YESTERDAY
  MAXIMUM         76    252 PM  69      7       51
  MINIMUM         63   1215 AM  45     18       28
  AVERAGE         70            57     13       40

PRECIPITATION (IN)
  YESTERDAY        0.67          0.11   0.56     0.00
  MONTH TO DATE    2.78          2.75   0.03     2.31
  SINCE MAR 1      2.78          2.75   0.03     2.31
  SINCE JAN 1     12.24          8.62   3.62     8.38

SNOWFALL (IN)
  YESTERDAY       MM
  MONTH TO DATE   MM
  SINCE MAR 1     MM
  SINCE JUL 1     MM
  SNOW DEPTH      MM

DEGREE DAYS
 HEATING
  YESTERDAY        0             9     -9       25
  MONTH TO DATE  231           308    -77      461
  SINCE MAR 1    231           308    -77      461
  SINCE JUL 1   2595          2538     57     2757

 COOLING
  YESTERDAY        5             0      5        0
  MONTH TO DATE   15             0     15        0
  SINCE MAR 1     15             0     15        0
  SINCE JAN 1     15             3     12        1
......................................................


WIND (MPH)
  HIGHEST WIND SPEED    17   HIGHEST WIND DIRECTION    SW (210)
  HIGHEST GUST SPEED    23   HIGHEST GUST DIRECTION    SW (240)
  AVERAGE WIND SPEED     8.1


SKY COVER
  POSSIBLE SUNSHINE  MM
  AVERAGE SKY COVER 0.6


WEATHER CONDITIONS
 THE FOLLOWING WEATHER WAS RECORDED YESTERDAY.
  THUNDERSTORM
  HEAVY RAIN
  RAIN
  LIGHT RAIN
  FOG


RELATIVE HUMIDITY (PERCENT)
 HIGHEST   100           600 AM
 LOWEST     54           300 PM
 AVERAGE    77

..........................................................


THE LUMBERTON NC CLIMATE NORMALS FOR TODAY
                         NORMAL
 MAXIMUM TEMPERATURE (F)   70
 MINIMUM TEMPERATURE (F)   45


SUNRISE AND SUNSET
MARCH 27 2015.........SUNRISE   711 AM EDT   SUNSET   733 PM EDT
MARCH 28 2015.........SUNRISE   709 AM EDT   SUNSET   734 PM EDT


-  INDICATES NEGATIVE NUMBERS.
R  INDICATES RECORD WAS SET OR TIED.
MM INDICATES DATA IS MISSING.
T  INDICATES TRACE AMOUNT.




$$
