000
CDUS42 KILM 240855
CLILBT


CLIMATE REPORT
NATIONAL WEATHER SERVICE WILMINGTON NC
455 AM EDT MON JUL 24 2017


...................................

...THE LUMBERTON NC CLIMATE SUMMARY FOR JULY 23 2017...

CLIMATE NORMAL PERIOD 1981 TO 2010
CLIMATE RECORD PERIOD 9999 TO 9999


WEATHER ITEM   OBSERVED TIME   NORMAL DEPARTURE LAST
                VALUE   (LST)  VALUE  FROM      YEAR
                                      NORMAL
......................................................
TEMPERATURE (F)
 YESTERDAY
  MAXIMUM         96    236 PM  91      5       94
  MINIMUM         72   1049 PM  72      0       74
  AVERAGE         84            81      3       84

PRECIPITATION (IN)
  YESTERDAY        0.48          0.20   0.28      T
  MONTH TO DATE    3.15          3.91  -0.76     7.51
  SINCE JUN 1      6.88          8.25  -1.37     9.39
  SINCE JAN 1     24.20         23.32   0.88    28.33

DEGREE DAYS
 HEATING
  YESTERDAY        0             0      0        0
  MONTH TO DATE    0             0      0        0
  SINCE JUN 1      0             0      0        0
  SINCE JUL 1      0             0      0        0

 COOLING
  YESTERDAY       19            16      3       19
  MONTH TO DATE  387           368     19      402
  SINCE JUN 1    771           756     15      873
  SINCE JAN 1   1177          1006    171     1196
......................................................


WIND (MPH)
  HIGHEST WIND SPEED    22   HIGHEST WIND DIRECTION     S (180)
  HIGHEST GUST SPEED    34   HIGHEST GUST DIRECTION     S (160)
  AVERAGE WIND SPEED     7.8


SKY COVER
  POSSIBLE SUNSHINE  MM
  AVERAGE SKY COVER 0.3


WEATHER CONDITIONS
 THE FOLLOWING WEATHER WAS RECORDED YESTERDAY.
  THUNDERSTORM
  HEAVY RAIN
  RAIN
  LIGHT RAIN
  FOG


RELATIVE HUMIDITY (PERCENT)
 HIGHEST   100          1000 PM
 LOWEST     51           200 PM
 AVERAGE    76

..........................................................


THE LUMBERTON NC CLIMATE NORMALS FOR TODAY
                         NORMAL
 MAXIMUM TEMPERATURE (F)   91
 MINIMUM TEMPERATURE (F)   72


SUNRISE AND SUNSET
JULY 24 2017..........SUNRISE   621 AM EDT   SUNSET   824 PM EDT
JULY 25 2017..........SUNRISE   622 AM EDT   SUNSET   824 PM EDT


-  INDICATES NEGATIVE NUMBERS.
R  INDICATES RECORD WAS SET OR TIED.
MM INDICATES DATA IS MISSING.
T  INDICATES TRACE AMOUNT.




$$
