000
CDUS44 KLCH 020823
CLILCH


CLIMATE REPORT
NATIONAL WEATHER SERVICE LAKE CHARLES, LA
322 AM CDT SUN AUG 2 2015


...................................

...THE LAKE CHARLES CLIMATE SUMMARY FOR AUGUST 1 2015...

CLIMATE NORMAL PERIOD 1981 TO 2010
CLIMATE RECORD PERIOD 1895 TO 2015


WEATHER ITEM   OBSERVED TIME   RECORD YEAR NORMAL DEPARTURE LAST
                VALUE   (LST)  VALUE       VALUE  FROM      YEAR
                                                  NORMAL
..................................................................
TEMPERATURE (F)
 YESTERDAY
  MAXIMUM         97    332 PM  99    2010  92      5       89
                                      1998
                                      1930
  MINIMUM         72   1159 PM  67    1936  75     -3       75
                                      1913
  AVERAGE         85                        83      2       82

PRECIPITATION (IN)
  YESTERDAY        0.00          3.17 1995   0.17  -0.17     0.07
  MONTH TO DATE    0.00                      0.17  -0.17     0.07
  SINCE JUN 1      8.16                     12.65  -4.49    21.23
  SINCE JAN 1     42.59                     33.53   9.06    36.40

SNOWFALL (IN)
  YESTERDAY        0.0           0.0    MM   0.0    0.0      0.0
  MONTH TO DATE    0.0                       0.0    0.0      0.0
  SINCE JUN 1      0.0                       0.0    0.0      0.0
  SINCE JUL 1      0.0                       0.0    0.0      0.0
  SNOW DEPTH       0

DEGREE DAYS
 HEATING
  YESTERDAY        0                         0      0        0
  MONTH TO DATE    0                         0      0        0
  SINCE JUN 1      0                         0      0        0
  SINCE JUL 1      0                         0      0        0

 COOLING
  YESTERDAY       20                        18      2       17
  MONTH TO DATE   20                        18      2       17
  SINCE JUN 1   1158                      1051    107     1029
  SINCE JAN 1   1802                      1589    213     1468
..................................................................


WIND (MPH)
  HIGHEST WIND SPEED    16   HIGHEST WIND DIRECTION     E (80)
  HIGHEST GUST SPEED    22   HIGHEST GUST DIRECTION    NE (60)
  AVERAGE WIND SPEED     8.2


SKY COVER
  POSSIBLE SUNSHINE  MM
  AVERAGE SKY COVER 0.0


WEATHER CONDITIONS
 THE FOLLOWING WEATHER WAS RECORDED YESTERDAY.
  NO SIGNIFICANT WEATHER WAS OBSERVED.


RELATIVE HUMIDITY (PERCENT)
 HIGHEST    84          1100 PM
 LOWEST     31           400 PM
 AVERAGE    58

..........................................................


THE LAKE CHARLES CLIMATE NORMALS FOR TODAY
                         NORMAL    RECORD    YEAR
 MAXIMUM TEMPERATURE (F)   92       101      1998
 MINIMUM TEMPERATURE (F)   75        64      1911


SUNRISE AND SUNSET
AUGUST  2 2015........SUNRISE   632 AM CDT   SUNSET   806 PM CDT
AUGUST  3 2015........SUNRISE   633 AM CDT   SUNSET   805 PM CDT


-  INDICATES NEGATIVE NUMBERS.
R  INDICATES RECORD WAS SET OR TIED.
MM INDICATES DATA IS MISSING.
T  INDICATES TRACE AMOUNT.




$$
