000
CDUS44 KLCH 212245
CLILCH


CLIMATE REPORT
NATIONAL WEATHER SERVICE LAKE CHARLES, LA
445 PM CST SAT JAN 21 2017


...................................

...THE LAKE CHARLES CLIMATE SUMMARY FOR JANUARY 21 2017...
VALID TODAY AS OF 0400 PM LOCAL TIME.

CLIMATE NORMAL PERIOD 1981 TO 2010
CLIMATE RECORD PERIOD 1895 TO 2017


WEATHER ITEM   OBSERVED TIME   RECORD YEAR NORMAL DEPARTURE LAST
                VALUE   (LST)  VALUE       VALUE  FROM      YEAR
                                                  NORMAL
..................................................................
TEMPERATURE (F)
 TODAY
  MAXIMUM         75    222 PM  80    1927  61     14       74
  MINIMUM         61    648 AM  15    1985  42     19       46
  AVERAGE         68                        52     16       60

PRECIPITATION (IN)
  TODAY            0.15          5.00 1916   0.17  -0.02     0.16
  MONTH TO DATE    4.77                      3.67   1.10     2.64
  SINCE DEC 1     16.82                      8.35   8.47     5.88
  SINCE JAN 1      4.77                      3.67   1.10     2.64

SNOWFALL (IN)
  TODAY            0.0           T    1987   0.0    0.0     MM
  MONTH TO DATE    T                         0.0    0.0      0.0
  SINCE DEC 1      T                         T      0.0      0.0
  SINCE JUL 1      T                         T      0.0      0.0
  SNOW DEPTH       0

DEGREE DAYS
 HEATING
  TODAY            0                        13    -13        5
  MONTH TO DATE  136                       293   -157      300
  SINCE DEC 1    389                       660   -271      506
  SINCE JUL 1    483                       867   -384      582

 COOLING
  TODAY            3                         0      3        0
  MONTH TO DATE   56                         0     56        0
  SINCE DEC 1    112                        20     92       57
  SINCE JAN 1     56                         0     56        0
..................................................................


WIND (MPH)
  HIGHEST WIND SPEED    15   HIGHEST WIND DIRECTION    NW (330)
  HIGHEST GUST SPEED    21   HIGHEST GUST DIRECTION    NW (320)
  AVERAGE WIND SPEED     7.7


SKY COVER
  POSSIBLE SUNSHINE  MM
  AVERAGE SKY COVER 0.8


WEATHER CONDITIONS
 THE FOLLOWING WEATHER WAS RECORDED TODAY.
  THUNDERSTORM
  HEAVY RAIN
  RAIN
  LIGHT RAIN
  FOG
  HAZE


RELATIVE HUMIDITY (PERCENT)
 HIGHEST   100           200 AM
 LOWEST     79           300 PM
 AVERAGE    90

..........................................................


THE LAKE CHARLES CLIMATE NORMALS FOR TOMORROW
                         NORMAL    RECORD    YEAR
 MAXIMUM TEMPERATURE (F)   61        79      1952
                                             1933
                                             1909
 MINIMUM TEMPERATURE (F)   42        18      1935


SUNRISE AND SUNSET
JANUARY 21 2017.......SUNRISE   708 AM CST   SUNSET   541 PM CST
JANUARY 22 2017.......SUNRISE   708 AM CST   SUNSET   542 PM CST


-  INDICATES NEGATIVE NUMBERS.
R  INDICATES RECORD WAS SET OR TIED.
MM INDICATES DATA IS MISSING.
T  INDICATES TRACE AMOUNT.




$$
