000
CDUS44 KLCH 200850
CLILCH


CLIMATE REPORT
NATIONAL WEATHER SERVICE LAKE CHARLES, LA
350 AM CDT MON OCT 20 2014


...................................

...THE LAKE CHARLES CLIMATE SUMMARY FOR OCTOBER 19 2014...

CLIMATE NORMAL PERIOD 1981 TO 2010
CLIMATE RECORD PERIOD 1895 TO 2014


WEATHER ITEM   OBSERVED TIME   RECORD YEAR NORMAL DEPARTURE LAST
                VALUE   (LST)  VALUE       VALUE  FROM      YEAR
                                                  NORMAL
..................................................................
TEMPERATURE (F)
 YESTERDAY
  MAXIMUM         79    338 PM  90    1941  80     -1       69
                                      1926
  MINIMUM         59    657 AM  37    1948  58      1       52
  AVERAGE         69                        69      0       61

PRECIPITATION (IN)
  YESTERDAY        0.00          1.46 2006   0.19  -0.19     0.74
  MONTH TO DATE    2.50                      2.81  -0.31     1.28
  SINCE SEP 1      7.47                      8.07  -0.60    10.97
  SINCE JAN 1     59.54                     46.29  13.25    49.97

SNOWFALL (IN)
  YESTERDAY        0.0           0.0    MM   0.0    0.0      0.0
  MONTH TO DATE    0.0                       0.0    0.0      0.0
  SINCE SEP 1      0.0                       0.0    0.0      0.0
  SINCE JUL 1      0.0                       0.0    0.0      0.0
  SNOW DEPTH       0

DEGREE DAYS
 HEATING
  YESTERDAY        0                         1     -1        4
  MONTH TO DATE    1                        10     -9        5
  SINCE SEP 1      1                        11    -10        5
  SINCE JUL 1      1                        11    -10        5

 COOLING
  YESTERDAY        4                         5     -1        0
  MONTH TO DATE  172                       141     31      168
  SINCE SEP 1    621                       552     69      672
  SINCE JAN 1   2631                      2681    -50     2877
..................................................................


WIND (MPH)
  HIGHEST WIND SPEED    15   HIGHEST WIND DIRECTION     E (70)
  HIGHEST GUST SPEED    18   HIGHEST GUST DIRECTION     E (70)
  AVERAGE WIND SPEED     8.2


SKY COVER
  POSSIBLE SUNSHINE  MM
  AVERAGE SKY COVER 0.1


WEATHER CONDITIONS
 THE FOLLOWING WEATHER WAS RECORDED YESTERDAY.
  NO SIGNIFICANT WEATHER WAS OBSERVED.


RELATIVE HUMIDITY (PERCENT)
 HIGHEST    87           600 AM
 LOWEST     48           100 PM
 AVERAGE    68

..........................................................


THE LAKE CHARLES CLIMATE NORMALS FOR TODAY
                         NORMAL    RECORD    YEAR
 MAXIMUM TEMPERATURE (F)   80        93      1927
 MINIMUM TEMPERATURE (F)   58        32      1989
                                             1917


SUNRISE AND SUNSET
OCTOBER 20 2014.......SUNRISE   718 AM CDT   SUNSET   637 PM CDT
OCTOBER 21 2014.......SUNRISE   719 AM CDT   SUNSET   636 PM CDT


-  INDICATES NEGATIVE NUMBERS.
R  INDICATES RECORD WAS SET OR TIED.
MM INDICATES DATA IS MISSING.
T  INDICATES TRACE AMOUNT.




$$
