000
CDUS44 KLCH 200914
CLILCH


CLIMATE REPORT
NATIONAL WEATHER SERVICE LAKE CHARLES, LA
413 AM CDT SUN AUG 20 2017


...................................

...THE LAKE CHARLES CLIMATE SUMMARY FOR AUGUST 19 2017...

CLIMATE NORMAL PERIOD 1981 TO 2010
CLIMATE RECORD PERIOD 1895 TO 2017


WEATHER ITEM   OBSERVED TIME   RECORD YEAR NORMAL DEPARTURE LAST
                VALUE   (LST)  VALUE       VALUE  FROM      YEAR
                                                  NORMAL
..................................................................
TEMPERATURE (F)
 YESTERDAY
  MAXIMUM         97    406 PM 101    1999  92      5       89
                                      1930
  MINIMUM         77    457 AM  64    1911  74      3       75
  AVERAGE         87                        83      4       82

PRECIPITATION (IN)
  YESTERDAY        0.00          2.77 2014   0.16  -0.16     0.26
  MONTH TO DATE    8.48                      3.00   5.48    11.92
  SINCE JUN 1     22.02                     15.48   6.54    23.81
  SINCE JAN 1     48.67                     36.36  12.31    53.13

SNOWFALL (IN)
  YESTERDAY        0.0           0.0    MM   0.0    0.0      0.0
  MONTH TO DATE    0.0                       0.0    0.0      0.0
  SINCE JUN 1      0.0                       0.0    0.0      0.0
  SINCE JUL 1      0.0                       0.0    0.0      0.0
  SNOW DEPTH       0

DEGREE DAYS
 HEATING
  YESTERDAY        0                         0      0        0
  MONTH TO DATE    0                         0      0        0
  SINCE JUN 1      0                         0      0        0
  SINCE JUL 1      0                         0      0        0

 COOLING
  YESTERDAY       22                        18      4       17
  MONTH TO DATE  363                       342     21      362
  SINCE JUN 1   1440                      1375     65     1494
  SINCE JAN 1   2143                      1913    230     2110
..................................................................


WIND (MPH)
  HIGHEST WIND SPEED    14   HIGHEST WIND DIRECTION    SE (120)
  HIGHEST GUST SPEED    18   HIGHEST GUST DIRECTION    SE (120)
  AVERAGE WIND SPEED     3.4


SKY COVER
  POSSIBLE SUNSHINE  MM
  AVERAGE SKY COVER 0.1


WEATHER CONDITIONS
 THE FOLLOWING WEATHER WAS RECORDED YESTERDAY.
  FOG


RELATIVE HUMIDITY (PERCENT)
 HIGHEST    97           300 AM
 LOWEST     43           400 PM
 AVERAGE    70

..........................................................


THE LAKE CHARLES CLIMATE NORMALS FOR TODAY
                         NORMAL    RECORD    YEAR
 MAXIMUM TEMPERATURE (F)   92       103      1925
 MINIMUM TEMPERATURE (F)   74        61      1911


SUNRISE AND SUNSET
AUGUST 20 2017........SUNRISE   643 AM CDT   SUNSET   749 PM CDT
AUGUST 21 2017........SUNRISE   644 AM CDT   SUNSET   748 PM CDT


-  INDICATES NEGATIVE NUMBERS.
R  INDICATES RECORD WAS SET OR TIED.
MM INDICATES DATA IS MISSING.
T  INDICATES TRACE AMOUNT.




$$
