000
CDUS44 KLCH 291245
CLILCH


CLIMATE REPORT
NATIONAL WEATHER SERVICE LAKE CHARLES, LA
745 AM CDT SUN MAY 29 2016


...................................

...THE LAKE CHARLES CLIMATE SUMMARY FOR MAY 28 2016...

CLIMATE NORMAL PERIOD 1981 TO 2010
CLIMATE RECORD PERIOD 1895 TO 2016


WEATHER ITEM   OBSERVED TIME   RECORD YEAR NORMAL DEPARTURE LAST
                VALUE   (LST)  VALUE       VALUE  FROM      YEAR
                                                  NORMAL
..................................................................
TEMPERATURE (F)
 YESTERDAY
  MAXIMUM         87    144 PM  97    2010  87      0       89
                                      1953
                                      1916
  MINIMUM         66    610 AM  54    1961  70     -4       71
                                      1901
  AVERAGE         77                        78     -1       80

PRECIPITATION (IN)
  YESTERDAY        0.09          5.00 1915   0.19  -0.10     0.00
  MONTH TO DATE   10.82                      4.62   6.20     6.49
  SINCE MAR 1     24.15                     11.61  12.54    25.88
  SINCE JAN 1     29.32                     20.30   9.02    34.36

SNOWFALL (IN)
  YESTERDAY        0.0           0.0    MM   0.0    0.0      0.0
  MONTH TO DATE    0.0                       0.0    0.0      0.0
  SINCE MAR 1      0.0                       0.0    0.0       T
  SINCE JUL 1      0.0                       0.1   -0.1       T
  SNOW DEPTH       0

DEGREE DAYS
 HEATING
  YESTERDAY        0                         0      0        0
  MONTH TO DATE    0                         0      0        0
  SINCE MAR 1     85                       207   -122      105
  SINCE JUL 1   1034                      1489   -455     1543

 COOLING
  YESTERDAY       12                        13     -1       15
  MONTH TO DATE  283                       289     -6      341
  SINCE MAR 1    557                       474     83      594
  SINCE JAN 1    572                       497     75      600
..................................................................


WIND (MPH)
  HIGHEST WIND SPEED    25   HIGHEST WIND DIRECTION    SE (150)
  HIGHEST GUST SPEED    33   HIGHEST GUST DIRECTION    SE (150)
  AVERAGE WIND SPEED     6.6


SKY COVER
  POSSIBLE SUNSHINE  MM
  AVERAGE SKY COVER 0.2


WEATHER CONDITIONS
 THE FOLLOWING WEATHER WAS RECORDED YESTERDAY.
  LIGHT RAIN
  FOG
  HAZE


RELATIVE HUMIDITY (PERCENT)
 HIGHEST    94          1100 PM
 LOWEST     57           300 PM
 AVERAGE    76

..........................................................


THE LAKE CHARLES CLIMATE NORMALS FOR TODAY
                         NORMAL    RECORD    YEAR
 MAXIMUM TEMPERATURE (F)   87        97      2010
                                             1911
 MINIMUM TEMPERATURE (F)   70        56      1934


SUNRISE AND SUNSET
MAY 29 2016...........SUNRISE   613 AM CDT   SUNSET   808 PM CDT
MAY 30 2016...........SUNRISE   612 AM CDT   SUNSET   809 PM CDT


-  INDICATES NEGATIVE NUMBERS.
R  INDICATES RECORD WAS SET OR TIED.
MM INDICATES DATA IS MISSING.
T  INDICATES TRACE AMOUNT.




$$
