000
CDUS44 KLCH 260902
CLILCH


CLIMATE REPORT
NATIONAL WEATHER SERVICE LAKE CHARLES, LA
401 AM CDT MON SEP 26 2016


...................................

...THE LAKE CHARLES CLIMATE SUMMARY FOR SEPTEMBER 25 2016...

CLIMATE NORMAL PERIOD 1981 TO 2010
CLIMATE RECORD PERIOD 1895 TO 2016


WEATHER ITEM   OBSERVED TIME   RECORD YEAR NORMAL DEPARTURE LAST
                VALUE   (LST)  VALUE       VALUE  FROM      YEAR
                                                  NORMAL
..................................................................
TEMPERATURE (F)
 YESTERDAY
  MAXIMUM         87    320 PM  99    1915  86      1       92
  MINIMUM         74    618 AM  52    1909  66      8       68
  AVERAGE         81                        76      5       80

PRECIPITATION (IN)
  YESTERDAY        0.10          3.04 1946   0.17  -0.07     0.00
  MONTH TO DATE    3.29                      4.53  -1.24     4.09
  SINCE SEP 1      3.29                      4.53  -1.24     4.09
  SINCE JAN 1     59.20                     42.75  16.45    50.06

SNOWFALL (IN)
  YESTERDAY        0.0           0.0    MM   0.0    0.0      0.0
  MONTH TO DATE    0.0                       0.0    0.0      0.0
  SINCE SEP 1      0.0                       0.0    0.0      0.0
  SINCE JUL 1      0.0                       0.0    0.0      0.0
  SNOW DEPTH       0

DEGREE DAYS
 HEATING
  YESTERDAY        0                         0      0        0
  MONTH TO DATE    0                         0      0        0
  SINCE SEP 1      0                         0      0        0
  SINCE JUL 1      0                         0      0        0

 COOLING
  YESTERDAY       16                        11      5       15
  MONTH TO DATE  455                       358     97      378
  SINCE SEP 1    455                       358     97      378
  SINCE JAN 1   2782                      2487    295     2741
..................................................................


WIND (MPH)
  HIGHEST WIND SPEED    18   HIGHEST WIND DIRECTION     S (190)
  HIGHEST GUST SPEED    26   HIGHEST GUST DIRECTION     S (190)
  AVERAGE WIND SPEED     4.7


SKY COVER
  POSSIBLE SUNSHINE  MM
  AVERAGE SKY COVER 0.3


WEATHER CONDITIONS
 THE FOLLOWING WEATHER WAS RECORDED YESTERDAY.
  THUNDERSTORM
  HEAVY RAIN
  FOG


RELATIVE HUMIDITY (PERCENT)
 HIGHEST   100           200 AM
 LOWEST     70          1100 AM
 AVERAGE    85

..........................................................


THE LAKE CHARLES CLIMATE NORMALS FOR TODAY
                         NORMAL    RECORD    YEAR
 MAXIMUM TEMPERATURE (F)   86        98      1910
 MINIMUM TEMPERATURE (F)   66        51      2000
                                             1940
                                             1909


SUNRISE AND SUNSET
SEPTEMBER 26 2016.....SUNRISE   704 AM CDT   SUNSET   704 PM CDT
SEPTEMBER 27 2016.....SUNRISE   704 AM CDT   SUNSET   702 PM CDT


-  INDICATES NEGATIVE NUMBERS.
R  INDICATES RECORD WAS SET OR TIED.
MM INDICATES DATA IS MISSING.
T  INDICATES TRACE AMOUNT.




$$
