000
CDUS44 KLCH 221011
CLILCH


CLIMATE REPORT
NATIONAL WEATHER SERVICE LAKE CHARLES, LA
510 AM CDT SUN OCT 22 2017


...................................

...THE LAKE CHARLES CLIMATE SUMMARY FOR OCTOBER 21 2017...

CLIMATE NORMAL PERIOD 1981 TO 2010
CLIMATE RECORD PERIOD 1895 TO 2017


WEATHER ITEM   OBSERVED TIME   RECORD YEAR NORMAL DEPARTURE LAST
                VALUE   (LST)  VALUE       VALUE  FROM      YEAR
                                                  NORMAL
..................................................................
TEMPERATURE (F)
 YESTERDAY
  MAXIMUM         88    133 PM  91    1941  80      8       76
                                      1899
  MINIMUM         71    631 AM  32    1917  58     13       52
  AVERAGE         80                        69     11       64

PRECIPITATION (IN)
  YESTERDAY        T             1.21 2006   0.18  -0.18     0.00
  MONTH TO DATE    3.25                      3.17   0.08     0.25
  SINCE SEP 1      3.88                      8.43  -4.55     3.69
  SINCE JAN 1     67.64                     46.65  20.99    59.60

SNOWFALL (IN)
  YESTERDAY        0.0           0.0    MM   0.0    0.0      0.0
  MONTH TO DATE    0.0                       0.0    0.0      0.0
  SINCE SEP 1      0.0                       0.0    0.0      0.0
  SINCE JUL 1      0.0                       0.0    0.0      0.0
  SNOW DEPTH       0

DEGREE DAYS
 HEATING
  YESTERDAY        0                         1     -1        1
  MONTH TO DATE    0                        12    -12        1
  SINCE SEP 1      0                        13    -13        1
  SINCE JUL 1      0                        13    -13        1

 COOLING
  YESTERDAY       15                         5     10        0
  MONTH TO DATE  268                       151    117      226
  SINCE SEP 1    717                       562    155      738
  SINCE JAN 1   3043                      2691    352     3065
..................................................................


WIND (MPH)
  HIGHEST WIND SPEED    17   HIGHEST WIND DIRECTION     S (160)
  HIGHEST GUST SPEED    22   HIGHEST GUST DIRECTION    SE (150)
  AVERAGE WIND SPEED     8.3


SKY COVER
  POSSIBLE SUNSHINE  MM
  AVERAGE SKY COVER 0.4


WEATHER CONDITIONS
 THE FOLLOWING WEATHER WAS RECORDED YESTERDAY.
  LIGHT RAIN
  FOG


RELATIVE HUMIDITY (PERCENT)
 HIGHEST   100           200 AM
 LOWEST     65           100 PM
 AVERAGE    83

..........................................................


THE LAKE CHARLES CLIMATE NORMALS FOR TODAY
                         NORMAL    RECORD    YEAR
 MAXIMUM TEMPERATURE (F)   79        92      1906
 MINIMUM TEMPERATURE (F)   58        34      1917


SUNRISE AND SUNSET
OCTOBER 22 2017.......SUNRISE   720 AM CDT   SUNSET   634 PM CDT
OCTOBER 23 2017.......SUNRISE   720 AM CDT   SUNSET   633 PM CDT


-  INDICATES NEGATIVE NUMBERS.
R  INDICATES RECORD WAS SET OR TIED.
MM INDICATES DATA IS MISSING.
T  INDICATES TRACE AMOUNT.




$$
