000
CDUS43 KLMK 010629
CLILEX


CLIMATE REPORT
NATIONAL WEATHER SERVICE LOUISVILLE KY
227 AM EDT MON SEP 1 2014


...................................

...THE LEXINGTON KY CLIMATE SUMMARY FOR AUGUST 31 2014...

CLIMATE NORMAL PERIOD 1981 TO 2010
CLIMATE RECORD PERIOD 1872 TO 2014


WEATHER ITEM   OBSERVED TIME   RECORD YEAR NORMAL DEPARTURE LAST
                VALUE   (LST)  VALUE       VALUE  FROM      YEAR
                                                  NORMAL
..................................................................
TEMPERATURE (F)
 YESTERDAY
  MAXIMUM         77    507 PM  99    1953  84     -7       91
  MINIMUM         72    740 AM  45    1946  63      9       68
  AVERAGE         75                        73      2       80

PRECIPITATION (IN)
  YESTERDAY        0.33          2.09 2013   0.09   0.24     2.09
  MONTH TO DATE    9.56                      3.25   6.31     5.14
  SINCE JUN 1     18.38                     12.34   6.04    21.78
  SINCE JAN 1     39.73                     31.67   8.06    43.64

SNOWFALL (IN)
  YESTERDAY        0.0          MM      MM   0.0    0.0      0.0
  MONTH TO DATE    0.0                       0.0    0.0      0.0
  SINCE JUN 1      0.0                       0.0    0.0      0.0
  SINCE JUL 1      0.0                       0.0    0.0      0.0
  SNOW DEPTH       0

DEGREE DAYS
 HEATING
  YESTERDAY        0                         0      0        0
  MONTH TO DATE    0                         0      0        3
  SINCE JUN 1      2                        13    -11        3
  SINCE JUL 1      2                         2      0        3

 COOLING
  YESTERDAY       10                         9      1       15
  MONTH TO DATE  345                       321     24      315
  SINCE JUN 1    920                       910     10      885
  SINCE JAN 1   1081                      1017     64     1038
..................................................................


WIND (MPH)
  HIGHEST WIND SPEED    15   HIGHEST WIND DIRECTION     S (200)
  HIGHEST GUST SPEED    21   HIGHEST GUST DIRECTION     S (190)
  AVERAGE WIND SPEED     8.4


SKY COVER
  POSSIBLE SUNSHINE  MM
  AVERAGE SKY COVER 0.9


WEATHER CONDITIONS
 THE FOLLOWING WEATHER WAS RECORDED YESTERDAY.
  RAIN
  LIGHT RAIN
  FOG
  HAZE


RELATIVE HUMIDITY (PERCENT)
 HIGHEST    93           700 AM
 LOWEST     82           400 PM
 AVERAGE    88

..........................................................


THE LEXINGTON KY CLIMATE NORMALS FOR TODAY
                         NORMAL    RECORD    YEAR
 MAXIMUM TEMPERATURE (F)   84       101      1953
 MINIMUM TEMPERATURE (F)   63        49      1967


SUNRISE AND SUNSET
SEPTEMBER  1 2014.....SUNRISE   708 AM EDT   SUNSET   808 PM EDT
SEPTEMBER  2 2014.....SUNRISE   709 AM EDT   SUNSET   806 PM EDT


-  INDICATES NEGATIVE NUMBERS.
R  INDICATES RECORD WAS SET OR TIED.
MM INDICATES DATA IS MISSING.
T  INDICATES TRACE AMOUNT.

$$

SCHOETTMER
