000
CDUS43 KLMK 172039 RRC
CLILEX

CLIMATE REPORT
NATIONAL WEATHER SERVICE LOUISVILLE KY
438 PM EDT TUE OCT 17 2017


...................................

...THE LEXINGTON KY CLIMATE SUMMARY FOR OCTOBER 17 2017...
VALID TODAY AS OF 0400 PM LOCAL TIME.

CLIMATE NORMAL PERIOD 1981 TO 2010
CLIMATE RECORD PERIOD 1872 TO 2017


WEATHER ITEM   OBSERVED TIME   RECORD YEAR NORMAL DEPARTURE LAST
                VALUE   (LST)  VALUE       VALUE  FROM      YEAR
                                                  NORMAL
..................................................................
TEMPERATURE (F)
 TODAY
  MAXIMUM         65    252 PM  87    1938  67     -2       85
  MINIMUM         37    529 AM  29    1970  46     -9       62
                                      1948
  AVERAGE         51                        57     -6       74

PRECIPITATION (IN)
  TODAY            0.00          2.41 1975   0.10  -0.10     0.00
  MONTH TO DATE    4.07                      1.66   2.41     0.14
  SINCE SEP 1      7.81                      4.57   3.24     1.81
  SINCE JAN 1     42.75                     36.24   6.51    36.18

SNOWFALL (IN)
  TODAY            0.0           0.0    MM   0.0    0.0      0.0
  MONTH TO DATE    0.0                       0.0    0.0      0.0
  SINCE SEP 1      0.0                       0.0    0.0      0.0
  SINCE JUL 1      0.0                       0.0    0.0      0.0
  SNOW DEPTH       0

DEGREE DAYS
 HEATING
  TODAY           14                         9      5        0
  MONTH TO DATE   36                       117    -81       36
  SINCE SEP 1     71                       169    -98       53
  SINCE JUL 1     71                       171   -100       53

 COOLING
  TODAY            0                         1     -1        9
  MONTH TO DATE   57                        21     36       47
  SINCE SEP 1    201                       167     34      318
  SINCE JAN 1   1282                      1184     98     1594
..................................................................


WIND (MPH)
  HIGHEST WIND SPEED     9   HIGHEST WIND DIRECTION    SW (220)
  HIGHEST GUST SPEED    14   HIGHEST GUST DIRECTION     S (180)
  AVERAGE WIND SPEED     1.2


SKY COVER
  POSSIBLE SUNSHINE  MM
  AVERAGE SKY COVER 0.0


WEATHER CONDITIONS
 THE FOLLOWING WEATHER WAS RECORDED TODAY.
  NO SIGNIFICANT WEATHER WAS OBSERVED.


RELATIVE HUMIDITY (PERCENT)
 HIGHEST    96           800 AM
 LOWEST     40           200 PM
 AVERAGE    68

..........................................................


THE LEXINGTON KY CLIMATE NORMALS FOR TOMORROW
                         NORMAL    RECORD    YEAR
 MAXIMUM TEMPERATURE (F)   67        87      1938
 MINIMUM TEMPERATURE (F)   46        24      1948


SUNRISE AND SUNSET
OCTOBER 17 2017.......SUNRISE   749 AM EDT   SUNSET   658 PM EDT
OCTOBER 18 2017.......SUNRISE   750 AM EDT   SUNSET   656 PM EDT


-  INDICATES NEGATIVE NUMBERS.
R  INDICATES RECORD WAS SET OR TIED.
MM INDICATES DATA IS MISSING.
T  INDICATES TRACE AMOUNT.




$$
