827
CDUS43 KLMK 220630
CLILEX


CLIMATE REPORT
NATIONAL WEATHER SERVICE LOUISVILLE KY
129 AM EST WED FEB 22 2017


...................................

...THE LEXINGTON KY CLIMATE SUMMARY FOR FEBRUARY 21 2017...

CLIMATE NORMAL PERIOD 1981 TO 2010
CLIMATE RECORD PERIOD 1872 TO 2017


WEATHER ITEM   OBSERVED TIME   RECORD YEAR NORMAL DEPARTURE LAST
                VALUE   (LST)  VALUE       VALUE  FROM      YEAR
                                                  NORMAL
..................................................................
TEMPERATURE (F)
 YESTERDAY
  MAXIMUM         72R  1254 PM  71    1874  47     25       64
  MINIMUM         55    805 AM  -2    1896  30     25       43
  AVERAGE         64                        38     26       54

PRECIPITATION (IN)
  YESTERDAY        0.05          2.02 1993   0.12  -0.07     0.70
  MONTH TO DATE    1.53                      2.38  -0.85     3.51
  SINCE DEC 1     12.42                      9.51   2.91    11.96
  SINCE JAN 1      6.24                      5.58   0.66     4.75

SNOWFALL (IN)
  YESTERDAY        0.0           6.2  1929   0.2   -0.2      0.0
  MONTH TO DATE    T                         3.8   -3.8      5.0
  SINCE DEC 1      3.4                      10.2   -6.8     14.6
  SINCE JUL 1      3.4                      10.5   -7.1     14.6
  SNOW DEPTH       0

DEGREE DAYS
 HEATING
  YESTERDAY        1                        27    -26       11
  MONTH TO DATE  427                       610   -183      601
  SINCE DEC 1   2045                      2506   -461     2119
  SINCE JUL 1   2631                      3393   -762     2805

 COOLING
  YESTERDAY        0                         0      0        0
  MONTH TO DATE    0                         0      0        0
  SINCE DEC 1      0                         0      0        0
  SINCE JAN 1      0                         0      0        0
..................................................................


WIND (MPH)
  HIGHEST WIND SPEED    22   HIGHEST WIND DIRECTION    SW (210)
  HIGHEST GUST SPEED    27   HIGHEST GUST DIRECTION     S (200)
  AVERAGE WIND SPEED     9.3


SKY COVER
  POSSIBLE SUNSHINE  MM
  AVERAGE SKY COVER 0.4


WEATHER CONDITIONS
 THE FOLLOWING WEATHER WAS RECORDED YESTERDAY.
  LIGHT RAIN
  FOG


RELATIVE HUMIDITY (PERCENT)
 HIGHEST    93          1100 PM
 LOWEST     38           100 PM
 AVERAGE    66

..........................................................


THE LEXINGTON KY CLIMATE NORMALS FOR TODAY
                         NORMAL    RECORD    YEAR
 MAXIMUM TEMPERATURE (F)   48        70      1922
 MINIMUM TEMPERATURE (F)   30        -7      1963


SUNRISE AND SUNSET
FEBRUARY 22 2017......SUNRISE   719 AM EST   SUNSET   625 PM EST
FEBRUARY 23 2017......SUNRISE   718 AM EST   SUNSET   626 PM EST


-  INDICATES NEGATIVE NUMBERS.
R  INDICATES RECORD WAS SET OR TIED.
MM INDICATES DATA IS MISSING.
T  INDICATES TRACE AMOUNT.

$$

SCHOETTMER
