000
CDUS44 KSHV 042133
CLILFK


CLIMATE REPORT
NATIONAL WEATHER SERVICE SHREVEPORT, LA
431 PM CDT TUE AUG 4 2015


...................................

...THE LUFKIN CLIMATE SUMMARY FOR AUGUST 4 2015...
VALID TODAY AS OF 0400 PM LOCAL TIME.

CLIMATE NORMAL PERIOD 1981 TO 2010
CLIMATE RECORD PERIOD 1906 TO 2015


WEATHER ITEM   OBSERVED TIME   RECORD YEAR NORMAL DEPARTURE LAST
                VALUE   (LST)  VALUE       VALUE  FROM      YEAR
                                                  NORMAL
..................................................................
TEMPERATURE (F)
 TODAY
  MAXIMUM         97    259 PM 106    2011  95      2       95
  MINIMUM         70    559 AM  52    1920  72     -2       76
  AVERAGE         84                        83      1       86

PRECIPITATION (IN)
  TODAY            0.00          1.11 1908   0.10  -0.10     0.43
  MONTH TO DATE    0.00                      0.38  -0.38     0.43
  SINCE DEC 1     49.21                     32.07  17.14    31.96
  SINCE JAN 1     47.16                     27.63  19.53    29.75

DEGREE DAYS
 HEATING
  TODAY            0                         0      0        0
  MONTH TO DATE    0                         0      0        0
  SINCE JUN 1      0                         0      0        0
  SINCE JUL 1      0                         0      0        0

 COOLING
  TODAY           19                        18      1       21
  MONTH TO DATE   70                        72     -2       64
  SINCE JUN 1   1248                      1074    174     1183
  SINCE JAN 1   1931                      1543    388     1679
..................................................................


WIND (MPH)
  HIGHEST WIND SPEED    12   HIGHEST WIND DIRECTION     S (190)
  HIGHEST GUST SPEED    18   HIGHEST GUST DIRECTION    SW (240)
  AVERAGE WIND SPEED     3.9


SKY COVER
  POSSIBLE SUNSHINE  MM
  AVERAGE SKY COVER 0.1


WEATHER CONDITIONS
 THE FOLLOWING WEATHER WAS RECORDED TODAY.
  FOG


RELATIVE HUMIDITY (PERCENT)
 HIGHEST    97           600 AM
 LOWEST     35           300 PM
 AVERAGE    66

..........................................................


THE LUFKIN CLIMATE NORMALS FOR TOMORROW
                         NORMAL    RECORD    YEAR
 MAXIMUM TEMPERATURE (F)   95       106      1964
 MINIMUM TEMPERATURE (F)   72        53      1920


SUNRISE AND SUNSET
AUGUST  4 2015........SUNRISE   638 AM CDT   SUNSET   812 PM CDT
AUGUST  5 2015........SUNRISE   638 AM CDT   SUNSET   811 PM CDT


-  INDICATES NEGATIVE NUMBERS.
R  INDICATES RECORD WAS SET OR TIED.
MM INDICATES DATA IS MISSING.
T  INDICATES TRACE AMOUNT.




$$
