468
CDUS44 KSHV 232144
CLILFK


CLIMATE REPORT
NATIONAL WEATHER SERVICE SHREVEPORT, LA
444 PM CDT SUN APR 23 2017


...................................

...THE LUFKIN CLIMATE SUMMARY FOR APRIL 23 2017...
VALID TODAY AS OF 0400 PM LOCAL TIME.

CLIMATE NORMAL PERIOD 1981 TO 2010
CLIMATE RECORD PERIOD 1906 TO 2017


WEATHER ITEM   OBSERVED TIME   RECORD YEAR NORMAL DEPARTURE LAST
                VALUE   (LST)  VALUE       VALUE  FROM      YEAR
                                                  NORMAL
..................................................................
TEMPERATURE (F)
 TODAY
  MAXIMUM         71    255 PM  91    2011  80     -9       82
                                      1999
  MINIMUM         46    621 AM  40    1907  57    -11       53
  AVERAGE         59                        68     -9       68

PRECIPITATION (IN)
  TODAY            0.00          1.51 1948   0.11  -0.11     0.00
  MONTH TO DATE    5.37                      2.29   3.08     4.66
  SINCE DEC 1     20.25                     18.56   1.69    20.59
  SINCE JAN 1     15.34                     14.12   1.22    16.54

SNOWFALL (IN)
  TODAY            0.0
  MONTH TO DATE    0.0
  SINCE MAR 1      0.0
  SINCE JUL 1      T
  SNOW DEPTH       0

DEGREE DAYS
 HEATING
  TODAY            6                         1      5        0
  MONTH TO DATE   29                        63    -34       39
  SINCE MAR 1    152                       273   -121      148
  SINCE JUL 1   1128                      1907   -779     1470

 COOLING
  TODAY            0                         5     -5        3
  MONTH TO DATE   98                        80     18       59
  SINCE MAR 1    192                       121     71      117
  SINCE JAN 1    274                       140    134      131
..................................................................


WIND (MPH)
  HIGHEST WIND SPEED    17   HIGHEST WIND DIRECTION     N (350)
  HIGHEST GUST SPEED    25   HIGHEST GUST DIRECTION     N (350)
  AVERAGE WIND SPEED     8.7


SKY COVER
  POSSIBLE SUNSHINE  MM
  AVERAGE SKY COVER 0.5


WEATHER CONDITIONS
 THE FOLLOWING WEATHER WAS RECORDED TODAY.
  NO SIGNIFICANT WEATHER WAS OBSERVED.


RELATIVE HUMIDITY (PERCENT)
 HIGHEST    86           600 AM
 LOWEST     40           300 PM
 AVERAGE    63

..........................................................


THE LUFKIN CLIMATE NORMALS FOR TOMORROW
                         NORMAL    RECORD    YEAR
 MAXIMUM TEMPERATURE (F)   80        90      2011
                                             1932
 MINIMUM TEMPERATURE (F)   57        41      2005


SUNRISE AND SUNSET
APRIL 23 2017.........SUNRISE   642 AM CDT   SUNSET   753 PM CDT
APRIL 24 2017.........SUNRISE   641 AM CDT   SUNSET   754 PM CDT


-  INDICATES NEGATIVE NUMBERS.
R  INDICATES RECORD WAS SET OR TIED.
MM INDICATES DATA IS MISSING.
T  INDICATES TRACE AMOUNT.




$$
