000
CDUS44 KSHV 290841
CLILFK


CLIMATE REPORT
NATIONAL WEATHER SERVICE SHREVEPORT, LA
239 AM CST SAT NOV 29 2014


...................................

...THE LUFKIN CLIMATE SUMMARY FOR NOVEMBER 28 2014...

CLIMATE NORMAL PERIOD 1981 TO 2010
CLIMATE RECORD PERIOD 1906 TO 2014


WEATHER ITEM   OBSERVED TIME   RECORD YEAR NORMAL DEPARTURE LAST
                VALUE   (LST)  VALUE       VALUE  FROM      YEAR
                                                  NORMAL
..................................................................
TEMPERATURE (F)
 YESTERDAY
  MAXIMUM         72    254 PM  86    1945  65      7       53
  MINIMUM         39    728 AM  21    1912  43     -4       28
  AVERAGE         56                        54      2       41

PRECIPITATION (IN)
  YESTERDAY        0.00          1.09 2001   0.16  -0.16     0.00
  MONTH TO DATE    4.07                      4.67  -0.60     3.76
  SINCE DEC 1     44.89                     48.61  -3.72    44.59
  SINCE JAN 1     42.68                     44.17  -1.49    40.28

SNOWFALL (IN)
  YESTERDAY        0.0
  MONTH TO DATE    0.0
  SINCE SEP 1      0.0
  SINCE JUL 1      0.0
  SNOW DEPTH       0

DEGREE DAYS
 HEATING
  YESTERDAY        9                        12     -3       24
  MONTH TO DATE  294                       217     77      293
  SINCE SEP 1    296                       283     13      319
  SINCE JUL 1    296                       283     13      319

 COOLING
  YESTERDAY        0                         1     -1        0
  MONTH TO DATE   13                        38    -25       25
  SINCE SEP 1    726                       559    167      674
  SINCE JAN 1   2960                      2582    378     2841
..................................................................


WIND (MPH)
  HIGHEST WIND SPEED    15   HIGHEST WIND DIRECTION     S (200)
  HIGHEST GUST SPEED    22   HIGHEST GUST DIRECTION     S (190)
  AVERAGE WIND SPEED     7.2


SKY COVER
  POSSIBLE SUNSHINE  MM
  AVERAGE SKY COVER 0.1


WEATHER CONDITIONS
 THE FOLLOWING WEATHER WAS RECORDED YESTERDAY.
  NO SIGNIFICANT WEATHER WAS OBSERVED.


RELATIVE HUMIDITY (PERCENT)
 HIGHEST    86          1100 PM
 LOWEST     44           300 PM
 AVERAGE    65

..........................................................


THE LUFKIN CLIMATE NORMALS FOR TODAY
                         NORMAL    RECORD    YEAR
 MAXIMUM TEMPERATURE (F)   65        87      1945
 MINIMUM TEMPERATURE (F)   43        17      1976


SUNRISE AND SUNSET
NOVEMBER 29 2014......SUNRISE   658 AM CST   SUNSET   516 PM CST
NOVEMBER 30 2014......SUNRISE   659 AM CST   SUNSET   516 PM CST


-  INDICATES NEGATIVE NUMBERS.
R  INDICATES RECORD WAS SET OR TIED.
MM INDICATES DATA IS MISSING.
T  INDICATES TRACE AMOUNT.




$$
