000
CDUS44 KSHV 310805
CLILFK


CLIMATE REPORT
NATIONAL WEATHER SERVICE SHREVEPORT, LA
258 AM CDT TUE MAY 31 2016


...................................

...THE LUFKIN CLIMATE SUMMARY FOR MAY 30 2016...

CLIMATE NORMAL PERIOD 1981 TO 2010
CLIMATE RECORD PERIOD 1906 TO 2016


WEATHER ITEM   OBSERVED TIME   RECORD YEAR NORMAL DEPARTURE LAST
                VALUE   (LST)  VALUE       VALUE  FROM      YEAR
                                                  NORMAL
..................................................................
TEMPERATURE (F)
 YESTERDAY
  MAXIMUM         86    428 PM  99    1998  88     -2       89
  MINIMUM         68    507 AM  49    1984  67      1       71
  AVERAGE         77                        77      0       80

PRECIPITATION (IN)
  YESTERDAY        0.00          2.96 1950   0.17  -0.17     0.45
  MONTH TO DATE    5.73                      4.48   1.25    15.75
  SINCE DEC 1     29.62                     23.80   5.82    38.13
  SINCE JAN 1     25.57                     19.36   6.21    36.08

SNOWFALL (IN)
  YESTERDAY        0.0
  MONTH TO DATE    0.0
  SINCE MAR 1      0.0
  SINCE JUL 1      0.0
  SNOW DEPTH       0

DEGREE DAYS
 HEATING
  YESTERDAY        0                         0      0        0
  MONTH TO DATE    2                         1      1        0
  SINCE MAR 1    150                       280   -130      171
  SINCE JUL 1   1472                      1914   -442     1691

 COOLING
  YESTERDAY       12                        12      0       15
  MONTH TO DATE  232                       278    -46      368
  SINCE MAR 1    420                       435    -15      665
  SINCE JAN 1    434                       454    -20      671
..................................................................


WIND (MPH)
  HIGHEST WIND SPEED    14   HIGHEST WIND DIRECTION     S (190)
  HIGHEST GUST SPEED    19   HIGHEST GUST DIRECTION     S (190)
  AVERAGE WIND SPEED     4.5


SKY COVER
  POSSIBLE SUNSHINE  MM
  AVERAGE SKY COVER 0.1


WEATHER CONDITIONS
 THE FOLLOWING WEATHER WAS RECORDED YESTERDAY.
  FOG


RELATIVE HUMIDITY (PERCENT)
 HIGHEST   100           200 AM
 LOWEST     55           400 PM
 AVERAGE    78

..........................................................


THE LUFKIN CLIMATE NORMALS FOR TODAY
                         NORMAL    RECORD    YEAR
 MAXIMUM TEMPERATURE (F)   88        99      1998
 MINIMUM TEMPERATURE (F)   67        49      1984


SUNRISE AND SUNSET
MAY 31 2016...........SUNRISE   616 AM CDT   SUNSET   818 PM CDT
JUNE  1 2016..........SUNRISE   615 AM CDT   SUNSET   819 PM CDT


-  INDICATES NEGATIVE NUMBERS.
R  INDICATES RECORD WAS SET OR TIED.
MM INDICATES DATA IS MISSING.
T  INDICATES TRACE AMOUNT.




$$
