000
CDUS44 KSHV 220832
CLILFK


CLIMATE REPORT
NATIONAL WEATHER SERVICE SHREVEPORT, LA
231 AM CST SAT NOV 22 2014


...................................

...THE LUFKIN CLIMATE SUMMARY FOR NOVEMBER 21 2014...

CLIMATE NORMAL PERIOD 1981 TO 2010
CLIMATE RECORD PERIOD 1906 TO 2014


WEATHER ITEM   OBSERVED TIME   RECORD YEAR NORMAL DEPARTURE LAST
                VALUE   (LST)  VALUE       VALUE  FROM      YEAR
                                                  NORMAL
..................................................................
TEMPERATURE (F)
 YESTERDAY
  MAXIMUM         67   1245 PM  84    2011  68     -1       78
                                      1933
  MINIMUM         59    352 AM  27    2006  45     14       59
                                      1937
  AVERAGE         63                        56      7       69

PRECIPITATION (IN)
  YESTERDAY        0.47          3.25 1934   0.16   0.31      T
  MONTH TO DATE    3.36                      3.57  -0.21     0.05
  SINCE DEC 1     44.18                     47.51  -3.33    40.88
  SINCE JAN 1     41.97                     43.07  -1.10    36.57

SNOWFALL (IN)
  YESTERDAY        0.0
  MONTH TO DATE    0.0
  SINCE SEP 1      0.0
  SINCE JUL 1      0.0
  SNOW DEPTH       0

DEGREE DAYS
 HEATING
  YESTERDAY        2                         9     -7        0
  MONTH TO DATE  239                       142     97      142
  SINCE SEP 1    241                       208     33      168
  SINCE JUL 1    241                       208     33      168

 COOLING
  YESTERDAY        0                         1     -1        4
  MONTH TO DATE    8                        31    -23       25
  SINCE SEP 1    721                       552    169      674
  SINCE JAN 1   2955                      2575    380     2841
..................................................................


WIND (MPH)
  HIGHEST WIND SPEED    16   HIGHEST WIND DIRECTION    SE (140)
  HIGHEST GUST SPEED    23   HIGHEST GUST DIRECTION    SE (140)
  AVERAGE WIND SPEED     8.9


SKY COVER
  POSSIBLE SUNSHINE  MM
  AVERAGE SKY COVER 0.9


WEATHER CONDITIONS
 THE FOLLOWING WEATHER WAS RECORDED YESTERDAY.
  RAIN
  LIGHT RAIN
  FOG


RELATIVE HUMIDITY (PERCENT)
 HIGHEST    90           800 AM
 LOWEST     84           700 AM
 AVERAGE    87

..........................................................


THE LUFKIN CLIMATE NORMALS FOR TODAY
                         NORMAL    RECORD    YEAR
 MAXIMUM TEMPERATURE (F)   67        83      1931
 MINIMUM TEMPERATURE (F)   45        27      1984


SUNRISE AND SUNSET
NOVEMBER 22 2014......SUNRISE   652 AM CST   SUNSET   518 PM CST
NOVEMBER 23 2014......SUNRISE   653 AM CST   SUNSET   517 PM CST


-  INDICATES NEGATIVE NUMBERS.
R  INDICATES RECORD WAS SET OR TIED.
MM INDICATES DATA IS MISSING.
T  INDICATES TRACE AMOUNT.




$$
