000
CDUS44 KSHV 242326
CLILFK


CLIMATE REPORT
NATIONAL WEATHER SERVICE SHREVEPORT, LA
616 PM CDT FRI OCT 24 2014


...................................

...THE LUFKIN CLIMATE SUMMARY FOR OCTOBER 24 2014...
VALID TODAY AS OF 0600 PM LOCAL TIME.

CLIMATE NORMAL PERIOD 1981 TO 2010
CLIMATE RECORD PERIOD 1906 TO 2014


WEATHER ITEM   OBSERVED TIME   RECORD YEAR NORMAL DEPARTURE LAST
                VALUE   (LST)  VALUE       VALUE  FROM      YEAR
                                                  NORMAL
..................................................................
TEMPERATURE (F)
 TODAY
  MAXIMUM         82    259 PM  91    1931  77      5       83
  MINIMUM         52    440 AM  31    1908  53     -1       48
  AVERAGE         67                        65      2       66

PRECIPITATION (IN)
  TODAY            0.00          1.98 1954   0.18  -0.18     0.00
  MONTH TO DATE    3.12                      3.62  -0.50     1.93
  SINCE DEC 1     40.33                     42.73  -2.40    36.49
  SINCE JAN 1     38.12                     38.29  -0.17    32.18

SNOWFALL (IN)
  TODAY            0.0
  MONTH TO DATE    0.0
  SINCE SEP 1      0.0
  SINCE JUL 1      0.0
  SNOW DEPTH       0

DEGREE DAYS
 HEATING
  TODAY            0                         3     -3        0
  MONTH TO DATE    0                        38    -38       20
  SINCE SEP 1      0                        42    -42       20
  SINCE JUL 1      0                        42    -42       20

 COOLING
  TODAY            2                         3     -1        1
  MONTH TO DATE  187                       127     60      157
  SINCE SEP 1    683                       501    182      623
  SINCE JAN 1   2917                      2524    393     2790
..................................................................


WIND (MPH)
  HIGHEST WIND SPEED     8   HIGHEST WIND DIRECTION     N (360)
  HIGHEST GUST SPEED    13   HIGHEST GUST DIRECTION     E (70)
  AVERAGE WIND SPEED     2.3


SKY COVER
  POSSIBLE SUNSHINE  MM
  AVERAGE SKY COVER 0.0


WEATHER CONDITIONS
 THE FOLLOWING WEATHER WAS RECORDED TODAY.
  FOG
  HAZE


RELATIVE HUMIDITY (PERCENT)
 HIGHEST    89           200 AM
 LOWEST     39           100 PM
 AVERAGE    64

..........................................................


THE LUFKIN CLIMATE NORMALS FOR TOMORROW
                         NORMAL    RECORD    YEAR
 MAXIMUM TEMPERATURE (F)   77        91      1931
 MINIMUM TEMPERATURE (F)   53        32      1952


SUNRISE AND SUNSET
OCTOBER 24 2014.......SUNRISE   728 AM CDT   SUNSET   638 PM CDT
OCTOBER 25 2014.......SUNRISE   729 AM CDT   SUNSET   637 PM CDT


-  INDICATES NEGATIVE NUMBERS.
R  INDICATES RECORD WAS SET OR TIED.
MM INDICATES DATA IS MISSING.
T  INDICATES TRACE AMOUNT.




$$
