000
CDUS44 KSHV 291245
CLILFK


CLIMATE REPORT
NATIONAL WEATHER SERVICE SHREVEPORT, LA
745 AM CDT SUN MAR 29 2015


...................................

...THE LUFKIN CLIMATE SUMMARY FOR MARCH 28 2015...

CLIMATE NORMAL PERIOD 1981 TO 2010
CLIMATE RECORD PERIOD 1906 TO 2015


WEATHER ITEM   OBSERVED TIME   RECORD YEAR NORMAL DEPARTURE LAST
                VALUE   (LST)  VALUE       VALUE  FROM      YEAR
                                                  NORMAL
..................................................................
TEMPERATURE (F)
 YESTERDAY
  MAXIMUM         84    412 PM  87    2014  74     10       87
                                      1907
  MINIMUM         46    627 AM  31    1930  50     -4       MM
  AVERAGE         65                        62      3       MM

PRECIPITATION (IN)
  YESTERDAY        0.00          2.00 1923   0.11  -0.11     0.45
  MONTH TO DATE    6.17                      3.44   2.73     2.55
  SINCE DEC 1     17.04                     15.93   1.11     7.58
  SINCE JAN 1     14.99                     11.49   3.50     5.37

SNOWFALL (IN)
  YESTERDAY        0.0
  MONTH TO DATE    0.0
  SINCE MAR 1      0.0
  SINCE JUL 1      T
  SNOW DEPTH       0

DEGREE DAYS
 HEATING
  YESTERDAY        0                         5     -5       MM
  MONTH TO DATE  162                       198    -36      245
  SINCE MAR 1    162                       198    -36      245
  SINCE JUL 1   1682                      1832   -150     2048

 COOLING
  YESTERDAY        0                         2     -2       MM
  MONTH TO DATE   34                        35     -1       17
  SINCE MAR 1     34                        35     -1       17
  SINCE JAN 1     40                        54    -14       35
..................................................................


WIND (MPH)
  HIGHEST WIND SPEED    16   HIGHEST WIND DIRECTION     S (190)
  HIGHEST GUST SPEED    23   HIGHEST GUST DIRECTION     S (170)
  AVERAGE WIND SPEED     6.2


SKY COVER
  POSSIBLE SUNSHINE  MM
  AVERAGE SKY COVER 0.0


WEATHER CONDITIONS
 THE FOLLOWING WEATHER WAS RECORDED YESTERDAY.
  NO SIGNIFICANT WEATHER WAS OBSERVED.


RELATIVE HUMIDITY (PERCENT)
 HIGHEST    80           700 AM
 LOWEST     24           500 PM
 AVERAGE    52

..........................................................


THE LUFKIN CLIMATE NORMALS FOR TODAY
                         NORMAL    RECORD    YEAR
 MAXIMUM TEMPERATURE (F)   75        89      1946
 MINIMUM TEMPERATURE (F)   51        29      1955


SUNRISE AND SUNSET
MARCH 29 2015.........SUNRISE   712 AM CDT   SUNSET   736 PM CDT
MARCH 30 2015.........SUNRISE   711 AM CDT   SUNSET   737 PM CDT


-  INDICATES NEGATIVE NUMBERS.
R  INDICATES RECORD WAS SET OR TIED.
MM INDICATES DATA IS MISSING.
T  INDICATES TRACE AMOUNT.




$$
