000
CDUS44 KSHV 280843
CLILFK


CLIMATE REPORT
NATIONAL WEATHER SERVICE SHREVEPORT, LA
243 AM CST WED JAN 28 2015


...................................

...THE LUFKIN CLIMATE SUMMARY FOR JANUARY 27 2015...

CLIMATE NORMAL PERIOD 1981 TO 2010
CLIMATE RECORD PERIOD 1906 TO 2015


WEATHER ITEM   OBSERVED TIME   RECORD YEAR NORMAL DEPARTURE LAST
                VALUE   (LST)  VALUE       VALUE  FROM      YEAR
                                                  NORMAL
..................................................................
TEMPERATURE (F)
 YESTERDAY
  MAXIMUM         81    434 PM  85    1975  61     20       58
  MINIMUM         43    709 AM  20    1940  39      4       42
  AVERAGE         62                        50     12       50

PRECIPITATION (IN)
  YESTERDAY        0.00          1.76 1952   0.15  -0.15     0.00
  MONTH TO DATE    7.36                      3.60   3.76     1.13
  SINCE DEC 1      9.41                      8.04   1.37     3.34
  SINCE JAN 1      7.36                      3.60   3.76     1.13

SNOWFALL (IN)
  YESTERDAY        0.0
  MONTH TO DATE    0.0
  SINCE DEC 1      0.0
  SINCE JUL 1      0.0
  SNOW DEPTH       0

DEGREE DAYS
 HEATING
  YESTERDAY        3                        15    -12       15
  MONTH TO DATE  478                       443     35      473
  SINCE DEC 1    802                       914   -112      988
  SINCE JUL 1   1098                      1221   -123     1344

 COOLING
  YESTERDAY        0                         0      0        0
  MONTH TO DATE    0                         0      0        0
  SINCE DEC 1     12                        13     -1       16
  SINCE JAN 1      0                         0      0        0
..................................................................


WIND (MPH)
  HIGHEST WIND SPEED     8   HIGHEST WIND DIRECTION     E (80)
  HIGHEST GUST SPEED    11   HIGHEST GUST DIRECTION     N (20)
  AVERAGE WIND SPEED     1.7


SKY COVER
  POSSIBLE SUNSHINE  MM
  AVERAGE SKY COVER 0.0


WEATHER CONDITIONS
 THE FOLLOWING WEATHER WAS RECORDED YESTERDAY.
  NO SIGNIFICANT WEATHER WAS OBSERVED.


RELATIVE HUMIDITY (PERCENT)
 HIGHEST    83           800 AM
 LOWEST     23           300 PM
 AVERAGE    53

..........................................................


THE LUFKIN CLIMATE NORMALS FOR TODAY
                         NORMAL    RECORD    YEAR
 MAXIMUM TEMPERATURE (F)   61        84      1975
 MINIMUM TEMPERATURE (F)   39        19      1963


SUNRISE AND SUNSET
JANUARY 28 2015.......SUNRISE   714 AM CST   SUNSET   550 PM CST
JANUARY 29 2015.......SUNRISE   713 AM CST   SUNSET   551 PM CST


-  INDICATES NEGATIVE NUMBERS.
R  INDICATES RECORD WAS SET OR TIED.
MM INDICATES DATA IS MISSING.
T  INDICATES TRACE AMOUNT.




$$
