000
CDUS44 KSHV 012134
CLILFK


CLIMATE REPORT
NATIONAL WEATHER SERVICE SHREVEPORT, LA
432 PM CDT WED OCT 1 2014


...................................

...THE LUFKIN CLIMATE SUMMARY FOR OCTOBER 1 2014...
VALID TODAY AS OF 0400 PM LOCAL TIME.

CLIMATE NORMAL PERIOD 1981 TO 2010
CLIMATE RECORD PERIOD 1906 TO 2014


WEATHER ITEM   OBSERVED TIME   RECORD YEAR NORMAL DEPARTURE LAST
                VALUE   (LST)  VALUE       VALUE  FROM      YEAR
                                                  NORMAL
..................................................................
TEMPERATURE (F)
 TODAY
  MAXIMUM         92   1258 PM 100    1938  84      8       90
  MINIMUM         76    542 AM  38    1984  61     15       71
  AVERAGE         84                        72     12       81

PRECIPITATION (IN)
  TODAY            0.05          0.85 1961   0.11  -0.06     0.02
  MONTH TO DATE    0.05                      0.11  -0.06     0.02
  SINCE DEC 1     37.26                     39.22  -1.96    34.58
  SINCE JAN 1     35.05                     34.78   0.27    30.27

DEGREE DAYS
 HEATING
  TODAY            0                         1     -1        0
  MONTH TO DATE    0                         1     -1        0
  SINCE SEP 1      0                         5     -5        0
  SINCE JUL 1      0                         5     -5        0

 COOLING
  TODAY           19                         8     11       16
  MONTH TO DATE   19                         8     11       16
  SINCE SEP 1    515                       382    133      482
  SINCE JAN 1   2749                      2405    344     2649
..................................................................


WIND (MPH)
  HIGHEST WIND SPEED    10   HIGHEST WIND DIRECTION    SE (140)
  HIGHEST GUST SPEED    13   HIGHEST GUST DIRECTION    SE (130)
  AVERAGE WIND SPEED     4.8


SKY COVER
  POSSIBLE SUNSHINE  MM
  AVERAGE SKY COVER 0.9


WEATHER CONDITIONS
 THE FOLLOWING WEATHER WAS RECORDED TODAY.
  LIGHT RAIN
  FOG


RELATIVE HUMIDITY (PERCENT)
 HIGHEST    94           500 AM
 LOWEST     52           100 PM
 AVERAGE    73

..........................................................


THE LUFKIN CLIMATE NORMALS FOR TOMORROW
                         NORMAL    RECORD    YEAR
 MAXIMUM TEMPERATURE (F)   84        96      1938
 MINIMUM TEMPERATURE (F)   60        42      1984


SUNRISE AND SUNSET
OCTOBER  1 2014.......SUNRISE   713 AM CDT   SUNSET   704 PM CDT
OCTOBER  2 2014.......SUNRISE   713 AM CDT   SUNSET   703 PM CDT


-  INDICATES NEGATIVE NUMBERS.
R  INDICATES RECORD WAS SET OR TIED.
MM INDICATES DATA IS MISSING.
T  INDICATES TRACE AMOUNT.




$$
