894
CDUS44 KSHV 202133
CLILFK


CLIMATE REPORT
NATIONAL WEATHER SERVICE SHREVEPORT, LA
431 PM CDT THU JUL 20 2017


...................................

...THE LUFKIN CLIMATE SUMMARY FOR JULY 20 2017...
VALID TODAY AS OF 0400 PM LOCAL TIME.

CLIMATE NORMAL PERIOD 1981 TO 2010
CLIMATE RECORD PERIOD 1906 TO 2017


WEATHER ITEM   OBSERVED TIME   RECORD YEAR NORMAL DEPARTURE LAST
                VALUE   (LST)  VALUE       VALUE  FROM      YEAR
                                                  NORMAL
..................................................................
TEMPERATURE (F)
 TODAY
  MAXIMUM         95    220 PM 103    2000  94      1       96
  MINIMUM         75    551 AM  63    1910  72      3       72
  AVERAGE         85                        83      2       84

PRECIPITATION (IN)
  TODAY            0.00          1.18 1960   0.08  -0.08     0.00
  MONTH TO DATE    1.61                      2.12  -0.51     0.11
  SINCE DEC 1     34.21                     30.76   3.45    35.88
  SINCE JAN 1     29.30                     26.32   2.98    31.83

DEGREE DAYS
 HEATING
  TODAY            0                         0      0        0
  MONTH TO DATE    0                         0      0        0
  SINCE JUN 1      0                         0      0        0
  SINCE JUL 1      0                         0      0        0

 COOLING
  TODAY           20                        18      2       19
  MONTH TO DATE  363                       351     12      397
  SINCE JUN 1    807                       803      4      872
  SINCE JAN 1   1332                      1272     60     1318
..................................................................


WIND (MPH)
  HIGHEST WIND SPEED    10   HIGHEST WIND DIRECTION     W (250)
  HIGHEST GUST SPEED    13   HIGHEST GUST DIRECTION     W (250)
  AVERAGE WIND SPEED     3.0


SKY COVER
  POSSIBLE SUNSHINE  MM
  AVERAGE SKY COVER 0.2


WEATHER CONDITIONS
 THE FOLLOWING WEATHER WAS RECORDED TODAY.
  FOG


RELATIVE HUMIDITY (PERCENT)
 HIGHEST    94           200 AM
 LOWEST     49           200 PM
 AVERAGE    72

..........................................................


THE LUFKIN CLIMATE NORMALS FOR TOMORROW
                         NORMAL    RECORD    YEAR
 MAXIMUM TEMPERATURE (F)   94       104      1934
 MINIMUM TEMPERATURE (F)   72        60      1920


SUNRISE AND SUNSET
JULY 20 2017..........SUNRISE   628 AM CDT   SUNSET   822 PM CDT
JULY 21 2017..........SUNRISE   629 AM CDT   SUNSET   821 PM CDT


-  INDICATES NEGATIVE NUMBERS.
R  INDICATES RECORD WAS SET OR TIED.
MM INDICATES DATA IS MISSING.
T  INDICATES TRACE AMOUNT.




$$
