921
CDUS44 KLCH 282206
CLILFT


CLIMATE REPORT
NATIONAL WEATHER SERVICE LAKE CHARLES, LA
505 PM CDT FRI APR 28 2017


...................................

...THE LAFAYETTE CLIMATE SUMMARY FOR APRIL 28 2017...
VALID TODAY AS OF 0500 PM LOCAL TIME.

CLIMATE NORMAL PERIOD 1981 TO 2010
CLIMATE RECORD PERIOD 1893 TO 2017


WEATHER ITEM   OBSERVED TIME   RECORD YEAR NORMAL DEPARTURE LAST
                VALUE   (LST)  VALUE       VALUE  FROM      YEAR
                                                  NORMAL
..................................................................
TEMPERATURE (F)
 TODAY
  MAXIMUM         87    113 PM  93    1987  82      5       87
                                      1933
  MINIMUM         77   1205 AM  39    1928  62     15       72
  AVERAGE         82                        72     10       80

PRECIPITATION (IN)
  TODAY            T             3.46 1972   0.15  -0.15     0.00
  MONTH TO DATE    4.86                      3.64   1.22     5.70
  SINCE MAR 1      6.64                      7.43  -0.79    11.11
  SINCE JAN 1     10.16                     17.55  -7.39    20.24

SNOWFALL (IN)
  TODAY            0.0           0.0    MM   0.0    0.0      0.0
  MONTH TO DATE    0.0                       0.0    0.0      0.0
  SINCE MAR 1      0.0                       0.0    0.0      0.0
  SINCE JUL 1      0.0                       T      0.0      0.0
  SNOW DEPTH       0

DEGREE DAYS
 HEATING
  TODAY            0                         0      0        0
  MONTH TO DATE    2                        38    -36       10
  SINCE MAR 1     62                       188   -126       71
  SINCE JUL 1    639                      1418   -779      989

 COOLING
  TODAY           17                         7     10       15
  MONTH TO DATE  259                       143    116      164
  SINCE MAR 1    418                       206    212      277
  SINCE JAN 1    602                       238    364      287
..................................................................


WIND (MPH)
  HIGHEST WIND SPEED    22   HIGHEST WIND DIRECTION     S (180)
  HIGHEST GUST SPEED    31   HIGHEST GUST DIRECTION     S (160)
  AVERAGE WIND SPEED    12.5


SKY COVER
  POSSIBLE SUNSHINE  MM
  AVERAGE SKY COVER 1.0


WEATHER CONDITIONS
 THE FOLLOWING WEATHER WAS RECORDED TODAY.
  LIGHT RAIN


RELATIVE HUMIDITY (PERCENT)
 HIGHEST    79           100 AM
 LOWEST     65          1000 AM
 AVERAGE    72

..........................................................


THE LAFAYETTE CLIMATE NORMALS FOR TOMORROW
                         NORMAL    RECORD    YEAR
 MAXIMUM TEMPERATURE (F)   83        92      1955
 MINIMUM TEMPERATURE (F)   62        44      1916


SUNRISE AND SUNSET
APRIL 28 2017.........SUNRISE   627 AM CDT   SUNSET   744 PM CDT
APRIL 29 2017.........SUNRISE   626 AM CDT   SUNSET   745 PM CDT


-  INDICATES NEGATIVE NUMBERS.
R  INDICATES RECORD WAS SET OR TIED.
MM INDICATES DATA IS MISSING.
T  INDICATES TRACE AMOUNT.




$$
