000
CDUS44 KLCH 280816
CLILFT


CLIMATE REPORT
NATIONAL WEATHER SERVICE LAKE CHARLES, LA
215 AM CST FRI NOV 28 2014


...................................

...THE LAFAYETTE CLIMATE SUMMARY FOR NOVEMBER 27 2014...

CLIMATE NORMAL PERIOD 1981 TO 2010
CLIMATE RECORD PERIOD 1893 TO 2014


WEATHER ITEM   OBSERVED TIME   RECORD YEAR NORMAL DEPARTURE LAST
                VALUE   (LST)  VALUE       VALUE  FROM      YEAR
                                                  NORMAL
..................................................................
TEMPERATURE (F)
 YESTERDAY
  MAXIMUM         62    115 PM  83    1989  69     -7       48
                                      1906
  MINIMUM         40   1159 PM  25    1903  48     -8       30
  AVERAGE         51                        58     -7       39

PRECIPITATION (IN)
  YESTERDAY        0.00          3.88 2003   0.15  -0.15     0.00
  MONTH TO DATE    2.65                      3.89  -1.24     1.49
  SINCE SEP 1     10.41                     13.84  -3.43    10.89
  SINCE JAN 1     56.50                     54.46   2.04    53.77

SNOWFALL (IN)
  YESTERDAY        0.0           0.0    MM   0.0    0.0      0.0
  MONTH TO DATE    0.0                       0.0    0.0      0.0
  SINCE SEP 1      0.0                       0.0    0.0      0.0
  SINCE JUL 1      0.0                       0.0    0.0      0.0
  SNOW DEPTH       0

DEGREE DAYS
 HEATING
  YESTERDAY       14                         8      6       26
  MONTH TO DATE  281                       138    143      195
  SINCE SEP 1    286                       174    112      206
  SINCE JUL 1    286                       174    112      206
..................................................................


WIND (MPH)
  HIGHEST WIND SPEED    18   HIGHEST WIND DIRECTION    NE (30)
  HIGHEST GUST SPEED    26   HIGHEST GUST DIRECTION    NE (30)
  AVERAGE WIND SPEED     8.5


SKY COVER
  POSSIBLE SUNSHINE  MM
  AVERAGE SKY COVER 0.0


WEATHER CONDITIONS
 THE FOLLOWING WEATHER WAS RECORDED YESTERDAY.
  NO SIGNIFICANT WEATHER WAS OBSERVED.


RELATIVE HUMIDITY (PERCENT)
 HIGHEST    86           300 AM
 LOWEST     32           200 PM
 AVERAGE    59

..........................................................


THE LAFAYETTE CLIMATE NORMALS FOR TODAY
                         NORMAL    RECORD    YEAR
 MAXIMUM TEMPERATURE (F)   68        88      1914
                                             1913
 MINIMUM TEMPERATURE (F)   48        22      1938


SUNRISE AND SUNSET
NOVEMBER 28 2014......SUNRISE   644 AM CST   SUNSET   508 PM CST
NOVEMBER 29 2014......SUNRISE   645 AM CST   SUNSET   507 PM CST


-  INDICATES NEGATIVE NUMBERS.
R  INDICATES RECORD WAS SET OR TIED.
MM INDICATES DATA IS MISSING.
T  INDICATES TRACE AMOUNT.




$$
