000
CDUS44 KLCH 012240
CLILFT


CLIMATE REPORT
NATIONAL WEATHER SERVICE LAKE CHARLES, LA
540 PM CDT MON JUN 1 2015


...................................

...THE LAFAYETTE CLIMATE SUMMARY FOR JUNE 1 2015...
VALID TODAY AS OF 0500 PM LOCAL TIME.

CLIMATE NORMAL PERIOD 1981 TO 2010
CLIMATE RECORD PERIOD 1893 TO 2015


WEATHER ITEM   OBSERVED TIME   RECORD YEAR NORMAL DEPARTURE LAST
                VALUE   (LST)  VALUE       VALUE  FROM      YEAR
                                                  NORMAL
..................................................................
TEMPERATURE (F)
 TODAY
  MAXIMUM         88    349 PM  98    2011  89     -1       86
  MINIMUM         67    513 AM  54    1984  70     -3       73
                                      1903
  AVERAGE         78                        80     -2       80

PRECIPITATION (IN)
  TODAY            0.00          1.43 1989   0.20  -0.20     0.69
  MONTH TO DATE    0.00                      0.20  -0.20     0.69
  SINCE JUN 1      0.00                      0.20  -0.20     0.69
  SINCE JAN 1     30.60                     22.82   7.78    23.73

DEGREE DAYS
 COOLING
  TODAY           13                        15     -2       15
  MONTH TO DATE   13                        15     -2       15
  SINCE JUN 1     13                        15     -2       15
  SINCE JAN 1    705                       629     76      484
..................................................................


WIND (MPH)
  HIGHEST WIND SPEED    12   HIGHEST WIND DIRECTION     W (270)
  HIGHEST GUST SPEED    16   HIGHEST GUST DIRECTION     W (280)
  AVERAGE WIND SPEED     2.9


SKY COVER
  POSSIBLE SUNSHINE  MM
  AVERAGE SKY COVER 0.3


WEATHER CONDITIONS
 THE FOLLOWING WEATHER WAS RECORDED TODAY.
  FOG


RELATIVE HUMIDITY (PERCENT)
 HIGHEST   100          1200 AM
 LOWEST     39           400 PM
 AVERAGE    70

..........................................................


THE LAFAYETTE CLIMATE NORMALS FOR TOMORROW
                         NORMAL    RECORD    YEAR
 MAXIMUM TEMPERATURE (F)   89       101      2011
 MINIMUM TEMPERATURE (F)   71        54      1903


SUNRISE AND SUNSET
JUNE  1 2015..........SUNRISE   607 AM CDT   SUNSET   805 PM CDT
JUNE  2 2015..........SUNRISE   607 AM CDT   SUNSET   805 PM CDT


-  INDICATES NEGATIVE NUMBERS.
R  INDICATES RECORD WAS SET OR TIED.
MM INDICATES DATA IS MISSING.
T  INDICATES TRACE AMOUNT.




$$
