000
CDUS44 KLCH 201245
CLILFT


CLIMATE REPORT
NATIONAL WEATHER SERVICE LAKE CHARLES, LA
645 AM CST MON FEB 20 2017


...................................

...THE LAFAYETTE CLIMATE SUMMARY FOR FEBRUARY 19 2017...

CLIMATE NORMAL PERIOD 1981 TO 2010
CLIMATE RECORD PERIOD 1893 TO 2017


WEATHER ITEM   OBSERVED TIME   RECORD YEAR NORMAL DEPARTURE LAST
                VALUE   (LST)  VALUE       VALUE  FROM      YEAR
                                                  NORMAL
..................................................................
TEMPERATURE (F)
 YESTERDAY
  MAXIMUM         81    442 PM  83    1956  66     15       75
  MINIMUM         65    146 AM  25    1910  47     18       56
  AVERAGE         73                        57     16       66

PRECIPITATION (IN)
  YESTERDAY       MM             1.73 1991   0.16  MM        0.00
  MONTH TO DATE    0.06                      3.14  -3.08     3.42
  SINCE DEC 1     12.52                     14.39  -1.87    11.95
  SINCE JAN 1      3.43                      8.81  -5.38     8.09

SNOWFALL (IN)
  YESTERDAY        0.0           T    1959   0.0    0.0      0.0
                                      1928
  MONTH TO DATE    0.0                       0.0    0.0      0.0
  SINCE DEC 1      0.0                       0.0    0.0      0.0
  SINCE JUL 1      0.0                       0.0    0.0      0.0
  SNOW DEPTH       0

DEGREE DAYS
 HEATING
  YESTERDAY        0                         9     -9        0
  MONTH TO DATE   59                       203   -144      175
  SINCE DEC 1    483                       960   -477      768
  SINCE JUL 1    569                      1159   -590      856
..................................................................


WIND (MPH)
  HIGHEST WIND SPEED    10   HIGHEST WIND DIRECTION    SE (140)
  HIGHEST GUST SPEED    17   HIGHEST GUST DIRECTION    SE (150)
  AVERAGE WIND SPEED     4.7


SKY COVER
  POSSIBLE SUNSHINE  MM
  AVERAGE SKY COVER 0.8


WEATHER CONDITIONS
 THE FOLLOWING WEATHER WAS RECORDED YESTERDAY.
  FOG


RELATIVE HUMIDITY (PERCENT)
 HIGHEST   100           100 AM
 LOWEST     62           500 PM
 AVERAGE    81

..........................................................


THE LAFAYETTE CLIMATE NORMALS FOR TODAY
                         NORMAL    RECORD    YEAR
 MAXIMUM TEMPERATURE (F)   66        84      1917
                                             1898
 MINIMUM TEMPERATURE (F)   48        27      1908
                                             1895


SUNRISE AND SUNSET
FEBRUARY 20 2017......SUNRISE   643 AM CST   SUNSET   601 PM CST
FEBRUARY 21 2017......SUNRISE   642 AM CST   SUNSET   601 PM CST


-  INDICATES NEGATIVE NUMBERS.
R  INDICATES RECORD WAS SET OR TIED.
MM INDICATES DATA IS MISSING.
T  INDICATES TRACE AMOUNT.




$$
