000
CDUS44 KLCH 061245
CLILFT


CLIMATE REPORT
NATIONAL WEATHER SERVICE LAKE CHARLES, LA
745 AM CDT FRI MAY 6 2016


...................................

...THE LAFAYETTE CLIMATE SUMMARY FOR MAY 5 2016...

CLIMATE NORMAL PERIOD 1981 TO 2010
CLIMATE RECORD PERIOD 1893 TO 2016


WEATHER ITEM   OBSERVED TIME   RECORD YEAR NORMAL DEPARTURE LAST
                VALUE   (LST)  VALUE       VALUE  FROM      YEAR
                                                  NORMAL
..................................................................
TEMPERATURE (F)
 YESTERDAY
  MAXIMUM         81    415 PM  94    1952  84     -3       84
  MINIMUM         61   1115 PM  44    1954  64     -3       65
  AVERAGE         71                        74     -3       75

PRECIPITATION (IN)
  YESTERDAY        0.00          1.61 1969   0.14  -0.14     0.00
  MONTH TO DATE    2.47                      0.71   1.76     0.05
  SINCE MAR 1     15.02                      8.43   6.59    15.09
  SINCE JAN 1     24.15                     18.55   5.60    22.19

DEGREE DAYS
 COOLING
  YESTERDAY        6                         9     -3       10
  MONTH TO DATE   31                        43    -12       41
  SINCE MAR 1    333                       265     68      347
  SINCE JAN 1    343                       297     46      352
..................................................................


WIND (MPH)
  HIGHEST WIND SPEED    18   HIGHEST WIND DIRECTION     N (340)
  HIGHEST GUST SPEED    24   HIGHEST GUST DIRECTION    NW (330)
  AVERAGE WIND SPEED     8.3


SKY COVER
  POSSIBLE SUNSHINE  MM
  AVERAGE SKY COVER 0.0


WEATHER CONDITIONS
 THE FOLLOWING WEATHER WAS RECORDED YESTERDAY.
  HAZE


RELATIVE HUMIDITY (PERCENT)
 HIGHEST    78           300 AM
 LOWEST     28           500 PM
 AVERAGE    53

..........................................................


THE LAFAYETTE CLIMATE NORMALS FOR TODAY
                         NORMAL    RECORD    YEAR
 MAXIMUM TEMPERATURE (F)   84        92      1920
                                             1895
 MINIMUM TEMPERATURE (F)   64        48      2013
                                             1957
                                             1954


SUNRISE AND SUNSET
MAY  6 2016...........SUNRISE   620 AM CDT   SUNSET   749 PM CDT
MAY  7 2016...........SUNRISE   619 AM CDT   SUNSET   750 PM CDT


-  INDICATES NEGATIVE NUMBERS.
R  INDICATES RECORD WAS SET OR TIED.
MM INDICATES DATA IS MISSING.
T  INDICATES TRACE AMOUNT.




$$
