000
CDUS44 KLCH 010815
CLILFT


CLIMATE REPORT
NATIONAL WEATHER SERVICE LAKE CHARLES, LA
313 AM CDT SAT OCT 1 2016


...................................

...THE LAFAYETTE CLIMATE SUMMARY FOR SEPTEMBER 30 2016...

CLIMATE NORMAL PERIOD 1981 TO 2010
CLIMATE RECORD PERIOD 1893 TO 2016


WEATHER ITEM   OBSERVED TIME   RECORD YEAR NORMAL DEPARTURE LAST
                VALUE   (LST)  VALUE       VALUE  FROM      YEAR
                                                  NORMAL
..................................................................
TEMPERATURE (F)
 YESTERDAY
  MAXIMUM         83    336 PM  97    1928  85     -2       91
  MINIMUM         58    625 AM  45    1967  65     -7       72
                                      1920
                                      1916
  AVERAGE         71                        75     -4       82

PRECIPITATION (IN)
  YESTERDAY        0.00          4.10 1898   0.15  -0.15     0.00
  MONTH TO DATE    3.49                      4.72  -1.23     3.31
  SINCE SEP 1      3.49                      4.72  -1.23     3.31
  SINCE JAN 1     68.58                     45.34  23.24    46.42

DEGREE DAYS
 HEATING
  YESTERDAY        0                         0      0        0
  MONTH TO DATE    0                         0      0        0
  SINCE SEP 1      0                         1     -1        0
  SINCE JUL 1      0                         1     -1        0

 COOLING
  YESTERDAY        6                        10     -4       17
  MONTH TO DATE  522                       427     95      453
  SINCE SEP 1    522                       427     95      453
  SINCE JAN 1   2911                      2688    223     2879
..................................................................


WIND (MPH)
  HIGHEST WIND SPEED    10   HIGHEST WIND DIRECTION     N (350)
  HIGHEST GUST SPEED    16   HIGHEST GUST DIRECTION     N (360)
  AVERAGE WIND SPEED     3.6


SKY COVER
  POSSIBLE SUNSHINE  MM
  AVERAGE SKY COVER 0.0


WEATHER CONDITIONS
 THE FOLLOWING WEATHER WAS RECORDED YESTERDAY.
  NO SIGNIFICANT WEATHER WAS OBSERVED.


RELATIVE HUMIDITY (PERCENT)
 HIGHEST    93           600 AM
 LOWEST     37           200 PM
 AVERAGE    65

..........................................................


THE LAFAYETTE CLIMATE NORMALS FOR TODAY
                         NORMAL    RECORD    YEAR
 MAXIMUM TEMPERATURE (F)   85        96      1938
                                             1900
 MINIMUM TEMPERATURE (F)   65        39      1924
                                             1920


SUNRISE AND SUNSET
OCTOBER  1 2016.......SUNRISE   702 AM CDT   SUNSET   653 PM CDT
OCTOBER  2 2016.......SUNRISE   702 AM CDT   SUNSET   651 PM CDT


-  INDICATES NEGATIVE NUMBERS.
R  INDICATES RECORD WAS SET OR TIED.
MM INDICATES DATA IS MISSING.
T  INDICATES TRACE AMOUNT.




$$
