000
CDUS44 KLCH 310845
CLILFT


CLIMATE REPORT
NATIONAL WEATHER SERVICE LAKE CHARLES, LA
345 AM CDT FRI JUL 31 2015


...................................

...THE LAFAYETTE CLIMATE SUMMARY FOR JULY 30 2015...

CLIMATE NORMAL PERIOD 1981 TO 2010
CLIMATE RECORD PERIOD 1893 TO 2015


WEATHER ITEM   OBSERVED TIME   RECORD YEAR NORMAL DEPARTURE LAST
                VALUE   (LST)  VALUE       VALUE  FROM      YEAR
                                                  NORMAL
..................................................................
TEMPERATURE (F)
 YESTERDAY
  MAXIMUM        101R   301 PM  99    1986  93      8       90
                                      1923
                                      1922
  MINIMUM         77   1035 PM  65    1897  75      2       70
  AVERAGE         89                        84      5       80

PRECIPITATION (IN)
  YESTERDAY        0.09          2.22 1972   0.17  -0.08     0.00
  MONTH TO DATE    2.03                      6.13  -4.10     5.98
  SINCE JUN 1      9.64                     13.21  -3.57    14.57
  SINCE JAN 1     40.24                     35.83   4.41    37.61

DEGREE DAYS
 COOLING
  YESTERDAY       24                        19      5       15
  MONTH TO DATE  619                       554     65      511
  SINCE JUN 1   1121                      1052     69     1018
  SINCE JAN 1   1813                      1666    147     1487
..................................................................


WIND (MPH)
  HIGHEST WIND SPEED    23   HIGHEST WIND DIRECTION    NE (60)
  HIGHEST GUST SPEED    30   HIGHEST GUST DIRECTION    NE (40)
  AVERAGE WIND SPEED     5.1


SKY COVER
  POSSIBLE SUNSHINE  MM
  AVERAGE SKY COVER 0.1


WEATHER CONDITIONS
 THE FOLLOWING WEATHER WAS RECORDED YESTERDAY.
  THUNDERSTORM
  LIGHT RAIN


RELATIVE HUMIDITY (PERCENT)
 HIGHEST    91           800 PM
 LOWEST     40           300 PM
 AVERAGE    66

..........................................................


THE LAFAYETTE CLIMATE NORMALS FOR TODAY
                         NORMAL    RECORD    YEAR
 MAXIMUM TEMPERATURE (F)   93       103      1899
 MINIMUM TEMPERATURE (F)   75        67      1936
                                             1914


SUNRISE AND SUNSET
JULY 31 2015..........SUNRISE   626 AM CDT   SUNSET   802 PM CDT
AUGUST  1 2015........SUNRISE   627 AM CDT   SUNSET   802 PM CDT


-  INDICATES NEGATIVE NUMBERS.
R  INDICATES RECORD WAS SET OR TIED.
MM INDICATES DATA IS MISSING.
T  INDICATES TRACE AMOUNT.




$$
