000
CDUS44 KLCH 141245
CLILFT


CLIMATE REPORT
NATIONAL WEATHER SERVICE LAKE CHARLES, LA
645 AM CST SUN FEB 14 2016


...................................

...THE LAFAYETTE CLIMATE SUMMARY FOR FEBRUARY 13 2016...

CLIMATE NORMAL PERIOD 1981 TO 2010
CLIMATE RECORD PERIOD 1893 TO 2016


WEATHER ITEM   OBSERVED TIME   RECORD YEAR NORMAL DEPARTURE LAST
                VALUE   (LST)  VALUE       VALUE  FROM      YEAR
                                                  NORMAL
..................................................................
TEMPERATURE (F)
 YESTERDAY
  MAXIMUM         66    408 PM  81    1938  65      1       59
                                      1923
  MINIMUM         47    708 AM   6    1899  46      1       33
  AVERAGE         57                        55      2       46

PRECIPITATION (IN)
  YESTERDAY        0.00          3.20 1914   0.16  -0.16     0.00
  MONTH TO DATE    2.92                      2.17   0.75     0.73
  SINCE DEC 1     11.45                     13.42  -1.97     8.84
  SINCE JAN 1      7.59                      7.84  -0.25     5.34

SNOWFALL (IN)
  YESTERDAY        0.0           2.2  1960   0.0    0.0      0.0
  MONTH TO DATE    0.0                       0.0    0.0      0.0
  SINCE DEC 1      0.0                       0.0    0.0      0.0
  SINCE JUL 1      0.0                       0.0    0.0      0.0
  SNOW DEPTH       0

DEGREE DAYS
 HEATING
  YESTERDAY        8                        10     -2       19
  MONTH TO DATE  142                       146     -4      163
  SINCE DEC 1    735                       903   -168      894
  SINCE JUL 1    823                      1102   -279     1195
..................................................................


WIND (MPH)
  HIGHEST WIND SPEED    13   HIGHEST WIND DIRECTION     E (70)
  HIGHEST GUST SPEED    18   HIGHEST GUST DIRECTION    NE (60)
  AVERAGE WIND SPEED     5.2


SKY COVER
  POSSIBLE SUNSHINE  MM
  AVERAGE SKY COVER 0.2


WEATHER CONDITIONS
 THE FOLLOWING WEATHER WAS RECORDED YESTERDAY.
  NO SIGNIFICANT WEATHER WAS OBSERVED.


RELATIVE HUMIDITY (PERCENT)
 HIGHEST    77          1000 PM
 LOWEST     34           200 PM
 AVERAGE    56

..........................................................


THE LAFAYETTE CLIMATE NORMALS FOR TODAY
                         NORMAL    RECORD    YEAR
 MAXIMUM TEMPERATURE (F)   65        80      1989
                                             1962
                                             1959
 MINIMUM TEMPERATURE (F)   46        14      1905


SUNRISE AND SUNSET
FEBRUARY 14 2016......SUNRISE   649 AM CST   SUNSET   555 PM CST
FEBRUARY 15 2016......SUNRISE   648 AM CST   SUNSET   556 PM CST


-  INDICATES NEGATIVE NUMBERS.
R  INDICATES RECORD WAS SET OR TIED.
MM INDICATES DATA IS MISSING.
T  INDICATES TRACE AMOUNT.




$$
