000
CDUS44 KLCH 310902
CLILFT


CLIMATE REPORT
NATIONAL WEATHER SERVICE LAKE CHARLES, LA
402 AM CDT MON AUG 31 2015


...................................

...THE LAFAYETTE CLIMATE SUMMARY FOR AUGUST 30 2015...

CLIMATE NORMAL PERIOD 1981 TO 2010
CLIMATE RECORD PERIOD 1893 TO 2015


WEATHER ITEM   OBSERVED TIME   RECORD YEAR NORMAL DEPARTURE LAST
                VALUE   (LST)  VALUE       VALUE  FROM      YEAR
                                                  NORMAL
..................................................................
TEMPERATURE (F)
 YESTERDAY
  MAXIMUM         91   1258 PM 104    2000  92     -1       79
  MINIMUM         68    555 AM  59    1906  74     -6       74
  AVERAGE         80                        83     -3       77

PRECIPITATION (IN)
  YESTERDAY        0.00          1.40 1974   0.15  -0.15     1.19
  MONTH TO DATE    2.87                      4.47  -1.60     8.48
  SINCE JUN 1     12.51                     17.85  -5.34    23.05
  SINCE JAN 1     43.11                     40.47   2.64    46.09

DEGREE DAYS
 COOLING
  YESTERDAY       15                        18     -3       12
  MONTH TO DATE  579                       562     17      537
  SINCE JUN 1   1720                      1632     88     1570
  SINCE JAN 1   2412                      2246    166     2039
..................................................................


WIND (MPH)
  HIGHEST WIND SPEED    10   HIGHEST WIND DIRECTION     S (200)
  HIGHEST GUST SPEED    13   HIGHEST GUST DIRECTION     S (200)
  AVERAGE WIND SPEED     2.1


SKY COVER
  POSSIBLE SUNSHINE  MM
  AVERAGE SKY COVER 0.2


WEATHER CONDITIONS
 THE FOLLOWING WEATHER WAS RECORDED YESTERDAY.
  NO SIGNIFICANT WEATHER WAS OBSERVED.


RELATIVE HUMIDITY (PERCENT)
 HIGHEST    93           200 AM
 LOWEST     52           100 PM
 AVERAGE    73

..........................................................


THE LAFAYETTE CLIMATE NORMALS FOR TODAY
                         NORMAL    RECORD    YEAR
 MAXIMUM TEMPERATURE (F)   92       103      2000
 MINIMUM TEMPERATURE (F)   74        60      1946


SUNRISE AND SUNSET
AUGUST 31 2015........SUNRISE   644 AM CDT   SUNSET   732 PM CDT
SEPTEMBER  1 2015.....SUNRISE   645 AM CDT   SUNSET   731 PM CDT


-  INDICATES NEGATIVE NUMBERS.
R  INDICATES RECORD WAS SET OR TIED.
MM INDICATES DATA IS MISSING.
T  INDICATES TRACE AMOUNT.




$$
