000
CDUS41 KOKX 270618
CLILGA


CLIMATE REPORT
NATIONAL WEATHER SERVICE NEW YORK NY
217 AM EDT FRI MAR 27 2015


...................................

...THE LAGUARDIA NY CLIMATE SUMMARY FOR MARCH 26 2015...

CLIMATE NORMAL PERIOD 1981 TO 2010
CLIMATE RECORD PERIOD 1945 TO 2015


WEATHER ITEM   OBSERVED TIME   RECORD YEAR NORMAL DEPARTURE LAST
                VALUE   (LST)  VALUE       VALUE  FROM      YEAR
                                                  NORMAL
..................................................................
TEMPERATURE (F)
 YESTERDAY
  MAXIMUM         57    805 PM  72    1943  53      4       35
  MINIMUM         38    309 AM  20    1960  38      0       25
  AVERAGE         48                        45      3       30

PRECIPITATION (IN)
  YESTERDAY        0.24          1.26 1973   0.14   0.10      T
  MONTH TO DATE    4.12                      3.29   0.83     1.35
  SINCE MAR 1      4.12                      3.29   0.83     1.35
  SINCE JAN 1     11.20                      9.22   1.98     8.64

SNOWFALL (IN)
  YESTERDAY        0.0           2.4  2001   0.0    0.0       T
  MONTH TO DATE   17.3                       4.0   13.3      0.4
  SINCE OCT 1     53.8                      26.0   27.8     52.1
  SINCE JUL 1     53.8                      26.0   27.8     52.1
  SNOW DEPTH       0

DEGREE DAYS
 HEATING
  YESTERDAY       17                        20     -3       35
  MONTH TO DATE  710                       613     97      751
  SINCE MAR 1    710                       613     97      751
  SINCE JUL 1   4432                      4042    390     4408

 COOLING
  YESTERDAY        0                         0      0        0
  MONTH TO DATE    0                         0      0        0
  SINCE MAR 1      0                         0      0        0
  SINCE JAN 1      0                         0      0        0
..................................................................


WIND (MPH)
  HIGHEST WIND SPEED    18   HIGHEST WIND DIRECTION     N (350)
  HIGHEST GUST SPEED    22   HIGHEST GUST DIRECTION     N (360)
  AVERAGE WIND SPEED     6.7


SKY COVER
  AVERAGE SKY COVER 1.0


WEATHER CONDITIONS
 THE FOLLOWING WEATHER WAS RECORDED YESTERDAY.
  RAIN
  LIGHT RAIN
  FOG
  HAZE


RELATIVE HUMIDITY (PERCENT)
 HIGHEST    93          1200 PM
 LOWEST     86           300 PM
 AVERAGE    90

..........................................................


THE LAGUARDIA NY CLIMATE NORMALS FOR TODAY
                         NORMAL    RECORD    YEAR
 MAXIMUM TEMPERATURE (F)   54        83      1998
 MINIMUM TEMPERATURE (F)   38        23      2014


SUNRISE AND SUNSET
MARCH 27 2015.........SUNRISE   648 AM EDT   SUNSET   715 PM EDT
MARCH 28 2015.........SUNRISE   646 AM EDT   SUNSET   716 PM EDT


-  INDICATES NEGATIVE NUMBERS.
R  INDICATES RECORD WAS SET OR TIED.
MM INDICATES DATA IS MISSING.
T  INDICATES TRACE AMOUNT.




$$
