000
CDUS41 KOKX 062109
CLILGA


CLIMATE REPORT
NATIONAL WEATHER SERVICE NEW YORK NY
508 PM EDT MON JUL 6 2015


...................................

...THE LAGUARDIA NY CLIMATE SUMMARY FOR JULY 6 2015...
VALID TODAY AS OF 0500 PM LOCAL TIME.

CLIMATE NORMAL PERIOD 1981 TO 2010
CLIMATE RECORD PERIOD 1945 TO 2015


WEATHER ITEM   OBSERVED TIME   RECORD YEAR NORMAL DEPARTURE LAST
                VALUE   (LST)  VALUE       VALUE  FROM      YEAR
                                                  NORMAL
..................................................................
TEMPERATURE (F)
 TODAY
  MAXIMUM         83   1203 PM 103    2010  85     -2       87
  MINIMUM         71    631 AM  56    1979  69      2       69
                                      1972
  AVERAGE         77                        77      0       78

PRECIPITATION (IN)
  TODAY            0.00          2.15 1975   0.13  -0.13     0.00
  MONTH TO DATE    0.35                      0.75  -0.40     1.52
  SINCE JUN 1      5.15                      4.69   0.46     5.21
  SINCE JAN 1     20.20                     22.38  -2.18    29.09

SNOWFALL (IN)
  TODAY            0.0          MM      MM   0.0    0.0      0.0
  MONTH TO DATE    0.0                       0.0    0.0      0.0
  SINCE OCT 1     53.8                      26.9   26.9     52.4
  SINCE JUL 1      0.0                       0.0    0.0      0.0
  SNOW DEPTH       0

DEGREE DAYS
 HEATING
  TODAY            0                         0      0        0
  MONTH TO DATE    0                         0      0        0
  SINCE JUN 1     34                        16     18        0
  SINCE JUL 1      0                         0      0        0

 COOLING
  TODAY           12                        12      0       13
  MONTH TO DATE   65                        69     -4       75
  SINCE JUN 1    293                       300     -7      307
  SINCE JAN 1    415                       366     49      357
..................................................................


WIND (MPH)
  HIGHEST WIND SPEED    16   HIGHEST WIND DIRECTION     S (170)
  HIGHEST GUST SPEED    21   HIGHEST GUST DIRECTION     S (180)
  AVERAGE WIND SPEED     6.7


SKY COVER
  AVERAGE SKY COVER 0.8


WEATHER CONDITIONS
 THE FOLLOWING WEATHER WAS RECORDED TODAY.
  NO SIGNIFICANT WEATHER WAS OBSERVED.


RELATIVE HUMIDITY (PERCENT)
 HIGHEST    84           700 AM
 LOWEST     47          1200 PM
 AVERAGE    66

..........................................................


THE LAGUARDIA NY CLIMATE NORMALS FOR TOMORROW
                         NORMAL    RECORD    YEAR
 MAXIMUM TEMPERATURE (F)   85       101      2010
 MINIMUM TEMPERATURE (F)   69        59      1972
                                             1969
                                             1948


SUNRISE AND SUNSET
JULY  6 2015..........SUNRISE   531 AM EDT   SUNSET   830 PM EDT
JULY  7 2015..........SUNRISE   531 AM EDT   SUNSET   829 PM EDT


-  INDICATES NEGATIVE NUMBERS.
R  INDICATES RECORD WAS SET OR TIED.
MM INDICATES DATA IS MISSING.
T  INDICATES TRACE AMOUNT.




$$
