000
CDUS41 KOKX 250623
CLILGA


CLIMATE REPORT
NATIONAL WEATHER SERVICE NEW YORK NY
223 AM EDT SAT OCT 25 2014


...................................

...THE LAGUARDIA NY CLIMATE SUMMARY FOR OCTOBER 24 2014...

CLIMATE NORMAL PERIOD 1981 TO 2010
CLIMATE RECORD PERIOD 1945 TO 2014


WEATHER ITEM   OBSERVED TIME   RECORD YEAR NORMAL DEPARTURE LAST
                VALUE   (LST)  VALUE       VALUE  FROM      YEAR
                                                  NORMAL
..................................................................
TEMPERATURE (F)
 YESTERDAY
  MAXIMUM         62    310 PM  80    2001  62      0       54
  MINIMUM         51    616 AM  30    1969  48      3       43
  AVERAGE         57                        55      2       49

PRECIPITATION (IN)
  YESTERDAY        T             1.43 1959   0.12  -0.12     0.00
  MONTH TO DATE    3.85                      2.97   0.88     0.38
  SINCE SEP 1      5.09                      6.70  -1.61     3.67
  SINCE JAN 1     40.15                     36.95   3.20    31.01

SNOWFALL (IN)
  YESTERDAY        0.0          MM      MM   0.0    0.0      0.0
  MONTH TO DATE    0.0                       0.0    0.0      0.0
  SINCE OCT 1      0.0                       0.0    0.0      0.0
  SINCE JUL 1      0.0                       0.0    0.0      0.0
  SNOW DEPTH       0

DEGREE DAYS
 HEATING
  YESTERDAY        8                        10     -2       16
  MONTH TO DATE  114                       160    -46       86
  SINCE SEP 1    127                       194    -67      117
  SINCE JUL 1    127                       195    -68      117

 COOLING
  YESTERDAY        0                         0      0        0
  MONTH TO DATE   24                        20      4       51
  SINCE SEP 1    205                       177     28      183
  SINCE JAN 1   1192                      1210    -18     1402
..................................................................


WIND (MPH)
  HIGHEST WIND SPEED    21   HIGHEST WIND DIRECTION    NW (330)
  HIGHEST GUST SPEED    26   HIGHEST GUST DIRECTION    NW (320)
  AVERAGE WIND SPEED    11.3


SKY COVER
  AVERAGE SKY COVER 0.8


WEATHER CONDITIONS
 THE FOLLOWING WEATHER WAS RECORDED YESTERDAY.
  NO SIGNIFICANT WEATHER WAS OBSERVED.


RELATIVE HUMIDITY (PERCENT)
 HIGHEST    77          1200 AM
 LOWEST     51          1000 PM
 AVERAGE    64

..........................................................


THE LAGUARDIA NY CLIMATE NORMALS FOR TODAY
                         NORMAL    RECORD    YEAR
 MAXIMUM TEMPERATURE (F)   62        78      2001
 MINIMUM TEMPERATURE (F)   48        37      1962


SUNRISE AND SUNSET
OCTOBER 25 2014.......SUNRISE   718 AM EDT   SUNSET   601 PM EDT
OCTOBER 26 2014.......SUNRISE   719 AM EDT   SUNSET   600 PM EDT


-  INDICATES NEGATIVE NUMBERS.
R  INDICATES RECORD WAS SET OR TIED.
MM INDICATES DATA IS MISSING.
T  INDICATES TRACE AMOUNT.




$$
