000
CDUS41 KOKX 032034
CLILGA


CLIMATE REPORT
NATIONAL WEATHER SERVICE NEW YORK NY
434 PM EDT MON AUG 3 2015


...................................

...THE LAGUARDIA NY CLIMATE SUMMARY FOR AUGUST 3 2015...
VALID TODAY AS OF 0400 PM LOCAL TIME.

CLIMATE NORMAL PERIOD 1981 TO 2010
CLIMATE RECORD PERIOD 1945 TO 2015


WEATHER ITEM   OBSERVED TIME   RECORD YEAR NORMAL DEPARTURE LAST
                VALUE   (LST)  VALUE       VALUE  FROM      YEAR
                                                  NORMAL
..................................................................
TEMPERATURE (F)
 TODAY
  MAXIMUM         92    219 PM 100    2006  85      7       76
  MINIMUM         76    533 AM  59    1953  70      6       66
                                      1940
  AVERAGE         84                        78      6       71

PRECIPITATION (IN)
  TODAY            0.00          2.80 1946   0.16  -0.16     0.07
  MONTH TO DATE    0.00                      0.46  -0.46     0.47
  SINCE JUN 1      8.34                      8.90  -0.56     8.15
  SINCE JAN 1     23.39                     26.59  -3.20    32.03

SNOWFALL (IN)
  TODAY            0.0          MM      MM   0.0    0.0      0.0
  MONTH TO DATE    0.0                       0.0    0.0      0.0
  SINCE OCT 1     53.8                      26.9   26.9     52.4
  SINCE JUL 1      0.0                       0.0    0.0      0.0
  SNOW DEPTH       0

DEGREE DAYS
 HEATING
  TODAY            0                         0      0        0
  MONTH TO DATE    0                         0      0        0
  SINCE JUN 1     34                        16     18        0
  SINCE JUL 1      0                         0      0        0

 COOLING
  TODAY           19                        13      6        6
  MONTH TO DATE   54                        39     15       25
  SINCE JUN 1    729                       655     74      639
  SINCE JAN 1    851                       721    130      689
..................................................................


WIND (MPH)
  HIGHEST WIND SPEED    22   HIGHEST WIND DIRECTION     S (180)
  HIGHEST GUST SPEED    26   HIGHEST GUST DIRECTION     S (200)
  AVERAGE WIND SPEED    10.9


SKY COVER
  AVERAGE SKY COVER 0.3


WEATHER CONDITIONS
 THE FOLLOWING WEATHER WAS RECORDED TODAY.
  NO SIGNIFICANT WEATHER WAS OBSERVED.


RELATIVE HUMIDITY (PERCENT)
 HIGHEST    60           500 AM
 LOWEST     34           200 PM
 AVERAGE    47

..........................................................


THE LAGUARDIA NY CLIMATE NORMALS FOR TOMORROW
                         NORMAL    RECORD    YEAR
 MAXIMUM TEMPERATURE (F)   85        99      1944
 MINIMUM TEMPERATURE (F)   70        62      1964


SUNRISE AND SUNSET
AUGUST  3 2015........SUNRISE   554 AM EDT   SUNSET   809 PM EDT
AUGUST  4 2015........SUNRISE   555 AM EDT   SUNSET   808 PM EDT


-  INDICATES NEGATIVE NUMBERS.
R  INDICATES RECORD WAS SET OR TIED.
MM INDICATES DATA IS MISSING.
T  INDICATES TRACE AMOUNT.




$$
