000
CDUS46 KLOX 180114
CLILGB


CLIMATE REPORT
NATIONAL WEATHER SERVICE LOS ANGELES/OXNARD CA
514 PM PST WED DEC 17 2014


...................................

...THE LONG BEACH AIRPORT CA CLIMATE SUMMARY FOR DECEMBER 17 2014...
VALID TODAY AS OF 0500 PM LOCAL TIME.

CLIMATE NORMAL PERIOD 1981 TO 2010
CLIMATE RECORD PERIOD 1958 TO 2014


WEATHER ITEM   OBSERVED TIME   RECORD YEAR NORMAL DEPARTURE LAST
                VALUE   (LST)  VALUE       VALUE  FROM      YEAR
                                                  NORMAL
..................................................................
TEMPERATURE (F)
 TODAY
  MAXIMUM         65    153 PM  85    1998  66     -1       76
  MINIMUM         51    727 AM  38    1984  46      5       50
  AVERAGE         58                        56      2       63

PRECIPITATION (IN)
  TODAY            0.53          0.98 2010   0.06   0.47     0.00
  MONTH TO DATE    4.37                      0.94   3.43     0.10
  SINCE JUL 1      5.41                      2.81   2.60     1.07
  SINCE JAN 1      8.60                     11.25  -2.65     3.94

SNOWFALL (IN)
  TODAY            0.0
  MONTH TO DATE    0.0
  SINCE DEC 1      0.0
  SINCE JUL 1      0.0

DEGREE DAYS
 HEATING
  TODAY            7                         9     -2        2
  MONTH TO DATE   62                       144    -82      139
  SINCE DEC 1     62                       144    -82      139
  SINCE JUL 1     98                       293   -195      234

 COOLING
  TODAY            0                         0      0        0
  MONTH TO DATE    3                         0      3        8
  SINCE DEC 1      3                         0      3        8
  SINCE JAN 1   1705                      1125    580     1235
..................................................................


WIND (MPH)
  HIGHEST WIND SPEED    28   HIGHEST WIND DIRECTION     W (270)
  HIGHEST GUST SPEED    33   HIGHEST GUST DIRECTION     W (280)
  AVERAGE WIND SPEED     4.4


SKY COVER
  POSSIBLE SUNSHINE  MM
  AVERAGE SKY COVER 0.6


WEATHER CONDITIONS
 THE FOLLOWING WEATHER WAS RECORDED TODAY.
  HEAVY RAIN
  RAIN
  FOG


RELATIVE HUMIDITY (PERCENT)
 HIGHEST    96           600 AM
 LOWEST     52           200 PM
 AVERAGE    74

..........................................................


THE LONG BEACH AIRPORT CA CLIMATE NORMALS FOR TOMORROW
                         NORMAL    RECORD    YEAR
 MAXIMUM TEMPERATURE (F)   66        85      1985
 MINIMUM TEMPERATURE (F)   45        37      1975


SUNRISE AND SUNSET
DECEMBER 17 2014......SUNRISE   651 AM PST   SUNSET   446 PM PST
DECEMBER 18 2014......SUNRISE   652 AM PST   SUNSET   447 PM PST


-  INDICATES NEGATIVE NUMBERS.
R  INDICATES RECORD WAS SET OR TIED.
MM INDICATES DATA IS MISSING.
T  INDICATES TRACE AMOUNT.




$$
