000
CDUS46 KLOX 200112
CLILGB


CLIMATE REPORT
NATIONAL WEATHER SERVICE LOS ANGELES/OXNARD CA
512 PM PST FRI JAN 19 2018


...................................

...THE LONG BEACH AIRPORT CA CLIMATE SUMMARY FOR JANUARY 19 2018...
VALID TODAY AS OF 0500 PM LOCAL TIME.

CLIMATE NORMAL PERIOD 1981 TO 2010
CLIMATE RECORD PERIOD 1958 TO 2018


WEATHER ITEM   OBSERVED TIME   RECORD YEAR NORMAL DEPARTURE LAST
                VALUE   (LST)  VALUE       VALUE  FROM      YEAR
                                                  NORMAL
..................................................................
TEMPERATURE (F)
 TODAY
  MAXIMUM         65   1213 PM  88    1975  68     -3       62
  MINIMUM         59    806 AM  35    1967  46     13       53
  AVERAGE         62                        57      5       58

PRECIPITATION (IN)
  TODAY            0.00          1.43 2010   0.08  -0.08     0.78
  MONTH TO DATE    1.48                      1.64  -0.16     4.02
  SINCE OCT 1      1.55                      5.22  -3.67     9.22
  SINCE JAN 1      1.48                      1.64  -0.16     4.02

SNOWFALL (IN)
  TODAY            0.0
  MONTH TO DATE    0.0
  SINCE DEC 1      0.0
  SINCE JUL 1      0.0

DEGREE DAYS
 HEATING
  TODAY            3                         8     -5        7
  MONTH TO DATE   45                       160   -115      161
  SINCE DEC 1    184                       431   -247      389
  SINCE JUL 1    208                       580   -372      469

 COOLING
  TODAY            0                         0      0        0
  MONTH TO DATE   13                         0     13        0
  SINCE DEC 1     29                         1     28        1
  SINCE JAN 1     13                         0     13        0
..................................................................


WIND (MPH)
  HIGHEST WIND SPEED    14   HIGHEST WIND DIRECTION     W (290)
  HIGHEST GUST SPEED    17   HIGHEST GUST DIRECTION     W (280)
  AVERAGE WIND SPEED     4.1


SKY COVER
  POSSIBLE SUNSHINE  MM
  AVERAGE SKY COVER 1.0


WEATHER CONDITIONS
 THE FOLLOWING WEATHER WAS RECORDED TODAY.
  FOG
  HAZE


RELATIVE HUMIDITY (PERCENT)
 HIGHEST    93           600 AM
 LOWEST     63           100 PM
 AVERAGE    78

..........................................................


THE LONG BEACH AIRPORT CA CLIMATE NORMALS FOR TOMORROW
                         NORMAL    RECORD    YEAR
 MAXIMUM TEMPERATURE (F)   68        85      1976
 MINIMUM TEMPERATURE (F)   46        35      1973


SUNRISE AND SUNSET
JANUARY 19 2018.......SUNRISE   656 AM PST   SUNSET   511 PM PST
JANUARY 20 2018.......SUNRISE   656 AM PST   SUNSET   512 PM PST


-  INDICATES NEGATIVE NUMBERS.
R  INDICATES RECORD WAS SET OR TIED.
MM INDICATES DATA IS MISSING.
T  INDICATES TRACE AMOUNT.




$$
