850
CDUS46 KLOX 290907
CLILGB


CLIMATE REPORT
NATIONAL WEATHER SERVICE LOS ANGELES/OXNARD CA
207 AM PDT SAT APR 29 2017


...................................

...THE LONG BEACH AIRPORT CA CLIMATE SUMMARY FOR APRIL 28 2017...

CLIMATE NORMAL PERIOD 1981 TO 2010
CLIMATE RECORD PERIOD 1958 TO 2017


WEATHER ITEM   OBSERVED TIME   RECORD YEAR NORMAL DEPARTURE LAST
                VALUE   (LST)  VALUE       VALUE  FROM      YEAR
                                                  NORMAL
..................................................................
TEMPERATURE (F)
 YESTERDAY
  MAXIMUM         83    102 PM  96    1981  73     10       69
  MINIMUM         60    551 AM  45    1984  55      5       53
                                      1970
  AVERAGE         72                        64      8       61

PRECIPITATION (IN)
  YESTERDAY        0.00          1.12 2005   0.02  -0.02     0.00
  MONTH TO DATE    0.18                      0.58  -0.40     0.08
  SINCE OCT 1     19.58                     11.72   7.86     4.90
  SINCE JAN 1     14.38                      8.14   6.24     3.90

SNOWFALL (IN)
  YESTERDAY        0.0
  MONTH TO DATE    0.0
  SINCE MAR 1      0.0
  SINCE JUL 1      0.0

DEGREE DAYS
 HEATING
  YESTERDAY        0                         2     -2        4
  MONTH TO DATE   29                       102    -73       29
  SINCE MAR 1     99                       281   -182      129
  SINCE JUL 1    877                      1172   -295      772

 COOLING
  YESTERDAY        7                         1      6        0
  MONTH TO DATE   48                        28     20       62
  SINCE MAR 1     74                        38     36       69
  SINCE JAN 1     75                        46     29      116
..................................................................


WIND (MPH)
  HIGHEST WIND SPEED    28   HIGHEST WIND DIRECTION     W (280)
  HIGHEST GUST SPEED    35   HIGHEST GUST DIRECTION    NW (320)
  AVERAGE WIND SPEED    11.2


SKY COVER
  POSSIBLE SUNSHINE  MM
  AVERAGE SKY COVER 0.0


WEATHER CONDITIONS
 THE FOLLOWING WEATHER WAS RECORDED YESTERDAY.
  FOG
  HAZE


RELATIVE HUMIDITY (PERCENT)
 HIGHEST    84           600 AM
 LOWEST     10           700 PM
 AVERAGE    47

..........................................................


THE LONG BEACH AIRPORT CA CLIMATE NORMALS FOR TODAY
                         NORMAL    RECORD    YEAR
 MAXIMUM TEMPERATURE (F)   73        98      1996
 MINIMUM TEMPERATURE (F)   55        42      1970


SUNRISE AND SUNSET
APRIL 29 2017.........SUNRISE   605 AM PDT   SUNSET   735 PM PDT
APRIL 30 2017.........SUNRISE   604 AM PDT   SUNSET   736 PM PDT


-  INDICATES NEGATIVE NUMBERS.
R  INDICATES RECORD WAS SET OR TIED.
MM INDICATES DATA IS MISSING.
T  INDICATES TRACE AMOUNT.




$$
