000
CDUS46 KLOX 260915
CLILGB


CLIMATE REPORT
NATIONAL WEATHER SERVICE LOS ANGELES/OXNARD CA
115 AM PST SUN FEB 26 2017


...................................

...THE LONG BEACH AIRPORT CA CLIMATE SUMMARY FOR FEBRUARY 25 2017...

CLIMATE NORMAL PERIOD 1981 TO 2010
CLIMATE RECORD PERIOD 1958 TO 2017


WEATHER ITEM   OBSERVED TIME   RECORD YEAR NORMAL DEPARTURE LAST
                VALUE   (LST)  VALUE       VALUE  FROM      YEAR
                                                  NORMAL
..................................................................
TEMPERATURE (F)
 YESTERDAY
  MAXIMUM         61    117 PM  89    1992  67     -6       80
  MINIMUM         41    549 AM  37    1977  49     -8       50
                                      1962
  AVERAGE         51                        58     -7       65

PRECIPITATION (IN)
  YESTERDAY        0.00          1.93 2001   0.12  -0.12     0.00
  MONTH TO DATE    4.66                      2.78   1.88     0.61
  SINCE OCT 1     19.19                      8.96  10.23     3.90
  SINCE JAN 1     13.99                      5.38   8.61     2.90

SNOWFALL (IN)
  YESTERDAY        0.0
  MONTH TO DATE    0.0
  SINCE DEC 1      0.0
  SINCE JUL 1      0.0

DEGREE DAYS
 HEATING
  YESTERDAY       14                         7      7        0
  MONTH TO DATE  156                       192    -36       80
  SINCE DEC 1    664                       722    -58      546
  SINCE JUL 1    744                       871   -127      638

 COOLING
  YESTERDAY        0                         0      0        0
  MONTH TO DATE    1                         0      1       47
  SINCE DEC 1      2                         4     -2       53
  SINCE JAN 1      1                         3     -2       47
..................................................................


WIND (MPH)
  HIGHEST WIND SPEED    13   HIGHEST WIND DIRECTION     W (290)
  HIGHEST GUST SPEED    17   HIGHEST GUST DIRECTION    SW (210)
  AVERAGE WIND SPEED     4.2


SKY COVER
  POSSIBLE SUNSHINE  MM
  AVERAGE SKY COVER 0.2


WEATHER CONDITIONS
 THE FOLLOWING WEATHER WAS RECORDED YESTERDAY.
  NO SIGNIFICANT WEATHER WAS OBSERVED.


RELATIVE HUMIDITY (PERCENT)
 HIGHEST    82          1200 AM
 LOWEST     47          1000 AM
 AVERAGE    65

..........................................................


THE LONG BEACH AIRPORT CA CLIMATE NORMALS FOR TODAY
                         NORMAL    RECORD    YEAR
 MAXIMUM TEMPERATURE (F)   67        87      2002
 MINIMUM TEMPERATURE (F)   49        36      1987


SUNRISE AND SUNSET
FEBRUARY 26 2017......SUNRISE   624 AM PST   SUNSET   547 PM PST
FEBRUARY 27 2017......SUNRISE   623 AM PST   SUNSET   548 PM PST


-  INDICATES NEGATIVE NUMBERS.
R  INDICATES RECORD WAS SET OR TIED.
MM INDICATES DATA IS MISSING.
T  INDICATES TRACE AMOUNT.




$$
