720
CDHW41 PHFO 221522
CLILIH


CLIMATE REPORT
NATIONAL WEATHER SERVICE HONOLULU HI
521 AM HST FRI MAY 22 2015


...................................

...THE LIHUE HI CLIMATE SUMMARY FOR MAY 20 2015...

CLIMATE NORMAL PERIOD 1981 TO 2010
CLIMATE RECORD PERIOD 1946 TO 2015


WEATHER ITEM   OBSERVED TIME   RECORD YEAR NORMAL DEPARTURE LAST
                VALUE   (LST)  VALUE       VALUE  FROM      YEAR
                                                  NORMAL
..................................................................
TEMPERATURE (F)
 YESTERDAY
  MAXIMUM         84    400 PM  86    2004  82      2       84
  MINIMUM         74    636 AM  60    2013  71      3       70
  AVERAGE         79                        76      3       77

PRECIPITATION (IN)
  YESTERDAY        0.00          0.87 1967   0.06  -0.06     0.00
  MONTH TO DATE    0.31                      1.48  -1.17     0.47
  SINCE MAR 1      3.43                      8.34  -4.91     3.05
  SINCE JAN 1      5.34                     15.25  -9.91    13.45

SNOWFALL (IN)
  YESTERDAY        0.0
  MONTH TO DATE    0.0
  SINCE MAR 1      0.0
  SINCE JUL 1      0.0
  SNOW DEPTH       0

DEGREE DAYS
 HEATING
  YESTERDAY        0                         0      0        0
  MONTH TO DATE    0                         0      0        0
  SINCE MAR 1      0                         0      0        0
  SINCE JUL 1      0                         0      0        0

 COOLING
  YESTERDAY       14                        11      3       12
  MONTH TO DATE  259                       207     52      214
  SINCE MAR 1    864                       716    148      714
  SINCE JAN 1   1320                      1111    209     1090
..................................................................


WIND (MPH)
  HIGHEST WIND SPEED    15   HIGHEST WIND DIRECTION     E (80)
  HIGHEST GUST SPEED    18   HIGHEST GUST DIRECTION     E (80)
  AVERAGE WIND SPEED    11.3


SKY COVER
  POSSIBLE SUNSHINE  MM
  AVERAGE SKY COVER 0.5


WEATHER CONDITIONS
 THE FOLLOWING WEATHER WAS RECORDED YESTERDAY.
  NO SIGNIFICANT WEATHER WAS OBSERVED.


RELATIVE HUMIDITY (PERCENT)
 HIGHEST    73           200 AM
 LOWEST     55           100 PM
 AVERAGE    64

..........................................................


THE LIHUE HI CLIMATE NORMALS FOR TODAY
                         NORMAL    RECORD    YEAR
 MAXIMUM TEMPERATURE (F)   82        86      2004
 MINIMUM TEMPERATURE (F)   71        61      2009
                                             1985


SUNRISE AND SUNSET
MAY 21 2015...........SUNRISE   556 AM HST   SUNSET   712 PM HST
MAY 22 2015...........SUNRISE   556 AM HST   SUNSET   713 PM HST


-  INDICATES NEGATIVE NUMBERS.
R  INDICATES RECORD WAS SET OR TIED.
MM INDICATES DATA IS MISSING.
T  INDICATES TRACE AMOUNT.




$$
