789
CDHW41 PHFO 141245
CLILIH


CLIMATE REPORT
NATIONAL WEATHER SERVICE HONOLULU HI
245 AM HST SUN FEB 14 2016


...................................

...THE LIHUE HI CLIMATE SUMMARY FOR FEBRUARY 13 2016...

CLIMATE NORMAL PERIOD 1981 TO 2010
CLIMATE RECORD PERIOD 1946 TO 2016


WEATHER ITEM   OBSERVED TIME   RECORD YEAR NORMAL DEPARTURE LAST
                VALUE   (LST)  VALUE       VALUE  FROM      YEAR
                                                  NORMAL
..................................................................
TEMPERATURE (F)
 YESTERDAY
  MAXIMUM         82    149 PM  85    1981  78      4       82
  MINIMUM         66    153 AM  55    1986  65      1       71
  AVERAGE         74                        72      2       77

PRECIPITATION (IN)
  YESTERDAY        0.00          2.40 1992   0.11  -0.11     0.17
  MONTH TO DATE    0.01                      1.43  -1.42     0.48
  SINCE DEC 1      1.75                     10.38  -8.63     3.04
  SINCE JAN 1      0.33                      5.18  -4.85     1.64

SNOWFALL (IN)
  YESTERDAY        0.0
  MONTH TO DATE    0.0
  SINCE DEC 1      0.0
  SINCE JUL 1      0.0
  SNOW DEPTH       0

DEGREE DAYS
 HEATING
  YESTERDAY        0                         0      0        0
  MONTH TO DATE    0                         0      0        0
  SINCE DEC 1      0                         0      0        0
  SINCE JUL 1      0                         0      0        0

 COOLING
  YESTERDAY        9                         7      2       12
  MONTH TO DATE   93                        91      2      113
  SINCE DEC 1    691                       554    137      537
  SINCE JAN 1    335                       300     35      321
..................................................................


WIND (MPH)
  HIGHEST WIND SPEED    14   HIGHEST WIND DIRECTION     E (80)
  HIGHEST GUST SPEED    17   HIGHEST GUST DIRECTION     E (70)
  AVERAGE WIND SPEED     7.3


SKY COVER
  POSSIBLE SUNSHINE  MM
  AVERAGE SKY COVER 0.3


WEATHER CONDITIONS
 THE FOLLOWING WEATHER WAS RECORDED YESTERDAY.
  NO SIGNIFICANT WEATHER WAS OBSERVED.


RELATIVE HUMIDITY (PERCENT)
 HIGHEST    93           500 AM
 LOWEST     63           100 PM
 AVERAGE    78

..........................................................


THE LIHUE HI CLIMATE NORMALS FOR TODAY
                         NORMAL    RECORD    YEAR
 MAXIMUM TEMPERATURE (F)   78        85      1981
 MINIMUM TEMPERATURE (F)   65        56      1993


SUNRISE AND SUNSET
FEBRUARY 14 2016......SUNRISE   709 AM HST   SUNSET   634 PM HST
FEBRUARY 15 2016......SUNRISE   709 AM HST   SUNSET   635 PM HST


-  INDICATES NEGATIVE NUMBERS.
R  INDICATES RECORD WAS SET OR TIED.
MM INDICATES DATA IS MISSING.
T  INDICATES TRACE AMOUNT.




$$
