000
CDHW41 PHFO 040229
CLILIH


CLIMATE REPORT
NATIONAL WEATHER SERVICE HONOLULU HI
429 PM HST MON AUG 3 2015


...................................

...THE LIHUE HI CLIMATE SUMMARY FOR AUGUST 3 2015...
VALID TODAY AS OF 0400 PM LOCAL TIME.

CLIMATE NORMAL PERIOD 1981 TO 2010
CLIMATE RECORD PERIOD 1946 TO 2015


WEATHER ITEM   OBSERVED TIME   RECORD YEAR NORMAL DEPARTURE LAST
                VALUE   (LST)  VALUE       VALUE  FROM      YEAR
                                                  NORMAL
..................................................................
TEMPERATURE (F)
 TODAY
  MAXIMUM         87    223 PM  88    1981  85      2       86
  MINIMUM         76    255 AM  67    1955  75      1       78
  AVERAGE         82                        80      2       82

PRECIPITATION (IN)
  TODAY            0.03          0.83 1955   0.08  -0.05      T
  MONTH TO DATE    0.05                      0.22  -0.17     0.01
  SINCE JUN 1      1.79                      3.70  -1.91     4.59
  SINCE JAN 1      7.68                     19.54 -11.86    20.38

SNOWFALL (IN)
  TODAY            0.0
  MONTH TO DATE    0.0
  SINCE JUN 1      0.0
  SINCE JUL 1      0.0
  SNOW DEPTH       0

DEGREE DAYS
 HEATING
  TODAY            0                         0      0        0
  MONTH TO DATE    0                         0      0        0
  SINCE JUN 1      0                         0      0        0
  SINCE JUL 1      0                         0      0        0

 COOLING
  TODAY           17                        15      2       17
  MONTH TO DATE   52                        44      8       50
  SINCE JUN 1    940                       877     63      893
  SINCE JAN 1   2363                      2116    247     2114
..................................................................


WIND (MPH)
  HIGHEST WIND SPEED    22   HIGHEST WIND DIRECTION    NE (40)
  HIGHEST GUST SPEED    26   HIGHEST GUST DIRECTION    NE (40)
  AVERAGE WIND SPEED    16.0


SKY COVER
  POSSIBLE SUNSHINE  MM
  AVERAGE SKY COVER 0.4


WEATHER CONDITIONS
 THE FOLLOWING WEATHER WAS RECORDED TODAY.
  RAIN


RELATIVE HUMIDITY (PERCENT)
 HIGHEST    82           300 AM
 LOWEST     57          1200 PM
 AVERAGE    70

..........................................................


THE LIHUE HI CLIMATE NORMALS FOR TOMORROW
                         NORMAL    RECORD    YEAR
 MAXIMUM TEMPERATURE (F)   85        88      2008
                                             1982
 MINIMUM TEMPERATURE (F)   75        67      1968


SUNRISE AND SUNSET
AUGUST  3 2015........SUNRISE   611 AM HST   SUNSET   716 PM HST
AUGUST  4 2015........SUNRISE   611 AM HST   SUNSET   716 PM HST


-  INDICATES NEGATIVE NUMBERS.
R  INDICATES RECORD WAS SET OR TIED.
MM INDICATES DATA IS MISSING.
T  INDICATES TRACE AMOUNT.




$$
