000
CDHW41 PHFO 241245
CLILIH


CLIMATE REPORT
NATIONAL WEATHER SERVICE HONOLULU HI
245 AM HST TUE MAY 24 2016


...................................

...THE LIHUE HI CLIMATE SUMMARY FOR MAY 23 2016...

CLIMATE NORMAL PERIOD 1981 TO 2010
CLIMATE RECORD PERIOD 1946 TO 2016


WEATHER ITEM   OBSERVED TIME   RECORD YEAR NORMAL DEPARTURE LAST
                VALUE   (LST)  VALUE       VALUE  FROM      YEAR
                                                  NORMAL
..................................................................
TEMPERATURE (F)
 YESTERDAY
  MAXIMUM         83   1200 PM  85    2004  82      1       80
                                      1981
                                      1957
  MINIMUM         74    618 AM  61    1959  71      3       68
  AVERAGE         79                        76      3       74

PRECIPITATION (IN)
  YESTERDAY        T             0.74 1978   0.05  -0.05     0.00
  MONTH TO DATE    0.85                      1.65  -0.80     0.55
  SINCE MAR 1      4.31                      8.51  -4.20     3.67
  SINCE JAN 1      5.48                     15.42  -9.94     5.58

SNOWFALL (IN)
  YESTERDAY        0.0
  MONTH TO DATE    0.0
  SINCE MAR 1      0.0
  SINCE JUL 1      0.0
  SNOW DEPTH       0

DEGREE DAYS
 HEATING
  YESTERDAY        0                         0      0        0
  MONTH TO DATE    0                         0      0        0
  SINCE MAR 1      0                         0      0        0
  SINCE JUL 1      0                         0      0        0

 COOLING
  YESTERDAY       14                        11      3        9
  MONTH TO DATE  291                       240     51      283
  SINCE MAR 1    859                       749    110      888
  SINCE JAN 1   1314                      1144    170     1344
..................................................................


WIND (MPH)
  HIGHEST WIND SPEED    18   HIGHEST WIND DIRECTION    NE (40)
  HIGHEST GUST SPEED    24   HIGHEST GUST DIRECTION    NE (60)
  AVERAGE WIND SPEED    12.8


SKY COVER
  POSSIBLE SUNSHINE  MM
  AVERAGE SKY COVER 0.5


WEATHER CONDITIONS
 THE FOLLOWING WEATHER WAS RECORDED YESTERDAY.
  LIGHT RAIN


RELATIVE HUMIDITY (PERCENT)
 HIGHEST    84           600 AM
 LOWEST     58           100 PM
 AVERAGE    71

..........................................................


THE LIHUE HI CLIMATE NORMALS FOR TODAY
                         NORMAL    RECORD    YEAR
 MAXIMUM TEMPERATURE (F)   82        85      1996
                                             1981
 MINIMUM TEMPERATURE (F)   71        62      1985


SUNRISE AND SUNSET
MAY 24 2016...........SUNRISE   555 AM HST   SUNSET   714 PM HST
MAY 25 2016...........SUNRISE   555 AM HST   SUNSET   714 PM HST


-  INDICATES NEGATIVE NUMBERS.
R  INDICATES RECORD WAS SET OR TIED.
MM INDICATES DATA IS MISSING.
T  INDICATES TRACE AMOUNT.




$$
