000
CDHW41 PHFO 290232
CLILIH


CLIMATE REPORT
NATIONAL WEATHER SERVICE HONOLULU HI
429 PM HST WED JUN 28 2017


...................................

...THE LIHUE HI CLIMATE SUMMARY FOR JUNE 28 2017...
VALID TODAY AS OF 0400 PM LOCAL TIME.

CLIMATE NORMAL PERIOD 1981 TO 2010
CLIMATE RECORD PERIOD 1946 TO 2017


WEATHER ITEM   OBSERVED TIME   RECORD YEAR NORMAL DEPARTURE LAST
                VALUE   (LST)  VALUE       VALUE  FROM      YEAR
                                                  NORMAL
..................................................................
TEMPERATURE (F)
 TODAY
  MAXIMUM         87    241 PM  88    1982  84      3       82
  MINIMUM         76    215 AM  66    1951  74      2       72
  AVERAGE         82                        79      3       77

PRECIPITATION (IN)
  TODAY            T             0.64 2001   0.06  -0.06      T
  MONTH TO DATE    0.74                      1.50  -0.76     1.08
  SINCE JUN 1      0.74                      1.50  -0.76     1.08
  SINCE JAN 1     15.30                     17.34  -2.04     7.52

SNOWFALL (IN)
  TODAY            0.0
  MONTH TO DATE    0.0
  SINCE JUN 1      0.0
  SINCE JUL 1      0.0
  SNOW DEPTH      MM

DEGREE DAYS
 HEATING
  TODAY            0                         0      0        0
  MONTH TO DATE    0                         0      0        0
  SINCE JUN 1      0                         0      0        0
  SINCE JUL 1      0                         0      0        0

 COOLING
  TODAY           17                        14      3       12
  MONTH TO DATE  366                       367     -1      318
  SINCE JUN 1    366                       367     -1      318
  SINCE JAN 1   1834                      1606    228     1720
..................................................................


WIND (MPH)
  HIGHEST WIND SPEED    22   HIGHEST WIND DIRECTION    NE (50)
  HIGHEST GUST SPEED    26   HIGHEST GUST DIRECTION    NE (60)
  AVERAGE WIND SPEED    MM


SKY COVER
  POSSIBLE SUNSHINE  MM
  AVERAGE SKY COVER  MM


WEATHER CONDITIONS
 THE FOLLOWING WEATHER WAS RECORDED TODAY.
  NO SIGNIFICANT WEATHER WAS OBSERVED.


RELATIVE HUMIDITY (PERCENT)
 HIGHEST    MM
 LOWEST     MM
 AVERAGE    MM

..........................................................


THE LIHUE HI CLIMATE NORMALS FOR TOMORROW
                         NORMAL    RECORD    YEAR
 MAXIMUM TEMPERATURE (F)   84        88      1981
 MINIMUM TEMPERATURE (F)   74        64      1950


SUNRISE AND SUNSET
JUNE 28 2017..........SUNRISE   557 AM HST   SUNSET   725 PM HST
JUNE 29 2017..........SUNRISE   557 AM HST   SUNSET   725 PM HST


-  INDICATES NEGATIVE NUMBERS.
R  INDICATES RECORD WAS SET OR TIED.
MM INDICATES DATA IS MISSING.
T  INDICATES TRACE AMOUNT.




$$
