000
CDHW41 PHFO 290237
CLILIH


CLIMATE REPORT
NATIONAL WEATHER SERVICE HONOLULU HI
437 PM HST WED JAN 28 2015


...................................

...THE LIHUE HI CLIMATE SUMMARY FOR JANUARY 28 2015...
VALID TODAY AS OF 0400 PM LOCAL TIME.

CLIMATE NORMAL PERIOD 1981 TO 2010
CLIMATE RECORD PERIOD 1946 TO 2015


WEATHER ITEM   OBSERVED TIME   RECORD YEAR NORMAL DEPARTURE LAST
                VALUE   (LST)  VALUE       VALUE  FROM      YEAR
                                                  NORMAL
..................................................................
TEMPERATURE (F)
 TODAY
  MAXIMUM         81    142 PM  82    1993  78      3       73
  MINIMUM         63    542 AM  57    1998  65     -2       63
                                      1983
                                      1954
  AVERAGE         72                        72      0       68

PRECIPITATION (IN)
  TODAY            0.00          6.06 1988   0.12  -0.12     0.30
  MONTH TO DATE    1.16                      3.40  -2.24     1.43
  SINCE DEC 1      2.56                      8.60  -6.04     6.71
  SINCE JAN 1      1.16                      3.40  -2.24     1.43

SNOWFALL (IN)
  TODAY            0.0
  MONTH TO DATE    0.0
  SINCE DEC 1      0.0
  SINCE JUL 1      0.0
  SNOW DEPTH       0

DEGREE DAYS
 HEATING
  TODAY            0                         0      0        0
  MONTH TO DATE    0                         0      0        0
  SINCE DEC 1      0                         0      0        0
  SINCE JUL 1      0                         0      0        0

 COOLING
  TODAY            7                         7      0        3
  MONTH TO DATE  190                       196     -6      177
  SINCE DEC 1    406                       450    -44      462
  SINCE JAN 1    190                       196     -6      177
..................................................................


WIND (MPH)
  HIGHEST WIND SPEED    15   HIGHEST WIND DIRECTION     S (170)
  HIGHEST GUST SPEED    17   HIGHEST GUST DIRECTION     S (180)
  AVERAGE WIND SPEED     7.2


SKY COVER
  POSSIBLE SUNSHINE  MM
  AVERAGE SKY COVER 0.3


WEATHER CONDITIONS
 THE FOLLOWING WEATHER WAS RECORDED TODAY.
  NO SIGNIFICANT WEATHER WAS OBSERVED.


RELATIVE HUMIDITY (PERCENT)
 HIGHEST    87           300 AM
 LOWEST     58           300 PM
 AVERAGE    73

..........................................................


THE LIHUE HI CLIMATE NORMALS FOR TOMORROW
                         NORMAL    RECORD    YEAR
 MAXIMUM TEMPERATURE (F)   78        83      1992
                                             1981
                                             1980
 MINIMUM TEMPERATURE (F)   65        56      1971


SUNRISE AND SUNSET
JANUARY 28 2015.......SUNRISE   717 AM HST   SUNSET   624 PM HST
JANUARY 29 2015.......SUNRISE   717 AM HST   SUNSET   625 PM HST


-  INDICATES NEGATIVE NUMBERS.
R  INDICATES RECORD WAS SET OR TIED.
MM INDICATES DATA IS MISSING.
T  INDICATES TRACE AMOUNT.




$$
